NOAA-Style Climate Reports

Select a Year or Month report
2021: Jan Feb Mar Apr May Jun Jul Aug Sep Oct Nov Dec
2020: Jan Feb Mar Apr May Jun Jul Aug Sep Oct Nov Dec
2019: Jan Feb Mar Apr May Jun Jul Aug Sep Oct Nov Dec
2018: Jan Feb Mar Apr May Jun Jul Aug Sep Oct Nov Dec
2017: Jan Feb Mar Apr May Jun Jul Aug Sep Oct Nov Dec
2016: Jan Feb Mar Apr May Jun Jul Aug Sep Oct Nov Dec
2015: Jan Feb Mar Apr May Jun Jul Aug Sep Oct Nov Dec
2014: Jan Feb Mar Apr May Jun Jul Aug Sep Oct Nov Dec
2013: Jan Feb Mar Apr May Jun Jul Aug Sep Oct Nov Dec
2012: Jan Feb Mar Apr May Jun Jul Aug Sep Oct Nov Dec
2011: Jan Feb Mar Apr May Jun Jul Aug Sep Oct Nov Dec
2010: Jan Feb Mar Apr May Jun Jul Aug Sep Oct Nov Dec
2009: Jan Feb Mar Apr May Jun Jul Aug Sep Oct Nov Dec
2008: Jan Feb Mar Apr May Jun Jul Aug Sep Oct Nov Dec
2007: Jan Feb Mar Apr May Jun Jul Aug Sep Oct Nov Dec
2006: Jan Feb Mar Apr May Jun Jul Aug Sep Oct Nov Dec
2005: Jan Feb Mar Apr May Jun Jul Aug Sep Oct Nov Dec
2004: Jan Feb Mar Apr May Jun Jul Aug Sep Oct Nov Dec

Report for 2004 December
                  MONTHLY CLIMATOLOGICAL SUMMARY FOR 12/2004
                                        HEAT  COOL        
     MEAN                               DEG   DEG       WIND SPEED       DOM MEAN  MEAN
DAY  TEMP  HIGH   TIME     LOW   TIME   DAYS  DAYS RAIN AVG  HI  TIME    DIR BAROM HUM
---------------------------------------------------------------------------------------
1    43.7  54.4   2:54pm  33.8   6:21am   21    0  0.00   0  11  11:58am   N 30.23   62
2    44.4  55.1   3:01pm  34.3   7:34am   21    0  0.00   1  19   3:22pm   W 30.19   59
3    45.1  56.7   3:22pm  34.3   7:23am   20    0  0.00   1  12   3:46am   W 30.12   48
4    44.2  55.0  12:31pm  32.5   7:11am   21    0  0.00   1  12   7:15pm SSE 29.81   60
5    45.8  54.4   3:01pm  38.5   3:10am   19    0  0.00   2  18  11:04am NNE 29.74   66
6    49.1  56.7  12:22pm  39.6   5:24am   16    0  0.16   4  28   9:38pm SSE 29.90   72
7    52.7  56.5  11:25am  47.9  12:06am   12    0  0.40   3  34   1:15am SSE 29.88   81
8    54.7  59.2  11:55am  50.5   3:57am   10    0  0.53   5  22   3:17am SSE 30.04   89
9    55.8  64.3   1:20pm  48.8  11:54pm    9    0  0.00   0   8   1:14am SSE 30.26   84
10   53.0  61.6   3:35pm  47.6   2:34am   12    0  0.00   0   6  10:58am   N 30.17   86
11   51.7  59.9   2:53pm  45.8  11:54pm   13    0  0.01   1  10  12:08pm NNW 30.00   86
12    0.0  51.4  12:00am  51.4  12:00am    0    0  0.00   0   7  12:00am ---  0.00    0
13   54.5  62.7  11:02am  46.4  10:18pm   11    0  0.00   0  10   4:00pm SSE 30.23   81
14   52.2  56.3   1:56pm  46.1   2:50am   13    0  0.00   1  11  12:02pm  NW 30.34   84
15   54.6  63.5   2:37pm  44.8  12:42am   10    0  0.00   3  16   9:00am   W 30.25   63
16   50.4  60.2   2:45pm  42.2   3:34am   15    0  0.00   1  17  10:49am   W 30.30   72
17   48.1  61.6   3:22pm  38.5   7:02am   17    0  0.00   1  11  12:44pm NNW 30.36   73
18   48.5  62.1   3:24pm  38.5   6:15am   16    0  0.00   1   8  12:31pm  NW 30.27   63
19   47.4  60.1   3:32pm  38.6   6:12am   18    0  0.00   0  10  11:33am WNW 30.21   72
20   43.4  50.2   2:21pm  38.0   4:52am   22    0  0.00   1  10  11:03am  NW 30.03   87
21   49.3  61.5   1:40pm  39.2   3:59am   16    0  0.00   1  16  11:35am   W 30.06   56
22   50.0  58.0   2:01pm  41.6  11:59pm   15    0  0.00   1  16  12:13pm  NW 30.12   50
23   50.6  58.7   3:30pm  41.5  12:07am   14    0  0.00   2  17   5:46am   W 30.18   42
24   46.9  58.9   2:17pm  37.9   7:36am   18    0  0.00   0   8   4:00pm  NW 30.25   54
25   45.0  59.5   2:42pm  34.7   7:20am   20    0  0.00   0  12   2:56pm  NW 30.07   74
26   49.6  51.0   2:24am  43.9  12:29am   15    0118.43   5  25  10:34am  SE 29.78   80
27   48.7  52.6  10:35am  44.8  11:37pm   16    0144.19   2  25   5:44am  SE 29.64   90
28   46.6  48.9   1:02pm  44.6   2:32am   18    0  0.10   1  14   5:04pm SSE 29.66   91
29   48.9  55.6  12:45pm  43.9   8:12am   16    0  0.52   3  24   5:50pm  SE 29.66   82
30   50.1  52.5   2:32pm  46.8  11:02pm   14    0  1.11   1  29   5:31am  SE 29.75   89
31   47.7  53.8  10:51am  42.9  10:37pm   17    0  0.39   1  12   4:51pm SSE 29.77   85
---------------------------------------------------------------------------------------
TOT  49.1  64.3  12/9/04  32.5  12/4/04  476    0265.96   1  34  12/7/04 SSE 30.04   73

HEAT BASE: 65.0
COOL BASE: 65.0