NOAA-Style Climate Reports

Select a Year or Month report
2021: Jan Feb Mar Apr May Jun Jul Aug Sep Oct Nov Dec
2020: Jan Feb Mar Apr May Jun Jul Aug Sep Oct Nov Dec
2019: Jan Feb Mar Apr May Jun Jul Aug Sep Oct Nov Dec
2018: Jan Feb Mar Apr May Jun Jul Aug Sep Oct Nov Dec
2017: Jan Feb Mar Apr May Jun Jul Aug Sep Oct Nov Dec
2016: Jan Feb Mar Apr May Jun Jul Aug Sep Oct Nov Dec
2015: Jan Feb Mar Apr May Jun Jul Aug Sep Oct Nov Dec
2014: Jan Feb Mar Apr May Jun Jul Aug Sep Oct Nov Dec
2013: Jan Feb Mar Apr May Jun Jul Aug Sep Oct Nov Dec
2012: Jan Feb Mar Apr May Jun Jul Aug Sep Oct Nov Dec
2011: Jan Feb Mar Apr May Jun Jul Aug Sep Oct Nov Dec
2010: Jan Feb Mar Apr May Jun Jul Aug Sep Oct Nov Dec
2009: Jan Feb Mar Apr May Jun Jul Aug Sep Oct Nov Dec
2008: Jan Feb Mar Apr May Jun Jul Aug Sep Oct Nov Dec
2007: Jan Feb Mar Apr May Jun Jul Aug Sep Oct Nov Dec
2006: Jan Feb Mar Apr May Jun Jul Aug Sep Oct Nov Dec
2005: Jan Feb Mar Apr May Jun Jul Aug Sep Oct Nov Dec
2004: Jan Feb Mar Apr May Jun Jul Aug Sep Oct Nov Dec

Report for 2006 June
                  MONTHLY CLIMATOLOGICAL SUMMARY FOR 6/2006
                                        HEAT  COOL        
     MEAN                               DEG   DEG       WIND SPEED       DOM MEAN  MEAN
DAY  TEMP  HIGH   TIME     LOW   TIME   DAYS  DAYS RAIN AVG  HI  TIME    DIR BAROM HUM
---------------------------------------------------------------------------------------
1    66.9  79.2   1:30pm  54.7   3:30am    3    5  0.00   1  20   4:30pm   N 29.67   68
2    67.3  79.0   1:30pm  56.0   6:00am    2    5  0.00   1  16   2:30pm   N 29.74   71
3    70.6  86.5   4:30pm  56.3   5:30am    2    7  0.00   1  14   4:30pm  NE 29.70   57
4    66.9  77.6   5:00pm  56.9   5:30am    3    4  0.00   2  13   3:30pm   N 29.64   66
5    61.1  69.8   2:30pm  50.7   3:30am    5    1  0.00   1  12  12:00pm   N 29.60   70
6    64.7  77.4   4:00pm  53.5   6:30am    4    4  0.00   1  11   2:30pm   N 29.58   64
7    63.5  74.0   4:30pm  49.4   6:00am    5    3  0.00   1  12   1:30pm   N 29.60   61
8    61.3  71.8   5:30pm  47.6   6:00am    5    2  0.00   1  13   2:00pm   N 29.60   63
9    61.2  76.8   2:00pm  47.9   6:00am    6    3  0.00   1  12   3:00pm   N 29.56   67
10   59.7  70.3  12:30pm  48.0   5:00am    6    1  0.00   1  12   1:00pm   N 29.51   69
11   62.1  71.6  11:49am  55.0   5:31am    4    1  0.00   1  14   3:36pm  NE 29.45   66
12   61.5  71.8   4:50pm  56.2   6:21am    4    1  0.00   0  11  11:02am SSE 29.59   62
13   59.4  68.6   6:11pm  51.3   2:48am    6    0  0.00   1  16   6:37pm   W 29.75   67
14   60.8  72.0   4:24pm  49.6   5:03am    5    1  0.00   2  14   5:18pm   N 29.76   66
15   66.3  79.6   4:00pm  50.7   6:00am    3    5  0.00   2  16   3:00pm  NW 29.64   58
16   74.6  94.9   4:45pm  54.5   5:00am    3   12  0.00   2  19   7:21pm   N 29.61   52
17   70.4  85.9   2:53pm  54.5   5:54am    2    8  0.00   1  11  10:52am   N 29.62   58
18   65.5  77.7  12:54pm  50.5   6:09am    4    5  0.00   1  12   2:40pm   N 29.60   57
19   63.6  77.7   1:43pm  48.2   5:55am    5    4  0.00   1  13   2:10pm   N 29.60   62
20   69.8  89.0   3:48pm  52.0   5:41am    3    8  0.00   1  12   3:55pm   N 29.59   58
21   76.0  97.8   5:20pm  54.2   5:50am    3   14  0.00   1  14   3:21pm NNE 29.57   44
22   80.9 101.0   3:53pm  61.5   5:55am    0   16  0.00   1  16   4:48pm   N 29.58   35
23   71.5  89.0  12:48pm  56.0   5:22am    2    8  0.00   1  12   3:35pm   N 29.61   58
24   69.7  84.1   3:07pm  56.7   4:31am    2    7  0.00   1  10   1:17pm   N 29.62   67
25   70.2  84.3   3:40pm  60.1   1:46am    1    7  0.00   1  10   3:17pm   N 29.61   67
26   70.3  86.1   4:28pm  58.9   5:09am    2    7  0.00   1   8   4:03pm   N 29.54   68
27   68.7  79.9  12:57pm  59.0   5:27am    1    5  0.00   1  10   1:35pm   N 29.54   71
28   68.3  79.9  11:49am  60.9  11:50pm    1    5  0.00   1  13  12:41pm   N 29.62   70
29   68.4  82.4   4:27pm  58.6   1:38am    2    5  0.00   1  10  12:25pm   N 29.70   69
30   64.8  72.0   2:23pm  56.3  11:54pm    2    2  0.00   3  12  12:50pm   N 29.71   68
---------------------------------------------------------------------------------------
TOT  66.9 101.0  6/22/06  47.6   6/8/06   99  155  0.00   1  20   6/1/06   N 29.62   63

HEAT BASE: 65.0
COOL BASE: 65.0