NOAA-Style Climate Reports

Select a Year or Month report
2021: Jan Feb Mar Apr May Jun Jul Aug Sep Oct Nov Dec
2020: Jan Feb Mar Apr May Jun Jul Aug Sep Oct Nov Dec
2019: Jan Feb Mar Apr May Jun Jul Aug Sep Oct Nov Dec
2018: Jan Feb Mar Apr May Jun Jul Aug Sep Oct Nov Dec
2017: Jan Feb Mar Apr May Jun Jul Aug Sep Oct Nov Dec
2016: Jan Feb Mar Apr May Jun Jul Aug Sep Oct Nov Dec
2015: Jan Feb Mar Apr May Jun Jul Aug Sep Oct Nov Dec
2014: Jan Feb Mar Apr May Jun Jul Aug Sep Oct Nov Dec
2013: Jan Feb Mar Apr May Jun Jul Aug Sep Oct Nov Dec
2012: Jan Feb Mar Apr May Jun Jul Aug Sep Oct Nov Dec
2011: Jan Feb Mar Apr May Jun Jul Aug Sep Oct Nov Dec
2010: Jan Feb Mar Apr May Jun Jul Aug Sep Oct Nov Dec
2009: Jan Feb Mar Apr May Jun Jul Aug Sep Oct Nov Dec
2008: Jan Feb Mar Apr May Jun Jul Aug Sep Oct Nov Dec
2007: Jan Feb Mar Apr May Jun Jul Aug Sep Oct Nov Dec
2006: Jan Feb Mar Apr May Jun Jul Aug Sep Oct Nov Dec
2005: Jan Feb Mar Apr May Jun Jul Aug Sep Oct Nov Dec
2004: Jan Feb Mar Apr May Jun Jul Aug Sep Oct Nov Dec

Report for 2006 August
                  MONTHLY CLIMATOLOGICAL SUMMARY FOR 8/2006
                                        HEAT  COOL        
     MEAN                               DEG   DEG       WIND SPEED       DOM MEAN  MEAN
DAY  TEMP  HIGH   TIME     LOW   TIME   DAYS  DAYS RAIN AVG  HI  TIME    DIR BAROM HUM
---------------------------------------------------------------------------------------
1    64.6  79.0   2:12pm  49.9   6:21am    4    4  0.00   1  12   2:36pm   N 29.58   63
2    65.5  79.6   1:49pm  52.2   6:23am    4    5  0.00   1  13   5:11pm   N 29.60   66
3    65.4  81.6   2:05pm  50.7   6:22am    4    5  0.00   1  10   2:14pm NNE 29.50   67
4    67.8  80.9   2:37pm  57.2   5:00am    2    5  0.00   1  14   2:53pm  SE 29.53   60
5    67.0  76.8   1:57pm  56.2   5:40am    2    4  0.00   2  12   1:06pm   N 29.61   64
6    65.0  75.3   5:35pm  54.8   5:59am    3    3  0.00   2  13   6:22pm  NE 29.59   64
7    63.9  71.5   4:37pm  58.0  11:52pm    3    2  0.00   2  14   5:49pm WSW 29.66   65
8    67.3  84.5   5:20pm  57.3  12:27am    3    5  0.00   1  11   3:27pm WSW 29.70   61
9    76.7  96.1   4:36pm  58.7   6:08am    1   13  0.00   1  17   3:53pm  SW 29.59   47
10   71.3  84.1   2:09pm  58.9   6:25am    1    7  0.00   1  11   2:14pm   N 29.56   61
11   64.9  76.3  11:57am  53.5   5:22am    3    3  0.00   1  13   2:42pm   N 29.57   70
12   65.9  79.4   2:41pm  56.0   3:06am    3    4  0.00   1  11   3:02pm   N 29.50   66
13   65.3  77.6   4:18pm  56.6   4:08am    3    3  0.00   1  12   3:39pm   N 29.50   68
14   64.5  73.2  12:25pm  55.7   3:31am    3    2  0.00   1  12  12:40pm   N 29.60   67
15   65.5  77.2   1:04pm  59.5  10:35pm    2    3  0.00   1  12   2:09pm   N 29.61   68
16   63.9  76.3  12:55pm  53.3  11:57pm    4    3  0.00   1  12   1:32pm   N 29.61   65
17   63.5  80.5   3:06pm  46.2   6:33am    6    4  0.00   0  11   3:31pm   N 29.63   59
18   64.6  78.5   5:36pm  52.8   4:20am    4    4  0.00   1  11   2:53pm   N 29.63   70
19   63.7  74.7   1:34pm  56.9   5:38am    4    3  0.00   1  10   2:00pm   N 29.61   71
20   62.2  71.1   1:46pm  57.3   4:37am    4    1  0.00   1  13   2:31pm   N 29.61   72
21   62.5  73.9   4:41pm  55.0  11:58pm    4    2  0.00   1  11  12:35pm   N 29.63   71
22   64.6  81.6   2:20pm  51.3   5:56am    5    5  0.00   1  10   3:10pm   N 29.63   68
23   65.2  80.1   2:18pm  55.1   2:03am    4    4  0.00   1   8  12:51pm   N 29.64   69
24   62.5  75.3  12:20pm  51.0   2:32am    5    3  0.00   1  11  12:42pm   N 29.52   72
25   63.6  75.6   3:32pm  56.2   5:25am    4    3  0.00   2  11   4:16pm   N 29.49   70
26   64.1  75.1   2:04pm  55.7   3:48am    4    3  0.00   1  12   4:02pm   N 29.54   69
27   65.5  78.8   3:44pm  56.7  11:57pm    3    3  0.00   1  10  12:15pm   N 29.58   71
28   63.7  76.1   2:05pm  55.1   1:11am    4    3  0.00   1   8   1:07pm   N 29.56   72
29   61.5  71.5   2:06pm  53.9  11:54pm    5    1  0.00   1  12   2:58pm   N 29.54   73
30   65.1  84.5   4:45pm  48.9   5:11am    5    6  0.00   1  11   1:59pm   N 29.48   64
31   69.9  87.4   1:07pm  53.5   6:12am    3    8  0.00   1  11   3:47pm NNE 29.47   53
---------------------------------------------------------------------------------------
TOT  65.4  96.1   8/9/06  46.2  8/17/06  112  123  0.00   1  17   8/9/06   N 29.58   66

HEAT BASE: 65.0
COOL BASE: 65.0