NOAA-Style Climate Reports

Select a Year or Month report
2021: Jan Feb Mar Apr May Jun Jul Aug Sep Oct Nov Dec
2020: Jan Feb Mar Apr May Jun Jul Aug Sep Oct Nov Dec
2019: Jan Feb Mar Apr May Jun Jul Aug Sep Oct Nov Dec
2018: Jan Feb Mar Apr May Jun Jul Aug Sep Oct Nov Dec
2017: Jan Feb Mar Apr May Jun Jul Aug Sep Oct Nov Dec
2016: Jan Feb Mar Apr May Jun Jul Aug Sep Oct Nov Dec
2015: Jan Feb Mar Apr May Jun Jul Aug Sep Oct Nov Dec
2014: Jan Feb Mar Apr May Jun Jul Aug Sep Oct Nov Dec
2013: Jan Feb Mar Apr May Jun Jul Aug Sep Oct Nov Dec
2012: Jan Feb Mar Apr May Jun Jul Aug Sep Oct Nov Dec
2011: Jan Feb Mar Apr May Jun Jul Aug Sep Oct Nov Dec
2010: Jan Feb Mar Apr May Jun Jul Aug Sep Oct Nov Dec
2009: Jan Feb Mar Apr May Jun Jul Aug Sep Oct Nov Dec
2008: Jan Feb Mar Apr May Jun Jul Aug Sep Oct Nov Dec
2007: Jan Feb Mar Apr May Jun Jul Aug Sep Oct Nov Dec
2006: Jan Feb Mar Apr May Jun Jul Aug Sep Oct Nov Dec
2005: Jan Feb Mar Apr May Jun Jul Aug Sep Oct Nov Dec
2004: Jan Feb Mar Apr May Jun Jul Aug Sep Oct Nov Dec

Report for 2006 November
                  MONTHLY CLIMATOLOGICAL SUMMARY FOR 11/2006
                                        HEAT  COOL        
     MEAN                               DEG   DEG       WIND SPEED       DOM MEAN  MEAN
DAY  TEMP  HIGH   TIME     LOW   TIME   DAYS  DAYS RAIN AVG  HI  TIME    DIR BAROM HUM
---------------------------------------------------------------------------------------
1    55.1  67.4   2:40pm  44.2  12:21am   10    0  0.00   0   8   2:42pm NNE 29.69   68
2    60.9  68.9   2:15pm  53.9   2:30am    4    0  0.00   2  19  12:53pm SSE 29.67   81
3    60.9  67.9   2:04pm  55.7  11:33pm    4    0  0.00   0   8   2:10pm WNW 29.73   87
4    58.2  66.6   2:33pm  50.8  11:59pm    7    0  0.00   1  11   2:55pm NNE 29.83   80
5    58.0  69.4   2:54pm  48.9   4:46am    8    1  0.00   0  13   2:02pm NNE 29.85   77
6    62.3  74.7   3:40pm  53.2   5:52am    5    2  0.00   0  13   1:50pm   N 29.83   74
7    61.8  71.8   2:37pm  54.7   4:15am    5    2  0.00   1  10  10:18am   N 29.73   80
8    59.4  65.2  11:06am  53.5  11:59pm    6    0  0.00   3  25  12:26pm WNW 29.61   66
9    52.9  61.8   2:36pm  43.5   5:47am   12    0  0.00   1  17   1:47pm WNW 29.73   61
10   51.2  63.2   1:28pm  41.2   4:45am   14    0  0.00   0   6  12:08pm   N 29.73   61
11   51.4  58.3  12:32pm  46.1  12:18am   14    0  0.00   1  17   3:22pm WNW 29.69   75
12   53.3  60.4   3:04pm  42.9   6:18am   12    0  0.00   1  10   6:44am   W 29.78   49
13   56.2  60.9   1:37pm  51.0   2:52am    9    0  0.00   3  18   4:57am SSE 29.70   76
14   55.0  60.9   1:57pm  46.5  11:48pm   10    0  0.00   1  11  10:14am   N 29.74   79
15   52.8  65.2   2:52pm  43.8   4:04am   12    0  0.00   0  13  10:17am   N 29.71   78
16   56.0  68.1   1:19pm  46.1   4:54am    9    0  0.00   0   7   2:58pm   N 29.67   78
17   57.4  62.7   2:27pm  50.7  11:56pm    8    0  0.00   0   7   3:40am  NW 29.71   86
18   55.7  67.1   3:36pm  45.7   6:57am    9    0  0.00   0  10   2:02pm   N 29.74   78
19   54.4  65.0   3:10pm  48.5   6:23am   11    0  0.00   0   7  11:34am  NW 29.76   87
20   55.4  65.0   1:44pm  49.1   5:31am   10    0  0.00   0   7   2:02pm   N 29.71   86
21   56.4  64.7   1:52pm  47.6  11:58pm    9    0  0.00   0   8   2:31am WNW 29.72   81
22   52.9  63.1   2:08pm  44.6   5:48am   12    0  0.00   0   8  10:32pm WNW 29.78   75
23   49.4  58.1   3:02pm  39.3  11:53pm   16    0  0.00   1  16   2:47pm WNW 29.87   71
24   46.0  56.2   2:19pm  36.0   6:14am   19    0  0.00   1  11  12:36pm   N 29.74   70
25   49.7  59.2   2:19pm  40.5   6:38am   15    0  0.00   0  17   2:26pm   W 29.67   72
26   47.1  53.1  11:50am  40.8   3:03am   18    0  0.00   2  18   3:11pm SSE 29.60   81
27   47.1  54.4  12:28pm  37.8  11:38pm   18    0  0.00   1  21   1:56pm   W 29.64   79
28   44.3  52.8  12:37pm  36.2   3:28am   21    0  0.00   2  20   1:00pm WNW 29.78   71
29   44.6  52.0   2:42pm  35.6   5:16am   20    0  0.00   1  17  12:37pm WNW 29.92   50
30   44.0  55.6   3:06pm  34.1   5:26am   21    0  0.00   1   7   9:23am NNE 30.03   55
---------------------------------------------------------------------------------------
TOT  53.7  74.7  11/6/06  34.1 11/30/06  346    6  0.00   1  25  11/8/06 WNW 29.74   74

HEAT BASE: 65.0
COOL BASE: 65.0