NOAA-Style Climate Reports

Select a Year or Month report
2021: Jan Feb Mar Apr May Jun Jul Aug Sep Oct Nov Dec
2020: Jan Feb Mar Apr May Jun Jul Aug Sep Oct Nov Dec
2019: Jan Feb Mar Apr May Jun Jul Aug Sep Oct Nov Dec
2018: Jan Feb Mar Apr May Jun Jul Aug Sep Oct Nov Dec
2017: Jan Feb Mar Apr May Jun Jul Aug Sep Oct Nov Dec
2016: Jan Feb Mar Apr May Jun Jul Aug Sep Oct Nov Dec
2015: Jan Feb Mar Apr May Jun Jul Aug Sep Oct Nov Dec
2014: Jan Feb Mar Apr May Jun Jul Aug Sep Oct Nov Dec
2013: Jan Feb Mar Apr May Jun Jul Aug Sep Oct Nov Dec
2012: Jan Feb Mar Apr May Jun Jul Aug Sep Oct Nov Dec
2011: Jan Feb Mar Apr May Jun Jul Aug Sep Oct Nov Dec
2010: Jan Feb Mar Apr May Jun Jul Aug Sep Oct Nov Dec
2009: Jan Feb Mar Apr May Jun Jul Aug Sep Oct Nov Dec
2008: Jan Feb Mar Apr May Jun Jul Aug Sep Oct Nov Dec
2007: Jan Feb Mar Apr May Jun Jul Aug Sep Oct Nov Dec
2006: Jan Feb Mar Apr May Jun Jul Aug Sep Oct Nov Dec
2005: Jan Feb Mar Apr May Jun Jul Aug Sep Oct Nov Dec
2004: Jan Feb Mar Apr May Jun Jul Aug Sep Oct Nov Dec

Report for 2007 June
                  MONTHLY CLIMATOLOGICAL SUMMARY FOR 6/2007
                                        HEAT  COOL        
     MEAN                               DEG   DEG       WIND SPEED       DOM MEAN  MEAN
DAY  TEMP  HIGH   TIME     LOW   TIME   DAYS  DAYS RAIN AVG  HI  TIME    DIR BAROM HUM
---------------------------------------------------------------------------------------
1    60.0  70.8   4:32pm  54.5  11:09pm    6    1  0.00   1  12   4:03pm   N 29.55   69
2    58.5  66.8   2:03pm  53.9   4:42am    7    0  0.00   2  12   4:06pm   N 29.58   73
3    61.9  73.2   2:54pm  50.2   2:22am    5    2  0.00   1  13   1:32pm   N 29.63   69
4    65.2  73.7  12:42pm  57.6   6:15am    3    3  0.00   1  12   1:04pm   N 29.64   67
5    60.3  66.3   1:52pm  54.4  11:56pm    5    0  0.00   5  26   2:29pm NNE 29.63   62
6    57.9  67.6   3:25pm  47.1   6:22am    7    0  0.00   3  22   9:28am NNE 29.66   52
7    61.4  76.5   4:00pm  45.7   5:22am    7    3  0.00   1  18   4:18pm NNE 29.61   48
8    58.7  72.0   4:44pm  45.7   4:58am    8    1  0.00   1  13   3:58pm   N 29.57   60
9    62.1  76.8   2:05pm  46.1   5:15am    6    3  0.00   1  11  12:56pm   N 29.58   63
10   63.9  76.0   2:16pm  53.1   4:26am    4    3  0.00   1  13   2:24pm   N 29.54   59
11   62.5  75.8   3:31pm  47.7   4:08am    6    3  0.00   1  12  12:00pm   N 29.49   54
12   65.8  85.1   3:07pm  46.1   5:37am    5    6  0.00   1  12  12:52pm   N 29.60   51
13   72.9  95.4   3:29pm  53.3   5:13am    3   11  0.00   1  12  10:38am   N 29.59   48
14   77.4  97.3   2:41pm  59.0   5:10am    1   13  0.00   1  12  10:09am   N 29.47   46
15   71.6  86.5   1:59pm  56.9   5:52am    2    9  0.00   1  11  12:52pm   N 29.45   55
16   63.0  72.8   1:59pm  53.9   4:25am    4    2  0.00   1  13   2:11pm   N 29.57   68
17   65.3  83.8   3:28pm  48.2   5:34am    5    6  0.00   1  11   4:13pm   N 29.52   61
18   67.9  86.7   3:42pm  50.4   6:03am    4    7  0.00   1  10  12:19pm   N 29.46   60
19   64.4  78.1   3:32pm  52.3   5:43am    4    4  0.00   1  11   1:13pm   N 29.57   65
20   61.0  73.7  12:38pm  48.6   5:57am    6    2  0.00   1  16   3:07pm   N 29.70   66
21   65.0  79.8   4:26pm  52.2   6:16am    4    4  0.00   1  12   3:17pm   N 29.71   59
22   65.5  79.2   6:18pm  49.2   5:57am    4    5  0.00   1  12   2:40pm   N 29.64   53
23   64.0  80.7   4:57pm  47.3   5:05am    5    4  0.00   1  14   4:54pm   N 29.58   48
24   62.3  76.8   1:29pm  47.0   5:42am    6    3  0.00   2  18   3:29pm NNE 29.60   48
25   67.0  88.2   4:46pm  47.0   5:21am    5    7  0.00   1  13   4:59pm   N 29.59   49
26   62.5  75.6   1:31pm  47.6   5:47am    5    3  0.00   1  12   5:15pm   N 29.62   60
27   63.8  77.4  11:44am  49.4   5:40am    5    4  0.00   1  13   3:13pm   N 29.68   58
28   64.7  75.1   3:13pm  53.1   5:41am    3    3  0.00   2  13   4:47pm   N 29.69   65
29   66.0  76.7   2:09pm  55.1  11:59pm    3    4  0.00   3  18   7:17pm NNE 29.69   63
30   62.5  74.2   4:55pm  49.5   5:41am    5    2  0.00   2  13  12:31pm   N 29.70   56
---------------------------------------------------------------------------------------
TOT  64.2  97.3  6/14/07  45.7   6/7/07  143  118  0.00   1  26   6/5/07   N 29.60   58

HEAT BASE: 65.0
COOL BASE: 65.0