NOAA-Style Climate Reports

Select a Year or Month report
2021: Jan Feb Mar Apr May Jun Jul Aug Sep Oct Nov Dec
2020: Jan Feb Mar Apr May Jun Jul Aug Sep Oct Nov Dec
2019: Jan Feb Mar Apr May Jun Jul Aug Sep Oct Nov Dec
2018: Jan Feb Mar Apr May Jun Jul Aug Sep Oct Nov Dec
2017: Jan Feb Mar Apr May Jun Jul Aug Sep Oct Nov Dec
2016: Jan Feb Mar Apr May Jun Jul Aug Sep Oct Nov Dec
2015: Jan Feb Mar Apr May Jun Jul Aug Sep Oct Nov Dec
2014: Jan Feb Mar Apr May Jun Jul Aug Sep Oct Nov Dec
2013: Jan Feb Mar Apr May Jun Jul Aug Sep Oct Nov Dec
2012: Jan Feb Mar Apr May Jun Jul Aug Sep Oct Nov Dec
2011: Jan Feb Mar Apr May Jun Jul Aug Sep Oct Nov Dec
2010: Jan Feb Mar Apr May Jun Jul Aug Sep Oct Nov Dec
2009: Jan Feb Mar Apr May Jun Jul Aug Sep Oct Nov Dec
2008: Jan Feb Mar Apr May Jun Jul Aug Sep Oct Nov Dec
2007: Jan Feb Mar Apr May Jun Jul Aug Sep Oct Nov Dec
2006: Jan Feb Mar Apr May Jun Jul Aug Sep Oct Nov Dec
2005: Jan Feb Mar Apr May Jun Jul Aug Sep Oct Nov Dec
2004: Jan Feb Mar Apr May Jun Jul Aug Sep Oct Nov Dec

Report for 2007 July
                  MONTHLY CLIMATOLOGICAL SUMMARY FOR 7/2007
                                        HEAT  COOL        
     MEAN                               DEG   DEG       WIND SPEED       DOM MEAN  MEAN
DAY  TEMP  HIGH   TIME     LOW   TIME   DAYS  DAYS RAIN AVG  HI  TIME    DIR BAROM HUM
---------------------------------------------------------------------------------------
1    62.7  77.9   4:13pm  48.3   6:02am    5    3  0.00   1  14   4:50pm   N 29.70   51
2    68.8  85.3   4:41pm  51.4   5:28am    4    7  0.00   1  16   4:46pm NNE 29.71   49
3    66.1  76.7   3:35pm  54.2   5:38am    3    4  0.00   1  12   2:28pm   N 29.70   68
4    72.0  91.8   3:41pm  52.6   5:22am    3   10  0.00   1  11   4:05pm   N 29.53   57
5    75.0  92.7   3:33pm  57.5   6:03am    1   11  0.00   1  10   3:04pm   N 29.46   56
6    69.3  82.6  11:42am  58.3   6:17am    2    6  0.00   1  11   2:04pm   N 29.49   64
7    63.0  76.0  12:33pm  56.2   6:31am    4    2  0.00   1  12   3:10pm   N 29.58   68
8    65.8  83.8   2:29pm  52.3   6:22am    4    5  0.00   1  12   3:38pm   N 29.50   65
9    65.7  76.3   4:09pm  56.3   3:09am    3    4  0.00   1  11  12:58pm   N 29.51   66
10   65.0  76.5   2:08pm  56.0   2:48am    3    3  0.00   1  11   2:19pm   N 29.55   69
11   67.4  77.0   1:48pm  58.7   6:23am    2    4  0.00   2  19   2:08pm   N 29.63   61
12   65.8  75.1   4:55pm  55.0   5:48am    3    4  0.00   1  13   4:09pm   N 29.68   60
13   67.5  80.7   4:26pm  54.7   6:09am    3    5  0.00   2  12   2:42pm   N 29.69   63
14   66.1  77.7   1:39pm  55.3   6:21am    2    3  0.00   1  11   1:28pm   N 29.68   72
15   68.7  80.5   5:56pm  58.3   2:34am    2    5  0.00   2  14   5:50pm   N 29.64   65
16   65.1  75.4   4:19pm  54.8   5:19am    3    3  0.00   2  14   6:47pm   N 29.60   64
17   66.4  78.5   5:58pm  53.8   3:29am    3    5  0.00   1  14   5:27pm   N 29.55   64
18   67.0  74.7   5:16pm  57.5  11:57pm    0    3  0.03   1  16   7:43pm   N 29.58   69
19   66.2  79.9   3:54pm  52.8   6:17am    4    5  0.00   2  19   4:25pm NNE 29.59   60
20   66.6  79.4   4:14pm  53.5   5:32am    3    5  0.00   1  17   3:56pm   N 29.59   62
21   67.8  79.2   4:09pm  56.5   5:48am    2    5  0.00   1  12  12:46pm   N 29.65   69
22   68.7  78.6   2:30pm  58.7   6:35am    1    5  0.00   1  11   3:30pm   N 29.67   71
23   71.0  81.2   3:00pm  63.4   6:00am    0    6  0.00   1  11   3:00pm   N 29.60   68
24   67.7  79.2  11:23am  59.9  10:07pm    1    4  0.00   1  11  12:21pm   N 29.53   71
25   64.3  73.2   2:12pm  58.3   5:51am    3    2  0.00   1  12   1:44pm   N 29.54   70
26   65.4  78.5   2:25pm  58.7   5:55am    3    3  0.00   1  11   3:21pm   N 29.58   68
27   67.3  81.1   4:01pm  59.0   1:30am    3    5  0.00   1  12   3:25pm   N 29.59   66
28   66.7  82.2   2:03pm  54.4   3:32am    3    5  0.00   1  12   2:45pm   N 29.57   66
29   65.5  78.3  12:13pm  51.6   6:23am    4    4  0.00   1  13   5:02pm   N 29.53   66
30   67.1  84.5   4:16pm  51.7   5:26am    4    6  0.00   1  11   3:26pm   N 29.46   66
31   66.3  80.7   2:22pm  52.9   6:30am    3    5  0.00   1  12   2:55pm   N 29.48   68
---------------------------------------------------------------------------------------
TOT  67.0  92.7   7/5/07  48.3   7/1/07   84  146  0.03   1  19  7/11/07   N 29.59   65

HEAT BASE: 65.0
COOL BASE: 65.0