NOAA-Style Climate Reports

Select a Year or Month report
2021: Jan Feb Mar Apr May Jun Jul Aug Sep Oct Nov Dec
2020: Jan Feb Mar Apr May Jun Jul Aug Sep Oct Nov Dec
2019: Jan Feb Mar Apr May Jun Jul Aug Sep Oct Nov Dec
2018: Jan Feb Mar Apr May Jun Jul Aug Sep Oct Nov Dec
2017: Jan Feb Mar Apr May Jun Jul Aug Sep Oct Nov Dec
2016: Jan Feb Mar Apr May Jun Jul Aug Sep Oct Nov Dec
2015: Jan Feb Mar Apr May Jun Jul Aug Sep Oct Nov Dec
2014: Jan Feb Mar Apr May Jun Jul Aug Sep Oct Nov Dec
2013: Jan Feb Mar Apr May Jun Jul Aug Sep Oct Nov Dec
2012: Jan Feb Mar Apr May Jun Jul Aug Sep Oct Nov Dec
2011: Jan Feb Mar Apr May Jun Jul Aug Sep Oct Nov Dec
2010: Jan Feb Mar Apr May Jun Jul Aug Sep Oct Nov Dec
2009: Jan Feb Mar Apr May Jun Jul Aug Sep Oct Nov Dec
2008: Jan Feb Mar Apr May Jun Jul Aug Sep Oct Nov Dec
2007: Jan Feb Mar Apr May Jun Jul Aug Sep Oct Nov Dec
2006: Jan Feb Mar Apr May Jun Jul Aug Sep Oct Nov Dec
2005: Jan Feb Mar Apr May Jun Jul Aug Sep Oct Nov Dec
2004: Jan Feb Mar Apr May Jun Jul Aug Sep Oct Nov Dec

Report for 2009 February
                  MONTHLY CLIMATOLOGICAL SUMMARY FOR 2/2009
                                        HEAT  COOL        
     MEAN                               DEG   DEG       WIND SPEED       DOM MEAN  MEAN
DAY  TEMP  HIGH   TIME     LOW   TIME   DAYS  DAYS RAIN AVG  HI  TIME    DIR BAROM HUM
---------------------------------------------------------------------------------------
1    72.4  82.0   4:14pm  66.3   6:20am    0    7  0.00   4  20   2:17pm  NE 29.33   57
2    71.1  77.7   1:52pm  66.8   2:37am    0    6  0.05   2  13   1:56pm  NE 29.33   69
3    71.8  77.6  12:49pm  67.3   5:42am    0    7  0.01   2  12  11:48am  NE 29.28   73
4    72.7  79.4  12:50pm  69.4  12:09am    0    8  0.01   2  12  12:10pm  NE 29.30   72
5    70.6  75.1  10:13am  68.8   3:52am    0    6  0.05   1  10  11:02am  NE 29.33   75
6    70.9  75.6  11:43am  66.4   5:01am    0    6  0.00   2  12  11:57am  NE 29.39   74
7    72.6  79.8   2:33pm  67.4   7:01am    0    8  0.01   3  14   3:31pm  NE 29.39   70
8    72.3  77.7   2:19pm  67.6   3:35am    0    7  0.00   2  12   2:28pm  NE 29.38   70
9    72.2  79.6   3:24pm  68.4  10:11pm    0    7  0.03   2  12  12:04pm  NE 29.37   73
10   71.3  77.7   1:43pm  68.4  12:25am    0    6  0.08   2  17   3:45pm NNE 29.36   77
11   70.1  77.0   3:49pm  66.0   5:00am    0    5  0.06   3  14   2:50pm  NE 29.36   76
12   71.7  78.5   2:56pm  66.9   5:01am    0    7  0.10   2  14  11:07am NNE 29.37   69
13   70.8  76.3   1:06pm  66.1  10:35pm    0    6  0.05   3  16   4:27pm  NE 29.41   73
14   70.8  78.5   2:47pm  66.1   5:35am    0    6  0.04   3  13   1:59pm  NE 29.41   68
15   70.8  77.2   4:04pm  65.2   5:26am    0    6  0.00   3  14   2:30pm  NE 29.38   64
16   69.5  73.9  10:50am  65.0   6:30am    0    4  0.00   2  13  10:17am  NE 29.37   68
17   69.7  74.7  11:27am  65.3   4:00am    0    5  0.03   2  10   3:41am  NE 29.34   65
18   68.9  74.4   1:11pm  64.5   5:43am    0    4  0.05   2  13   2:23pm  NE 29.29   67
19   69.9  77.4   1:04pm  64.0   5:00am    0    5  0.04   3  18   2:45pm  NE 29.25   66
20   69.8  76.1   4:15pm  65.8   7:04am    0    5  0.09   3  14  12:49pm  NE 29.22   66
21   70.1  76.5   3:37pm  66.3   6:25am    0    5  0.01   3  16  12:44pm  NE 29.26   68
22   70.0  77.9   2:34pm  64.0   6:41am    0    5  0.04   3  12  12:18pm  NE 29.28   62
23   69.9  77.4  12:55pm  63.9   6:17am    0    5  0.03   4  19  11:50am  NE 29.32   51
24   69.6  76.3   3:01pm  65.2   3:26am    0    5  0.00   2  13   3:07pm  NE 29.34   61
25   71.5  78.1   3:13pm  67.3   3:08am    0    6  0.00   3  14   2:53pm  NE 29.33   66
26   71.0  76.5   2:19pm  66.6   2:32am    0    6  0.02   4  17  12:40pm  NE 29.31   67
27   69.3  75.8   1:52pm  64.3   6:17am    0    4  0.02   3  17   1:35pm  NE 29.30   60
28   68.3  74.2   4:52pm  64.3   4:37am    0    3  0.01   3  14   5:12pm  NE 29.31   56
---------------------------------------------------------------------------------------
TOT  70.7  82.0   2/1/09  63.9  2/23/09    0  159  0.83   3  20   2/1/09  NE 29.33   67

HEAT BASE: 65.0
COOL BASE: 65.0