NOAA-Style Climate Reports

Select a Year or Month report
2021: Jan Feb Mar Apr May Jun Jul Aug Sep Oct Nov Dec
2020: Jan Feb Mar Apr May Jun Jul Aug Sep Oct Nov Dec
2019: Jan Feb Mar Apr May Jun Jul Aug Sep Oct Nov Dec
2018: Jan Feb Mar Apr May Jun Jul Aug Sep Oct Nov Dec
2017: Jan Feb Mar Apr May Jun Jul Aug Sep Oct Nov Dec
2016: Jan Feb Mar Apr May Jun Jul Aug Sep Oct Nov Dec
2015: Jan Feb Mar Apr May Jun Jul Aug Sep Oct Nov Dec
2014: Jan Feb Mar Apr May Jun Jul Aug Sep Oct Nov Dec
2013: Jan Feb Mar Apr May Jun Jul Aug Sep Oct Nov Dec
2012: Jan Feb Mar Apr May Jun Jul Aug Sep Oct Nov Dec
2011: Jan Feb Mar Apr May Jun Jul Aug Sep Oct Nov Dec
2010: Jan Feb Mar Apr May Jun Jul Aug Sep Oct Nov Dec
2009: Jan Feb Mar Apr May Jun Jul Aug Sep Oct Nov Dec
2008: Jan Feb Mar Apr May Jun Jul Aug Sep Oct Nov Dec
2007: Jan Feb Mar Apr May Jun Jul Aug Sep Oct Nov Dec
2006: Jan Feb Mar Apr May Jun Jul Aug Sep Oct Nov Dec
2005: Jan Feb Mar Apr May Jun Jul Aug Sep Oct Nov Dec
2004: Jan Feb Mar Apr May Jun Jul Aug Sep Oct Nov Dec

Report for 2009 September
                  MONTHLY CLIMATOLOGICAL SUMMARY FOR 9/2009
                                        HEAT  COOL        
     MEAN                               DEG   DEG       WIND SPEED       DOM MEAN  MEAN
DAY  TEMP  HIGH   TIME     LOW   TIME   DAYS  DAYS RAIN AVG  HI  TIME    DIR BAROM HUM
---------------------------------------------------------------------------------------
1    76.3  82.0  12:37pm  70.4   6:11am    0   11  0.08   0   0  12:00am   N 29.23   74
2    78.8  84.7  12:08pm  73.0   5:44am    0   14  0.08   0  10   1:49pm  SW 29.24   66
3    76.7  83.4   2:34pm  71.6   6:01am    0   12  0.02   1  13   3:48pm  SW 29.26   70
4    76.4  82.2  11:08am  72.7   5:36am    0   10  0.04   1  11  10:31am  SW 29.26   70
5    77.1  84.7   3:24pm  71.1   3:41am    0   12  0.02   0  13   1:22pm  SW 29.26   69
6    76.8  84.0   1:41pm  70.4   5:07am    0   12  0.00   0  12   1:41pm  SW 29.29   67
7    76.8  83.4  11:28am  72.3   6:06am    0   12  0.02   0   2  11:22am  SW 29.32   70
8    76.9  84.3   1:37pm  71.1   5:12am    0   12  0.01   0   0  12:00am   N 29.26   68
9    77.8  84.5   2:24pm  72.1   6:21am    0   12  0.09   0   0  12:00am   N 29.24   66
10   78.4  87.0   2:12pm  72.3   4:24am    0   13  0.01   0   0  12:00am   N 29.27   68
11   77.1  81.8   9:21am  72.8  11:03pm    0   12  0.00   0   0  12:00am   N 29.31   72
12   76.4  84.7   1:14pm  72.0  12:56am    0   11  0.00   0   0  12:00am   N 29.32   68
13   77.2  84.9   2:33pm  71.5   5:53am    0   12  0.02   0   2   1:43pm  SW 29.29   66
14   76.9  84.0   2:41pm  71.3   6:06am    0   12  0.06   0   0  12:00am   N 29.26   65
15   77.0  84.7   1:18pm  71.6   2:04am    0   12  0.01   0   0  12:00am   N 29.29   64
16   76.4  83.6   1:27pm  70.9   4:41am    0   11  0.02   0   0  12:00am   N 29.30   61
17   77.2  84.5   2:49pm  70.6   5:40am    0   12  0.00   0   0  12:00am   N 29.28   63
18   77.4  84.9   1:27pm  70.3   5:09am    0   12  0.01   0   0  12:00am   N 29.26   64
19   78.7  85.9  12:39pm  72.5  11:12pm    0   13  0.09   0   0  12:00am   N 29.24   65
20   76.4  82.6  11:57am  71.1   4:48am    0   11  0.02   0   0  12:00am   N 29.22   70
21   75.9  80.9   1:03pm  71.3   5:52am    0   10  0.06   0   0  12:00am   N 29.21   72
22   76.6  83.2   2:43pm  70.6   6:00am    0   11  0.02   0   0  12:00am   N 29.22   70
23   75.5  79.8   9:59am  72.8  12:00am    0   10 34.37   0   0  12:00am   N 29.23   72
24   76.8  81.4  10:59am  72.5  10:21pm    0   16 34.37   0   0  12:00am   N 29.18   71
25   78.0  83.4  11:49am  69.8   6:32am    0    9  0.04   0   0   6:26am   N 29.19   67
26   78.0  84.5   3:20pm  72.0   4:01am    0   13  0.02   0   0  12:00am   N 29.18   68
27   76.2  82.2  10:45am  72.0   6:19am    0   11  0.03   0   0  12:00am   N 29.18   71
28   77.3  83.8   3:28pm  72.0   6:11am    0   12  0.02   0   0  12:00am   N 29.23   69
29   76.3  82.4  11:58am  71.3   5:56am    0   11  0.00   0   0  12:00am   N 29.26   74
30   76.6  82.4   1:25pm  71.8   5:44am    0   12  0.05   0   0  12:00am   N 29.28   75
---------------------------------------------------------------------------------------
TOT  77.0  87.0  9/10/09  69.8  9/25/09    0  355 96.46   0  13   9/3/09  SW 29.25   69

HEAT BASE: 65.0
COOL BASE: 65.0