NOAA-Style Climate Reports

Select a Year or Month report
2021: Jan Feb Mar Apr May Jun Jul Aug Sep Oct Nov Dec
2020: Jan Feb Mar Apr May Jun Jul Aug Sep Oct Nov Dec
2019: Jan Feb Mar Apr May Jun Jul Aug Sep Oct Nov Dec
2018: Jan Feb Mar Apr May Jun Jul Aug Sep Oct Nov Dec
2017: Jan Feb Mar Apr May Jun Jul Aug Sep Oct Nov Dec
2016: Jan Feb Mar Apr May Jun Jul Aug Sep Oct Nov Dec
2015: Jan Feb Mar Apr May Jun Jul Aug Sep Oct Nov Dec
2014: Jan Feb Mar Apr May Jun Jul Aug Sep Oct Nov Dec
2013: Jan Feb Mar Apr May Jun Jul Aug Sep Oct Nov Dec
2012: Jan Feb Mar Apr May Jun Jul Aug Sep Oct Nov Dec
2011: Jan Feb Mar Apr May Jun Jul Aug Sep Oct Nov Dec
2010: Jan Feb Mar Apr May Jun Jul Aug Sep Oct Nov Dec
2009: Jan Feb Mar Apr May Jun Jul Aug Sep Oct Nov Dec
2008: Jan Feb Mar Apr May Jun Jul Aug Sep Oct Nov Dec
2007: Jan Feb Mar Apr May Jun Jul Aug Sep Oct Nov Dec
2006: Jan Feb Mar Apr May Jun Jul Aug Sep Oct Nov Dec
2005: Jan Feb Mar Apr May Jun Jul Aug Sep Oct Nov Dec
2004: Jan Feb Mar Apr May Jun Jul Aug Sep Oct Nov Dec

Report for 2013 March
                  MONTHLY CLIMATOLOGICAL SUMMARY FOR 3/2013
                                        HEAT  COOL        
     MEAN                               DEG   DEG       WIND SPEED       DOM MEAN  MEAN
DAY  TEMP  HIGH   TIME     LOW   TIME   DAYS  DAYS RAIN AVG  HI  TIME    DIR BAROM HUM
---------------------------------------------------------------------------------------
1    64.3  84.6  10:10am  45.6   6:29am    7    6  0.00   0  10   2:57pm   W 30.22   41
2    63.9  83.2  11:12am  47.0   6:42am    6    5  0.00   0   7  12:07pm   W 30.15   49
3    57.7  65.1  11:21am  51.3   2:29am    6    0  0.00   2  11   1:36pm  SW 30.05   84
4    58.4  65.8   2:07pm  52.9  11:52pm    6    0  0.00   2  12   3:17pm  SW 30.07   80
5    56.0  60.8   1:32pm  52.7  12:22am    9    0  0.00   2  10   2:39pm  SW 30.09   84
6    56.6  61.9   2:28pm  48.8   6:29am    8    0  0.00   3  14  12:06pm WSW 30.10   69
7    55.9  60.0   1:02pm  52.5   6:16am    9    0  0.01   2  12  12:51pm SSE 29.98   83
8    52.6  57.0   3:42pm  47.4   6:35am   12    0  0.43   3  20   2:43am  SW 29.91   82
9    55.3  62.6   2:31pm  48.3  11:54pm   10    0  0.00   3  14   2:58am   W 30.12   74
10   55.4  69.3   4:39pm  43.1   7:17am    9    0  0.00   2  18   4:50pm WSW 30.21   74
11   56.6  69.0   1:17pm  44.0   6:46am    8    1  0.00   2  11   4:13pm  SW 30.13   78
12   56.3  68.0   2:50pm  48.7   7:43am    9    0  0.00   1   9   1:39pm  SW 30.06   88
13   56.5  68.8   2:05pm  49.7   7:40am    9    0  0.00   2   9   2:53pm  SW 30.08   91
14   58.0  67.8   4:40pm  51.3   6:43am    7    0  0.00   2  10   1:08pm  SW 30.06   88
15   55.6  61.3   2:48pm  51.8  11:15pm    9    0  0.00   2  11  12:49pm SSE 30.01   93
16   55.6  62.3   2:07pm  51.7   6:21am    9    0  0.00   2  11   1:44pm SSE 29.96   88
17   58.2  64.8   2:26pm  54.1   1:47am    7    0  0.00   3  13  12:49pm SSE 29.98   82
18   58.0  62.3   1:42pm  52.8  11:57pm    7    0  0.00   2  11   7:50pm ESE 30.04   80
19   56.5  64.8   3:03pm  49.7   7:00am    8    0  0.00   1  11   2:32pm  SW 30.09   86
20   58.0  66.4  12:40pm  50.5   6:46am    7    0  0.00   2  11   2:51pm  SW 30.05   86
21   59.5  67.6   3:03pm  52.8   5:30am    5    0  0.00   3  12  11:37am SSE 29.89   84
22   58.5  66.0   3:21pm  52.2   7:07am    7    0  0.00   2  11  12:59pm SSE 29.86   84
23   59.3  66.3   3:29pm  53.2   2:24am    5    0  0.00   2  10  12:26pm  SW 29.97   82
24   58.8  68.3   2:02pm  52.9   2:47am    5    0  0.00   1  13   3:58pm  SW 29.97   86
25   58.8  68.5   1:22pm  52.9   3:35am    5    0  0.00   2   9   1:33pm SSE 29.95   89
26   59.0  65.5   3:39pm  55.6  12:33am    5    0  0.00   2  12   1:52pm  SW 29.95   85
27   59.3  64.0  12:27pm  55.6  11:55pm    5    0  0.00   3  15   2:26pm SSE 29.99   81
28   60.5  68.2   1:03pm  55.3   6:55am    4    0  0.00   2  13   4:23pm  SW 30.05   82
29   58.6  65.6   2:03pm  55.0  12:51am    5    0  0.00   2  12  12:49pm  SW 30.09   90
30   59.6  66.5  12:04pm  55.7   2:34am    5    0  0.00   2  12   2:00pm  SW 30.10   86
31   59.9  66.5   3:26pm  54.9   1:02am    4    0  0.00   3  14   1:25pm   W 30.11   87
---------------------------------------------------------------------------------------
TOT  57.9  84.6   3/1/13  43.1  3/10/13  218   14  0.44   2  20   3/8/13  SW 30.04   81

HEAT BASE: 65.0
COOL BASE: 65.0