NOAA-Style Climate Reports

Select a Year or Month report
2021: Jan Feb Mar Apr May Jun Jul Aug Sep Oct Nov Dec
2020: Jan Feb Mar Apr May Jun Jul Aug Sep Oct Nov Dec
2019: Jan Feb Mar Apr May Jun Jul Aug Sep Oct Nov Dec
2018: Jan Feb Mar Apr May Jun Jul Aug Sep Oct Nov Dec
2017: Jan Feb Mar Apr May Jun Jul Aug Sep Oct Nov Dec
2016: Jan Feb Mar Apr May Jun Jul Aug Sep Oct Nov Dec
2015: Jan Feb Mar Apr May Jun Jul Aug Sep Oct Nov Dec
2014: Jan Feb Mar Apr May Jun Jul Aug Sep Oct Nov Dec
2013: Jan Feb Mar Apr May Jun Jul Aug Sep Oct Nov Dec
2012: Jan Feb Mar Apr May Jun Jul Aug Sep Oct Nov Dec
2011: Jan Feb Mar Apr May Jun Jul Aug Sep Oct Nov Dec
2010: Jan Feb Mar Apr May Jun Jul Aug Sep Oct Nov Dec
2009: Jan Feb Mar Apr May Jun Jul Aug Sep Oct Nov Dec
2008: Jan Feb Mar Apr May Jun Jul Aug Sep Oct Nov Dec
2007: Jan Feb Mar Apr May Jun Jul Aug Sep Oct Nov Dec
2006: Jan Feb Mar Apr May Jun Jul Aug Sep Oct Nov Dec
2005: Jan Feb Mar Apr May Jun Jul Aug Sep Oct Nov Dec
2004: Jan Feb Mar Apr May Jun Jul Aug Sep Oct Nov Dec

Report for 2013 June
                  MONTHLY CLIMATOLOGICAL SUMMARY FOR 6/2013
                                        HEAT  COOL        
     MEAN                               DEG   DEG       WIND SPEED       DOM MEAN  MEAN
DAY  TEMP  HIGH   TIME     LOW   TIME   DAYS  DAYS RAIN AVG  HI  TIME    DIR BAROM HUM
---------------------------------------------------------------------------------------
1    66.7  73.9   1:03pm  63.5   5:52am    0    2  0.00   3  13   2:59pm SSE 29.81   84
2    64.5  68.4   3:13pm  63.0   6:16am    1    0  0.00   3  16   3:26pm SSE 29.81   86
3    65.0  70.7   1:22pm  62.0   5:52am    1    1  0.00   3  14   1:28pm SSE 29.85   81
4    65.6  71.7   4:07pm  62.0   6:23am    1    2  0.00   3  13   5:15pm   W 29.93   78
5    66.1  71.9   1:47pm  61.1  11:59pm    1    2  0.00   4  16   2:51pm   W 29.96   77
6    63.5  70.0   2:29pm  60.4  12:53am    2    1  0.00   3  12   3:24pm   W 29.92   84
7    64.3  70.9   1:50pm  61.2   4:43am    2    1  0.00   2  11   1:40pm SSW 29.86   83
8    62.8  66.5   3:35pm  60.7   4:50am    2    0  0.00   3  13   5:25pm SSE 29.85   87
9    62.6  67.5   3:07pm  58.7  10:58pm    3    0  0.00   2  11   2:02pm SSE 29.91   86
10   66.5  73.9   2:48pm  60.4  12:00am    1    3  0.00   3  12   5:41pm  SW 29.92   76
11   67.1  75.1  11:45am  59.7   5:54am    1    3  0.00   3  15   2:57pm WNW 29.91   82
12   64.8  71.1   4:14pm  62.6   7:15am    1    1  0.00   3  10   3:02pm SSE 29.97   85
13   66.4  73.2   2:40pm  60.6  11:55pm    1    2  0.00   2  11  12:34pm   W 29.96   80
14   64.4  70.4  12:57pm  60.6  12:01am    1    1  0.00   3  16   3:27pm SSE 29.90   82
15   64.6  71.2   3:10pm  60.7   2:47am    2    1  0.00   3  12  11:19am  SW 29.94   78
16   66.3  72.3   3:58pm  61.2  11:53pm    1    2  0.00   2  11  12:24pm  SW 29.98   76
17   66.1  72.8   2:11pm  60.6   1:07am    1    2  0.00   2  12   3:36pm   S 29.94   83
18   65.2  71.9   3:48pm  58.8   4:51am    2    2  0.00   2  13   1:49pm SSE 29.88   85
19   67.7  75.6   4:33pm  62.8  12:00am    1    3  0.00   2  13  12:22pm SSE 29.83   77
20   67.6  75.2   5:35pm  58.3   5:36am    1    3  0.00   3  15  12:49pm  SW 29.83   79
21   67.0  73.3   1:42pm  60.7   5:42am    1    3  0.00   3  13   1:05pm SSE 29.87   82
22   66.5  71.2   3:08pm  63.2   1:18am    1    2  0.00   3  16   9:52am SSE 29.87   81
23   65.5  70.6   2:29pm  62.7   5:20am    1    1  0.00   3  12  11:47am SSE 29.85   80
24   66.3  73.5   3:36pm  61.8   7:32am    1    2  0.00   3  11   1:29pm SSE 29.90   81
25   67.5  75.3   4:15pm  63.4   1:35am    0    3  0.00   2  12   4:01pm   W 29.95   85
26   68.8  76.9   5:04pm  62.3   5:25am    1    4  0.00   2  12   1:53pm  SW 29.95   84
27   69.4  78.2  11:49am  64.1  11:58pm    0    4  0.00   2  13  12:53pm SSE 29.99   86
28   70.4  80.2   4:55pm  63.6   5:37am    0    6  0.00   2  10   1:10pm  SW 29.93   84
29   71.3  80.5   4:45pm  64.9   5:25am    0    6  0.00   3  12   1:48pm  SW 29.81   84
30   70.5  81.6   9:32am  66.3   4:46am    0    5  0.00   3  24  12:20pm   S 29.75   88
---------------------------------------------------------------------------------------
TOT  66.4  81.6  6/30/13  58.3  6/20/13   30   70  0.00   3  24  6/30/13 SSE 29.89   82

HEAT BASE: 65.0
COOL BASE: 65.0