NOAA-Style Climate Reports

Select a Year or Month report
2021: Jan Feb Mar Apr May Jun Jul Aug Sep Oct Nov Dec
2020: Jan Feb Mar Apr May Jun Jul Aug Sep Oct Nov Dec
2019: Jan Feb Mar Apr May Jun Jul Aug Sep Oct Nov Dec
2018: Jan Feb Mar Apr May Jun Jul Aug Sep Oct Nov Dec
2017: Jan Feb Mar Apr May Jun Jul Aug Sep Oct Nov Dec
2016: Jan Feb Mar Apr May Jun Jul Aug Sep Oct Nov Dec
2015: Jan Feb Mar Apr May Jun Jul Aug Sep Oct Nov Dec
2014: Jan Feb Mar Apr May Jun Jul Aug Sep Oct Nov Dec
2013: Jan Feb Mar Apr May Jun Jul Aug Sep Oct Nov Dec
2012: Jan Feb Mar Apr May Jun Jul Aug Sep Oct Nov Dec
2011: Jan Feb Mar Apr May Jun Jul Aug Sep Oct Nov Dec
2010: Jan Feb Mar Apr May Jun Jul Aug Sep Oct Nov Dec
2009: Jan Feb Mar Apr May Jun Jul Aug Sep Oct Nov Dec
2008: Jan Feb Mar Apr May Jun Jul Aug Sep Oct Nov Dec
2007: Jan Feb Mar Apr May Jun Jul Aug Sep Oct Nov Dec
2006: Jan Feb Mar Apr May Jun Jul Aug Sep Oct Nov Dec
2005: Jan Feb Mar Apr May Jun Jul Aug Sep Oct Nov Dec
2004: Jan Feb Mar Apr May Jun Jul Aug Sep Oct Nov Dec

Report for 2015 April
                  MONTHLY CLIMATOLOGICAL SUMMARY FOR 4/2015
                                        HEAT  COOL        
     MEAN                               DEG   DEG       WIND SPEED       DOM MEAN  MEAN
DAY  TEMP  HIGH   TIME     LOW   TIME   DAYS  DAYS RAIN AVG  HI  TIME    DIR BAROM HUM
---------------------------------------------------------------------------------------
1    63.8  71.0   3:20pm  57.7  11:59pm    3    1  0.00   2  13   5:17pm  SW 29.96   79
2    62.0  70.9   3:40pm  54.4   6:55am    4    1  0.00   2  13   4:39pm WSW 29.97   77
3    65.8  81.7   3:35pm  50.4   6:42am    4    5  0.00   2  14   3:39pm   W 30.00   55
4    64.7  75.9  11:18am  52.8   7:02am    3    3  0.00   1  11  12:40pm   S 29.92   59
5    61.0  66.4   4:15pm  56.2   3:43am    4    0  0.00   3  15  10:45am SSE 29.88   79
6    59.6  65.0   2:48pm  54.1  11:50pm    5    0  0.00   3  16   3:56pm WSW 29.96   63
7    58.2  64.9   1:33pm  50.3   4:04am    7    0  0.04   2  14   3:24pm  SW 30.02   70
8    58.4  66.7   3:16pm  48.8   6:43am    7    0  0.01   2  19   4:01pm   W 30.03   70
9    59.7  68.4   2:45pm  49.6   6:36am    6    1  0.00   2  13   1:06pm  SW 29.96   76
10   60.0  68.6   4:02pm  51.4   6:28am    5    0  0.00   2  13   4:35pm  SW 29.99   78
11   60.4  68.6   4:14pm  51.7   6:31am    4    0  0.00   2  12   2:09pm   S 29.94   80
12   62.4  69.9   3:38pm  53.3   6:42am    4    1  0.01   2  14   1:27pm   S 29.95   83
13   62.9  70.4   1:55pm  57.6   2:50am    3    1  0.00   2  13   2:57pm  SW 30.05   84
14   63.4  70.5   2:26pm  58.5  11:43pm    3    1  0.00   2  17   3:20pm  SW 30.03   79
15   64.4  77.4   3:00pm  54.0   5:00am    4    3  0.00   2  17   6:00pm   E 29.93   67
16   66.0  77.8   2:51pm  51.2   5:53am    3    4  0.00   2  14   4:00pm   W 29.97   49
17   64.6  78.1   1:38pm  50.3   6:12am    4    4  0.00   2  19   3:40pm WSW 30.01   52
18   62.6  71.9   2:44pm  51.1   6:12am    4    2  0.00   2  14   1:54pm  SW 29.98   76
19   61.5  70.3   2:31pm  55.0   4:09am    4    1  0.00   2  14   6:00pm  SW 29.92   85
20   61.5  66.7   2:06pm  58.1  12:00am    4    0  0.00   2  14   3:42pm  SW 29.89   78
21   61.6  65.7   4:06pm  58.0  11:57pm    3    0  0.00   2  10   3:51pm  SW 29.91   71
22   60.1  66.5   3:25pm  54.1   5:06am    5    0  0.00   2  13  11:40am  SW 29.90   80
23   61.7  67.5  11:10am  56.5   1:50am    3    0  0.00   2  14   3:13pm   W 29.90   79
24   60.8  66.4   2:21pm  56.3   6:09am    4    0  0.09   2  10   2:32pm  SW 29.98   82
25   60.8  64.1  12:23pm  55.5  11:59pm    4    0  0.00   3  24   5:16pm WSW 29.95   81
26   60.4  71.0   2:54pm  50.9   5:52am    5    1  0.01   3  17   2:55pm   S 29.95   78
27   68.4  82.3  10:50am  52.2   5:59am    3    7  0.00   3  26   9:38am   W 29.92   53
28   69.2  82.0  12:48pm  54.4   6:07am    2    6  0.00   2  15   5:10pm  SW 29.92   53
29   70.3  84.8   1:18pm  56.7   5:54am    2    7  0.00   2  12   4:31pm  SW 29.87   67
30   67.0  81.9   3:20pm  58.9   5:22am    1    2  0.00   2  11   2:02pm   S 29.82   77
---------------------------------------------------------------------------------------
TOT  62.7  84.8  4/29/15  48.8   4/8/15  117   52  0.16   2  22  4/25/15  SW 29.95   72

HEAT BASE: 65.0
COOL BASE: 65.0