NOAA-Style Climate Reports

Select a Year or Month report
2021: Jan Feb Mar Apr May Jun Jul Aug Sep Oct Nov Dec
2020: Jan Feb Mar Apr May Jun Jul Aug Sep Oct Nov Dec
2019: Jan Feb Mar Apr May Jun Jul Aug Sep Oct Nov Dec
2018: Jan Feb Mar Apr May Jun Jul Aug Sep Oct Nov Dec
2017: Jan Feb Mar Apr May Jun Jul Aug Sep Oct Nov Dec
2016: Jan Feb Mar Apr May Jun Jul Aug Sep Oct Nov Dec
2015: Jan Feb Mar Apr May Jun Jul Aug Sep Oct Nov Dec
2014: Jan Feb Mar Apr May Jun Jul Aug Sep Oct Nov Dec
2013: Jan Feb Mar Apr May Jun Jul Aug Sep Oct Nov Dec
2012: Jan Feb Mar Apr May Jun Jul Aug Sep Oct Nov Dec
2011: Jan Feb Mar Apr May Jun Jul Aug Sep Oct Nov Dec
2010: Jan Feb Mar Apr May Jun Jul Aug Sep Oct Nov Dec
2009: Jan Feb Mar Apr May Jun Jul Aug Sep Oct Nov Dec
2008: Jan Feb Mar Apr May Jun Jul Aug Sep Oct Nov Dec
2007: Jan Feb Mar Apr May Jun Jul Aug Sep Oct Nov Dec
2006: Jan Feb Mar Apr May Jun Jul Aug Sep Oct Nov Dec
2005: Jan Feb Mar Apr May Jun Jul Aug Sep Oct Nov Dec
2004: Jan Feb Mar Apr May Jun Jul Aug Sep Oct Nov Dec

Report for 2016 March
                  MONTHLY CLIMATOLOGICAL SUMMARY FOR 3/2016
                                        HEAT  COOL        
     MEAN                               DEG   DEG       WIND SPEED       DOM MEAN  MEAN
DAY  TEMP  HIGH   TIME     LOW   TIME   DAYS  DAYS RAIN AVG  HI  TIME    DIR BAROM HUM
---------------------------------------------------------------------------------------
1    60.1  68.5  11:58am  55.9   6:33am    5    0  0.00   2  11   3:21pm   S 30.07   93
2    60.2  68.2   2:52pm  54.7  11:51pm    5    0  0.00   1  11   2:44pm  SW 30.07   90
3    59.2  67.1  10:59am  52.5   4:14am    6    0  0.01   1  12   1:26pm  SW 30.06   90
4    60.0  67.4  11:37am  54.0   3:05am    5    0  0.01   2  12   2:34pm   W 30.02   86
5    62.2  66.5  12:26pm  59.8   1:34am    3    0  0.00   2  11  11:32am   S 30.03   83
6    60.2  64.9  12:55pm  55.3  11:12pm    5    0  0.30   5  27   3:13pm   W 30.00   82
7    55.1  59.5   2:00pm  48.2  11:53pm   10    0  0.31   4  28   1:33pm   W 29.86   76
8    56.3  67.6   2:32pm  43.5   5:49am    9    0  0.00   2  20   4:13pm   W 29.94   76
9    60.6  68.0   4:30pm  51.6   5:45am    5    1  0.01   2  10  11:31am   S 30.01   83
10   60.7  72.0   1:38pm  51.7   6:05am    5    1  0.00   1  10  11:07am  SW 30.03   88
11   58.6  67.4  12:22pm  53.6   3:06pm    6    0  0.55   3  24   2:53pm   W 30.00   86
12   57.0  63.1   3:11pm  48.7   6:16am    8    0  0.00   2  15  12:00am   W 30.15   74
13   58.8  64.3   3:01pm  50.5   1:29am    6    0  0.00   3  17   4:47pm   W 30.16   84
14   61.1  67.7   2:27pm  57.1  11:58pm    4    0  0.10   2  14   2:49pm WSW 30.11   91
15   60.8  71.1   2:30pm  51.4   6:02am    5    1  0.01   1  10   4:07pm  SW 30.00   86
16   65.2  80.0   3:25pm  51.9   7:08am    4    4  0.00   2  10   9:37pm   W 29.91   74
17   62.8  70.8  11:39am  54.5   7:11am    3    1  0.00   2  11   2:00pm SSE 29.89   85
18   61.5  68.0   2:08pm  56.8   1:29am    4    0  0.00   2  13   4:15pm  SW 29.94   86
19   60.4  66.2   2:32pm  56.3  11:55pm    5    0  0.00   1  10   1:44pm   E 30.01   88
20   60.4  67.1   2:23pm  54.3   2:43am    5    0  0.00   1  11   5:02pm WSW 30.06   88
21   60.7  67.5   1:51pm  55.3   3:08am    5    0  0.00   2  15   4:26pm   W 30.09   88
22   60.4  68.3   1:36pm  51.9   7:16am    5    0  0.00   4  23   3:58pm   W 30.03   73
23   62.0  75.4   2:55pm  48.4   5:54am    6    3  0.00   2  22   9:12am   W 30.10   52
24   61.9  75.3  12:52pm  47.8   6:14am    6    3  0.00   1  12   3:17pm   W 30.04   58
25   60.8  70.4   3:13pm  49.4   6:21am    5    1  0.00   2  14   6:57pm   S 29.87   75
26   61.3  68.8   2:40pm  53.6   6:42am    4    0  0.00   2  11  12:03pm  SW 29.87   85
27   61.6  66.8   2:39pm  56.6   2:34am    3    0  0.00   2  12   1:36pm   S 30.00   85
28   59.4  64.0  12:02pm  55.3  11:59pm    5    0  0.06   3  20   6:33pm WSW 29.90   78
29   56.7  63.4   3:23pm  47.9   6:54am    8    0  0.00   4  19   5:30pm   W 29.89   68
30   56.6  62.5   2:36pm  49.1   6:47am    8    0  0.00   2  14   1:02pm   S 29.98   74
31   57.3  66.8   3:26pm  46.6   6:54am    8    0  0.00   2  13   5:26pm   S 30.04   80
---------------------------------------------------------------------------------------
TOT  60.0  80.0  3/16/16  43.5   3/8/16  168   18  1.36   2  28   3/7/16   W 30.00   81

HEAT BASE: 65.0
COOL BASE: 65.0