NOAA-Style Climate Reports

Select a Year or Month report
2021: Jan Feb Mar Apr May Jun Jul Aug Sep Oct Nov Dec
2020: Jan Feb Mar Apr May Jun Jul Aug Sep Oct Nov Dec
2019: Jan Feb Mar Apr May Jun Jul Aug Sep Oct Nov Dec
2018: Jan Feb Mar Apr May Jun Jul Aug Sep Oct Nov Dec
2017: Jan Feb Mar Apr May Jun Jul Aug Sep Oct Nov Dec
2016: Jan Feb Mar Apr May Jun Jul Aug Sep Oct Nov Dec
2015: Jan Feb Mar Apr May Jun Jul Aug Sep Oct Nov Dec
2014: Jan Feb Mar Apr May Jun Jul Aug Sep Oct Nov Dec
2013: Jan Feb Mar Apr May Jun Jul Aug Sep Oct Nov Dec
2012: Jan Feb Mar Apr May Jun Jul Aug Sep Oct Nov Dec
2011: Jan Feb Mar Apr May Jun Jul Aug Sep Oct Nov Dec
2010: Jan Feb Mar Apr May Jun Jul Aug Sep Oct Nov Dec
2009: Jan Feb Mar Apr May Jun Jul Aug Sep Oct Nov Dec
2008: Jan Feb Mar Apr May Jun Jul Aug Sep Oct Nov Dec
2007: Jan Feb Mar Apr May Jun Jul Aug Sep Oct Nov Dec
2006: Jan Feb Mar Apr May Jun Jul Aug Sep Oct Nov Dec
2005: Jan Feb Mar Apr May Jun Jul Aug Sep Oct Nov Dec
2004: Jan Feb Mar Apr May Jun Jul Aug Sep Oct Nov Dec

Report for 2016 May
                  MONTHLY CLIMATOLOGICAL SUMMARY FOR 5/2016
                                        HEAT  COOL        
     MEAN                               DEG   DEG       WIND SPEED       DOM MEAN  MEAN
DAY  TEMP  HIGH   TIME     LOW   TIME   DAYS  DAYS RAIN AVG  HI  TIME    DIR BAROM HUM
---------------------------------------------------------------------------------------
1    60.9  66.4   1:29pm  55.5   5:54am    4    0  0.00   3  15   2:07pm   S 29.91   83
2    62.7  70.3   1:18pm  54.5   5:42am    3    1  0.00   2  14   2:28pm WSW 29.99   82
3    62.4  70.9  12:46pm  57.1   4:35am    4    1  0.00   2  14   2:37pm  SW 29.95   86
4    61.2  66.3   4:23pm  57.6  12:56am    4    0  0.00   2  12   2:11pm  SW 29.94   86
5    62.4  68.1   4:16pm  59.6   5:52am    3    0  0.00   2  14  12:35pm   S 29.90   77
6    60.6  65.8   5:05pm  57.8   6:57am    4    0  0.30   2  15   2:24pm SSE 29.88   86
7    61.8  68.0   4:44pm  56.9   6:18am    3    0  0.02   3  14  10:57am   W 29.95   82
8    62.0  68.0   2:17pm  55.1   6:31am    4    0  0.00   3  13   2:14pm   W 29.95   80
9    62.0  69.6   2:27pm  56.5   5:35am    4    1  0.00   2  13   1:13pm   W 29.96   82
10   62.9  69.7   2:11pm  56.9   1:19am    3    1  0.00   2  13   4:05pm   W 29.98   81
11   63.9  70.1   2:34pm  60.0  11:46pm    2    1  0.00   2  20   5:06pm   W 30.00   82
12   62.6  68.4   3:29pm  58.3   4:28am    3    0  0.00   2  12   1:51pm  SW 30.00   87
13   63.0  70.6   1:35pm  59.6   4:15am    3    1  0.00   2  11   3:30pm   S 29.99   88
14   63.3  68.2   3:41pm  61.3   6:44am    2    0  0.00   3  13   2:37pm   S 29.97   82
15   64.3  70.3   3:05pm  60.3   6:08am    2    1  0.00   3  13  12:48pm   S 29.91   82
16   63.3  66.7   1:00pm  59.6   5:34am    2    0  0.00   2  13   1:30pm SSW 29.91   83
17   64.8  70.0   3:15pm  62.0  11:28pm    1    1  0.00   2  12   1:36pm  SW 29.91   83
18   64.3  70.9  12:45pm  60.2   1:55am    2    1  0.00   2  15   3:40pm  SW 29.96   85
19   63.7  69.4   2:35pm  60.5   3:47am    2    1  0.00   2  11   3:10pm SSE 29.90   86
20   62.2  67.2   2:33pm  58.3  10:44pm    3    0  0.00   3  15  10:21am SSE 29.87   76
21   61.1  66.5   4:44pm  56.4   3:28am    4    0  0.00   3  18   1:09pm   W 29.99   73
22   62.4  70.6   2:00pm  54.5   6:11am    4    1  0.00   2  16   5:08pm  SW 30.01   74
23   61.7  66.2  11:42am  55.6   6:27am    3    0  0.00   3  18  10:59am   S 29.93   79
24   63.1  68.7   2:22pm  59.6   6:33am    2    1  0.00   3  15   1:56pm  SW 29.99   75
25   62.2  70.2   3:32pm  54.5   5:55am    4    1  0.00   3  17   5:29pm   W 30.07   76
26   63.1  70.2   3:09pm  57.8   2:48am    3    1  0.00   2  13  10:54am  SW 30.03   80
27   63.1  69.5   2:44pm  58.4   1:56am    2    1  0.00   2  14   1:52pm  SW 29.92   84
28   63.3  68.8   2:13pm  61.2   9:25am    2    0  0.00   2  12   5:32pm   S 29.89   84
29   64.5  70.8   2:26pm  61.7   1:13am    2    1  0.00   2  12   2:30pm   W 29.98   79
30   64.7  71.2   3:33pm  59.9  11:54pm    2    1  0.00   2  13   2:49pm   W 29.96   80
31   62.7  67.5   1:57pm  59.4  12:50am    2    0  0.00   2  11   2:03pm   S 29.88   88
---------------------------------------------------------------------------------------
TOT  62.8  71.2  5/30/16  54.5   5/2/16   85   18  0.32   2  18  5/11/16   S 29.95   82

HEAT BASE: 65.0
COOL BASE: 65.0