NOAA-Style Climate Reports

Select a Year or Month report
2021: Jan Feb Mar Apr May Jun Jul Aug Sep Oct Nov Dec
2020: Jan Feb Mar Apr May Jun Jul Aug Sep Oct Nov Dec
2019: Jan Feb Mar Apr May Jun Jul Aug Sep Oct Nov Dec
2018: Jan Feb Mar Apr May Jun Jul Aug Sep Oct Nov Dec
2017: Jan Feb Mar Apr May Jun Jul Aug Sep Oct Nov Dec
2016: Jan Feb Mar Apr May Jun Jul Aug Sep Oct Nov Dec
2015: Jan Feb Mar Apr May Jun Jul Aug Sep Oct Nov Dec
2014: Jan Feb Mar Apr May Jun Jul Aug Sep Oct Nov Dec
2013: Jan Feb Mar Apr May Jun Jul Aug Sep Oct Nov Dec
2012: Jan Feb Mar Apr May Jun Jul Aug Sep Oct Nov Dec
2011: Jan Feb Mar Apr May Jun Jul Aug Sep Oct Nov Dec
2010: Jan Feb Mar Apr May Jun Jul Aug Sep Oct Nov Dec
2009: Jan Feb Mar Apr May Jun Jul Aug Sep Oct Nov Dec
2008: Jan Feb Mar Apr May Jun Jul Aug Sep Oct Nov Dec
2007: Jan Feb Mar Apr May Jun Jul Aug Sep Oct Nov Dec
2006: Jan Feb Mar Apr May Jun Jul Aug Sep Oct Nov Dec
2005: Jan Feb Mar Apr May Jun Jul Aug Sep Oct Nov Dec
2004: Jan Feb Mar Apr May Jun Jul Aug Sep Oct Nov Dec

Report for 2017 March
                  MONTHLY CLIMATOLOGICAL SUMMARY FOR 3/2017
                                        HEAT  COOL        
     MEAN                               DEG   DEG       WIND SPEED       DOM MEAN  MEAN
DAY  TEMP  HIGH   TIME     LOW   TIME   DAYS  DAYS RAIN AVG  HI  TIME    DIR BAROM HUM
---------------------------------------------------------------------------------------
1    57.8  73.0   2:57pm  42.7   6:10am    9    2  0.00   1  13   1:35pm   W 30.22   65
2    61.9  74.9   1:52pm  48.4   3:42am    6    3  0.00   1  12   1:30pm   N 30.12   44
3    54.0  78.1   1:33pm  43.2   6:20am    7    0  0.00   0  11   2:06pm   S 30.00   72
4    55.8  63.5  12:03pm  47.8   3:31am    9    0  0.00   2  13   9:46am   S 30.00   82
5    56.5  62.0  11:57am  50.5  11:58pm    8    0  0.03   3  16  11:29am   W 30.02   77
6    52.3  60.9   1:59pm  41.3   6:13am   12    0  0.00   2  13   4:39pm   W 30.16   70
7    56.1  69.2   2:26pm  42.9   5:12am    9    0  0.00   1  10  12:37pm   W 30.15   71
8    60.8  73.7   1:27pm  48.9   6:24am    6    2  0.00   1  10   2:18pm   S 30.06   68
9    63.9  78.2  10:55am  50.3   6:03am    5    4  0.00   1   8   2:03pm  SW 30.04   67
10   63.3  77.8   1:04pm  50.9   6:18am    4    3  0.00   1  10  12:32pm  SW 30.03   72
11   59.9  73.5   1:02pm  50.5   6:13am    6    1  0.00   1   9  11:20am   S 29.99   87
12   59.0  71.3   1:27pm  53.8   7:21am    6    1  0.00   2  10   9:54pm SSW 29.99   93
13   59.2  69.5  11:46am  55.7   1:55am    5    0  0.00   2  12   6:08pm   S 30.01   94
14   61.6  76.2   3:31pm  53.6   5:36am    5    2  0.00   1   9  12:46pm  SW 30.04   86
15   62.6  77.5   1:11pm  55.9   7:44am    4    2  0.01   1  14   1:25pm WSW 30.06   87
16   60.4  67.7   5:14pm  56.1   4:07am    4    0  0.00   1  11   2:40pm   S 30.07   91
17   58.7  67.9   2:47pm  54.5   5:15am    6    0  0.01   2  10   6:01pm   S 30.03   94
18   59.8  66.9   1:16pm  55.9   5:09am    5    0  0.00   2  12   1:51pm   S 30.06   90
19   59.7  67.5   1:29pm  55.0   8:34am    5    0  0.00   2  11   1:51pm WSW 30.07   90
20   60.7  67.2   1:50pm  56.4   2:14am    4    0  0.00   2  14   2:51pm  SW 30.09   79
21   59.4  65.7   1:59pm  53.4   4:37am    6    0  0.01   1   9   5:23am   S 30.08   88
22   60.8  66.8   2:46pm  57.1  11:50pm    4    0  0.09   3  21   6:20pm   W 30.01   88
23   58.2  65.4  12:02pm  50.6   6:25am    6    0  0.00   2  15  12:00am   W 30.10   74
24   58.2  69.4   2:29pm  48.3   6:48am    7    0  0.00   2  18   3:45pm   W 30.21   80
25   59.6  66.4   2:34pm  53.4   4:53am    5    0  0.00   2  14   3:34pm   W 30.09   87
26   59.3  67.3   2:02pm  52.8   3:22am    5    0  0.00   2  12   2:20pm WSW 30.04   88
27   60.5  67.3   2:19pm  54.3   3:14am    5    0  0.00   3  23   3:51pm   W 29.99   80
28   60.4  73.5   3:34pm  49.8   6:54am    6    2  0.01   2  15   3:12pm   W 29.99   74
29   63.2  76.6   3:31pm  49.6   6:43am    5    3  0.00   1  10   4:13pm   S 30.01   69
30   60.2  65.9  10:34am  52.3   6:59am    5    0  0.00   3  16  11:18am   S 29.89   81
31   61.8  68.3   3:10pm  53.6  11:37pm    3    0  0.00   4  23   3:15am  NW 29.81   44
---------------------------------------------------------------------------------------
TOT  59.6  78.2   3/9/17  41.3   3/6/17  179   24  0.16   2  23  3/31/17   S 30.05   78

HEAT BASE: 65.0
COOL BASE: 65.0