NOAA-Style Climate Reports

Select a Year or Month report
2019: Jan Feb Mar Apr May Jun Jul Aug Sep Oct Nov Dec
2018: Jan Feb Mar Apr May Jun Jul Aug Sep Oct Nov Dec
2017: Jan Feb Mar Apr May Jun Jul Aug Sep Oct Nov Dec
2016: Jan Feb Mar Apr May Jun Jul Aug Sep Oct Nov Dec
2015: Jan Feb Mar Apr May Jun Jul Aug Sep Oct Nov Dec
2014: Jan Feb Mar Apr May Jun Jul Aug Sep Oct Nov Dec
2013: Jan Feb Mar Apr May Jun Jul Aug Sep Oct Nov Dec
2012: Jan Feb Mar Apr May Jun Jul Aug Sep Oct Nov Dec
2011: Jan Feb Mar Apr May Jun Jul Aug Sep Oct Nov Dec
2010: Jan Feb Mar Apr May Jun Jul Aug Sep Oct Nov Dec
2009: Jan Feb Mar Apr May Jun Jul Aug Sep Oct Nov Dec
2008: Jan Feb Mar Apr May Jun Jul Aug Sep Oct Nov Dec
2007: Jan Feb Mar Apr May Jun Jul Aug Sep Oct Nov Dec
2006: Jan Feb Mar Apr May Jun Jul Aug Sep Oct Nov Dec
2005: Jan Feb Mar Apr May Jun Jul Aug Sep Oct Nov Dec
2004: Jan Feb Mar Apr May Jun Jul Aug Sep Oct Nov Dec

Report for 2019 July
                  MONTHLY CLIMATOLOGICAL SUMMARY FOR 7/2019
                                        HEAT  COOL        
     MEAN                               DEG   DEG       WIND SPEED       DOM MEAN  MEAN
DAY  TEMP  HIGH   TIME     LOW   TIME   DAYS  DAYS RAIN AVG  HI  TIME    DIR BAROM HUM
---------------------------------------------------------------------------------------
1    67.9  75.4   4:28pm  60.1   6:03am    1    4  0.01   1  11  12:48pm SSW 29.94   87
2    67.6  73.2   4:34pm  62.3   3:43am    0    3  0.00   2  11  10:37am   S 29.91   86
3    67.6  71.6   3:11pm  64.9  12:32am    0    2  0.00   1  13  10:40am   S 29.89   82
4    67.7  73.6   3:50pm  63.5  11:35pm    0    3  0.00   1  12   4:23pm   S 29.92   83
5    67.5  73.2   2:54pm  63.6  12:00am    0    3  0.00   1  10   2:37pm SSW 29.99   84
6    66.7  72.6  12:52pm  64.4   6:10am    0    2  0.00   1  12   1:08pm   S 29.99   87
7    66.1  71.1   1:13pm  63.4   4:32am    0    1  0.00   1  13   1:37pm   S 29.97   85
8    67.2  72.4   3:05pm  63.8   1:27am    0    2  0.00   1  12   1:36pm   S 29.99   80
9    69.1  75.1   3:00pm  64.6  11:50pm    0    4  0.00   1  12   3:06pm WSW 30.01   80
10   68.8  74.6   2:52pm  63.8   1:29am    0    3  0.00   1  11   4:46pm WSW 30.02   85
11   68.4  75.2   4:06pm  62.8   3:38am    0    4  0.00   1  12   2:46pm SSW 29.96   88
12   67.7  74.1   5:01pm  63.8   7:06am    0    3  0.00   1  11  12:54pm SSW 29.85   91
13   66.9  72.3   1:55pm  63.9   5:37am    0    2  0.00   2  13   4:52pm   S 29.86   93
14   68.7  75.4   1:44pm  64.5   3:34am    0    4  0.00   1  12   2:43pm SSW 29.95   90
15   68.3  74.7   4:26pm  63.8   6:54am    0    3  0.00   1  11   2:43pm SSW 29.90   90
16   67.4  72.8   2:18pm  64.0   6:32am    0    3  0.00   2  14   4:48pm   S 29.84   93
17   67.6  71.0   3:32pm  65.4   4:25am    0    3  0.00   2  18  11:45am   S 29.92   88
18   68.4  75.7   3:22pm  63.1  11:48pm    0    3  0.00   1  13   5:50pm WSW 29.95   85
19   67.8  72.8   4:31pm  63.2  12:00am    0    3  0.00   1  14   1:42pm SSW 29.93   82
20   65.6  66.2   5:44am  64.5  12:00am    0    0  0.00   0   0  12:00am   N 29.94   88
---------------------------------------------------------------------------------------
TOT  67.7  75.7  7/18/19  60.1   7/1/19    4   53  0.01   1  18  7/17/19   S 29.94   86

HEAT BASE: 65.0
COOL BASE: 65.0