NOAA-Style Climate Reports

Select a Year or Month report
2019: Jan Feb Mar Apr May Jun Jul Aug Sep Oct Nov Dec
2018: Jan Feb Mar Apr May Jun Jul Aug Sep Oct Nov Dec
2017: Jan Feb Mar Apr May Jun Jul Aug Sep Oct Nov Dec
2016: Jan Feb Mar Apr May Jun Jul Aug Sep Oct Nov Dec
2015: Jan Feb Mar Apr May Jun Jul Aug Sep Oct Nov Dec
2014: Jan Feb Mar Apr May Jun Jul Aug Sep Oct Nov Dec
2013: Jan Feb Mar Apr May Jun Jul Aug Sep Oct Nov Dec
2012: Jan Feb Mar Apr May Jun Jul Aug Sep Oct Nov Dec
2011: Jan Feb Mar Apr May Jun Jul Aug Sep Oct Nov Dec
2010: Jan Feb Mar Apr May Jun Jul Aug Sep Oct Nov Dec
2009: Jan Feb Mar Apr May Jun Jul Aug Sep Oct Nov Dec
2008: Jan Feb Mar Apr May Jun Jul Aug Sep Oct Nov Dec
2007: Jan Feb Mar Apr May Jun Jul Aug Sep Oct Nov Dec
2006: Jan Feb Mar Apr May Jun Jul Aug Sep Oct Nov Dec
2005: Jan Feb Mar Apr May Jun Jul Aug Sep Oct Nov Dec
2004: Jan Feb Mar Apr May Jun Jul Aug Sep Oct Nov Dec

Report for 2019 October
                  MONTHLY CLIMATOLOGICAL SUMMARY FOR 10/2019
                                        HEAT  COOL        
     MEAN                               DEG   DEG       WIND SPEED       DOM MEAN  MEAN
DAY  TEMP  HIGH   TIME     LOW   TIME   DAYS  DAYS RAIN AVG  HI  TIME    DIR BAROM HUM
---------------------------------------------------------------------------------------
1    63.5  72.9   4:32pm  53.3   6:41am    3    2  0.00   1  10  12:50pm   S 29.86   78
2    65.2  76.0   2:25pm  53.7   6:54am    3    3  0.00   1  11  11:53am   W 29.92   78
3    64.9  74.6   3:45pm  54.8   7:04am    3    3  0.01   0  10   1:03pm   S 29.93   81
4    64.4  74.9   3:28pm  52.8   6:10am    3    3  0.00   0   9   1:58pm   S 29.98   81
5    64.7  77.2   2:18pm  53.0   6:52am    4    3  0.01   0   8   1:26pm WSW 30.00   82
6    66.9  82.7  12:45pm  52.7   7:07am    3    5  0.00   0  11   4:02pm   W 29.98   75
7    66.5  81.9   3:49pm  55.7   7:08am    2    4  0.01   1  10   1:25pm WSW 29.93   82
8    65.6  74.9   3:37pm  59.9   8:31am    2    2  0.00   1   9   3:59pm   S 29.86   90
9    64.9  68.9  12:51pm  60.6  12:00am    1    1  0.00   1  11  11:02am   S 29.85   85
10   66.5  74.0   3:00pm  60.1   7:11am    1    2  0.00   0   9   1:56pm WSW 29.88   77
11   72.3  87.5   1:15pm  57.0   2:57am    1    8  0.00   1  10  10:27pm   W 29.90   37
12   64.9  76.4  12:26pm  51.6   7:13am    3    3  0.00   0  10   2:36pm WSW 29.85   70
13   63.6  71.8   1:49pm  53.2   6:31am    3    2  0.01   1  11   1:29pm   S 29.86   87
14   64.7  72.0   2:36pm  58.5   6:55am    2    2  0.00   0  10  12:44pm WSW 29.92   84
15   65.8  78.7   2:08pm  54.7   6:42am    3    3  0.00   1  12   4:00pm   W 29.96   85
16   67.2  82.6   2:58pm  56.5   6:48am    2    4  0.01   1  13  11:59am   S 29.88   85
17   65.4  71.0   1:30pm  59.9   4:13am    1    2  0.01   1  15   3:24pm   S 29.80   89
18   64.5  73.9   1:38pm  56.5   6:51am    3    2  0.00   1  14   4:32pm   W 29.89   83
19   63.5  75.3   3:43pm  53.6   5:50am    4    2  0.01   0   9   1:23pm SSW 29.89   84
20   56.6  57.8   3:10am  55.3   2:18am    1    0  0.00   0   0  12:02am   N 29.86   94
---------------------------------------------------------------------------------------
TOT  65.5  87.5 10/11/19  51.6 10/12/19   47   55  0.07   1  15 10/17/19   S 29.90   80

HEAT BASE: 65.0
COOL BASE: 65.0