NOAA-Style Climate Reports

Select a Year or Month report
2021: Jan Feb Mar Apr May Jun Jul Aug Sep Oct Nov Dec
2020: Jan Feb Mar Apr May Jun Jul Aug Sep Oct Nov Dec
2019: Jan Feb Mar Apr May Jun Jul Aug Sep Oct Nov Dec
2018: Jan Feb Mar Apr May Jun Jul Aug Sep Oct Nov Dec
2017: Jan Feb Mar Apr May Jun Jul Aug Sep Oct Nov Dec
2016: Jan Feb Mar Apr May Jun Jul Aug Sep Oct Nov Dec
2015: Jan Feb Mar Apr May Jun Jul Aug Sep Oct Nov Dec
2014: Jan Feb Mar Apr May Jun Jul Aug Sep Oct Nov Dec
2013: Jan Feb Mar Apr May Jun Jul Aug Sep Oct Nov Dec
2012: Jan Feb Mar Apr May Jun Jul Aug Sep Oct Nov Dec
2011: Jan Feb Mar Apr May Jun Jul Aug Sep Oct Nov Dec
2010: Jan Feb Mar Apr May Jun Jul Aug Sep Oct Nov Dec
2009: Jan Feb Mar Apr May Jun Jul Aug Sep Oct Nov Dec
2008: Jan Feb Mar Apr May Jun Jul Aug Sep Oct Nov Dec
2007: Jan Feb Mar Apr May Jun Jul Aug Sep Oct Nov Dec
2006: Jan Feb Mar Apr May Jun Jul Aug Sep Oct Nov Dec
2005: Jan Feb Mar Apr May Jun Jul Aug Sep Oct Nov Dec
2004: Jan Feb Mar Apr May Jun Jul Aug Sep Oct Nov Dec

Report for 2004 April
                  MONTHLY CLIMATOLOGICAL SUMMARY FOR 4/2004
                                        HEAT  COOL        
     MEAN                               DEG   DEG       WIND SPEED       DOM MEAN  MEAN
DAY  TEMP  HIGH   TIME     LOW   TIME   DAYS  DAYS RAIN AVG  HI  TIME    DIR BAROM HUM
---------------------------------------------------------------------------------------
1    55.3  67.6   3:11pm  39.5   5:00am   10    0  0.00   5  27   1:13pm  NW 29.92   52
2    60.9  71.5   4:41pm  48.3  11:58pm    5    1  0.00   3  25  12:43am  NW 29.77   33
3    59.3  75.8  11:56am  44.9  11:57pm    9    3  0.00   1  13  12:14pm   N 29.90   53
4    53.7  62.9   2:18pm  43.9  12:59am   11    0  0.00   2  14   2:54pm   N 29.99   71
5    52.7  61.0   2:23pm  48.0   1:14am   12    0  0.00   3  22   6:30pm NNE 30.04   64
6    52.3  61.8   2:15pm  42.1   7:12am   13    0  0.00   2  18   4:15pm   W 30.06   66
7    56.0  72.5   2:14pm  41.1   6:53am   10    2  0.00   1  16   6:11pm   N 30.03   69
8    56.5  73.9   2:31pm  45.7   3:10am    9    1  0.00   1  12   3:28pm   N 29.94   76
9    61.8  79.9   5:04pm  50.2   7:07am    7    4  0.00   1  12   1:18pm   N 29.96   66
10   62.1  83.2   3:32pm  46.1   5:13am    7    4  0.00   1  16  12:04pm   N 29.91   63
11   56.0  70.3   2:09pm  45.4   3:51am   10    0  0.00   1  13   4:07pm   N 29.96   78
12   57.0  65.8   1:50pm  47.7  11:51pm    8    0  0.00   1  13   1:20pm   N 30.02   70
13   53.5  63.2   2:43pm  43.5   7:13am   11    0  0.00   3  19   3:25pm   W 30.08   65
14   56.2  67.8   2:41pm  46.4   7:04am    9    0  0.00   1  13   2:49pm   W 30.07   64
15   52.6  60.7  12:30pm  42.5  11:30pm   12    0  0.00   2  14   1:30pm WNW 30.03   62
16   50.7  63.9   1:40pm  39.8   7:39am   14    0  0.00   1  16   2:39pm   W 29.99   66
17   50.1  60.2   2:41pm  41.6   6:28am   15    0  0.03   2  20   3:32pm   W 30.00   71
18   50.0  61.0   1:58pm  40.3   4:23am   15    0  0.05   1  10   9:23am SSE 30.15   78
19   55.2  65.3   5:37pm  46.1   1:10am   10    0  0.00   3  24   3:48pm SSE 30.14   71
20   58.7  67.3   3:24pm  54.1  12:32am    6    0  0.01   2  14   1:11am SSE 30.12   72
21   55.5  65.6   1:29pm  45.1  11:38pm   10    0  0.00   3  21   2:38pm   W 30.07   69
22   57.6  75.1   5:28pm  40.8   6:16am   10    2  0.00   2  18  12:07pm  NW 30.04   54
23   64.4  81.1   5:10pm  47.0   6:32am    5    5  0.00   2  19   5:32pm   N 30.00   47
24   66.4  85.1   4:57pm  47.4   5:27am    5    7  0.00   1  12   4:58pm   N 29.94   51
25   71.4  88.8   4:31pm  53.6   6:21am    3   10  0.00   1  12   3:25pm WNW 29.95   42
26   75.2  93.6   5:16pm  56.2   6:11am    2   12  0.00   1  13  12:14pm WSW 29.99   34
27   75.0  92.3   2:31pm  58.4   6:33am    1   11  0.00   2  17   2:19pm   W 29.95   33
28   64.3  78.6   4:06pm  50.5   4:07am    5    4  0.00   2  14   1:27pm   N 29.73   59
29   67.4  79.8   4:37pm  52.5  11:56pm    2    5  0.00   3  17   4:39pm   N 29.78   32
30   61.1  76.5   4:34pm  46.5   6:21am    7    3  0.00   2  13   2:05pm   N 29.99   59
---------------------------------------------------------------------------------------
TOT  59.0  93.6  4/26/04  39.5   4/1/04  254   74  0.09   2  27   4/1/04   N 29.98   60

HEAT BASE: 65.0
COOL BASE: 65.0