NOAA-Style Climate Reports

Select a Year or Month report
2021: Jan Feb Mar Apr May Jun Jul Aug Sep Oct Nov Dec
2020: Jan Feb Mar Apr May Jun Jul Aug Sep Oct Nov Dec
2019: Jan Feb Mar Apr May Jun Jul Aug Sep Oct Nov Dec
2018: Jan Feb Mar Apr May Jun Jul Aug Sep Oct Nov Dec
2017: Jan Feb Mar Apr May Jun Jul Aug Sep Oct Nov Dec
2016: Jan Feb Mar Apr May Jun Jul Aug Sep Oct Nov Dec
2015: Jan Feb Mar Apr May Jun Jul Aug Sep Oct Nov Dec
2014: Jan Feb Mar Apr May Jun Jul Aug Sep Oct Nov Dec
2013: Jan Feb Mar Apr May Jun Jul Aug Sep Oct Nov Dec
2012: Jan Feb Mar Apr May Jun Jul Aug Sep Oct Nov Dec
2011: Jan Feb Mar Apr May Jun Jul Aug Sep Oct Nov Dec
2010: Jan Feb Mar Apr May Jun Jul Aug Sep Oct Nov Dec
2009: Jan Feb Mar Apr May Jun Jul Aug Sep Oct Nov Dec
2008: Jan Feb Mar Apr May Jun Jul Aug Sep Oct Nov Dec
2007: Jan Feb Mar Apr May Jun Jul Aug Sep Oct Nov Dec
2006: Jan Feb Mar Apr May Jun Jul Aug Sep Oct Nov Dec
2005: Jan Feb Mar Apr May Jun Jul Aug Sep Oct Nov Dec
2004: Jan Feb Mar Apr May Jun Jul Aug Sep Oct Nov Dec

Report for 2004 May
                  MONTHLY CLIMATOLOGICAL SUMMARY FOR 5/2004
                                        HEAT  COOL        
     MEAN                               DEG   DEG       WIND SPEED       DOM MEAN  MEAN
DAY  TEMP  HIGH   TIME     LOW   TIME   DAYS  DAYS RAIN AVG  HI  TIME    DIR BAROM HUM
---------------------------------------------------------------------------------------
1    63.2  82.6   5:08pm  46.7   4:59am    6    5  0.00   1  14   1:40pm   N 30.06   59
2    69.5  89.7   4:11pm  51.9   6:30am    4    8  0.00   1  13   5:18pm   N 30.01   48
3    66.9  83.6   4:20pm  51.6   6:20am    4    6  0.00   1  12   3:38pm   N 29.92   61
4    60.8  74.2   2:31pm  47.6   6:15am    6    2  0.00   2  14   5:29pm   N 29.87   66
5    57.7  68.8   4:49pm  45.1   6:25am    8    1  0.00   2  12   1:22pm   N 29.88   64
6    60.3  77.6   1:39pm  46.0   6:18am    7    2  0.00   1  19   2:10pm SSE 29.91   58
7    62.6  75.6   5:51pm  49.9   6:12am    5    2  0.00   1  14   2:55pm   W 30.00   64
8    59.6  70.6   3:45pm  47.7   6:19am    7    1  0.00   3  18   3:45pm   W 30.07   61
9    58.7  73.9   3:00pm  45.1   6:01am    8    2  0.00   2  22   5:07pm   N 29.97   58
10   57.2  66.6   2:54pm  48.5  11:56pm    8    0  0.00   5  26   5:19am   W 29.94   56
11   54.5  62.4  12:57pm  43.5   6:24am   10    0  0.00   3  22   1:15pm   N 29.92   63
12   59.6  76.0   3:55pm  43.9   4:52am    8    3  0.00   1  17   2:39pm   N 29.93   56
13   59.1  73.9   1:22pm  45.4   2:57am    8    2  0.00   1  13   2:35pm   N 29.96   65
14   60.9  77.2   1:38pm  44.2   4:48am    7    3  0.00   1  14   2:06pm   N 29.93   60
15   59.6  73.3   4:30pm  47.1   3:07am    7    2  0.00   1  14   4:20pm   N 29.89   65
16   58.9  74.6   2:59pm  45.8   4:49am    8    2  0.00   2  18   3:30pm WNW 29.84   61
17   56.7  66.6   2:30pm  46.0   4:30am    8    0  0.00   3  24   4:00pm WNW 29.93   67
18   58.6  68.4   3:34pm  47.7   3:30am    7    1  0.00   3  21   2:34pm   N 30.04   63
19   58.7  75.1   4:42pm  44.9   5:55am    8    2  0.00   2  16   3:04pm   N 29.95   65
20    0.0   0.0   6:18am   0.0   6:18am    0    0  0.00   0   0   6:18am ---  0.00    0
21   56.6  62.9   3:01pm  54.4   6:43am    6    0  0.00   4  18   4:50pm   W 29.18   64
22   57.2  66.6   4:10pm  51.9  10:16pm    8    0  0.00   3  21   4:50pm   W 30.00   69
23    0.0   0.0   6:48am   0.0   6:48am    0    0  0.00   0   0   6:48am ---  0.00    0
24
25   62.6  71.8   4:09pm   0.0   6:48am    3    2  0.00   3  17   3:50pm   N 29.03   60
26   62.9  75.8   1:43pm  49.5   5:57am    5    3  0.00   2  13   2:54pm   N 29.90   69
27   64.7  76.3  11:58am  56.5   6:21am    3    3  0.00   2  14   2:21pm   N 29.94   67
28   60.3  68.1   1:41pm  53.2  11:59pm    5    0  0.09   3  25   4:30pm WNW 29.96   72
29   61.8  77.4   4:22pm  45.2   5:19am    7    3  0.00   2  14  12:59pm   N 29.99   55
30   63.9  80.5   2:29pm  46.1   6:02am    6    5  0.00   1  12   3:15pm   N 29.98   59
31   66.2  83.4   1:42pm  49.6   5:23am    5    6  0.00   1  13   2:47pm   N 29.88   56
---------------------------------------------------------------------------------------
TOT  60.5  89.7   5/2/04   0.0  5/21/04  182   65  0.09   2  26  5/10/04   N 29.90   62

HEAT BASE: 65.0
COOL BASE: 65.0