NOAA-Style Climate Reports

Select a Year or Month report
2021: Jan Feb Mar Apr May Jun Jul Aug Sep Oct Nov Dec
2020: Jan Feb Mar Apr May Jun Jul Aug Sep Oct Nov Dec
2019: Jan Feb Mar Apr May Jun Jul Aug Sep Oct Nov Dec
2018: Jan Feb Mar Apr May Jun Jul Aug Sep Oct Nov Dec
2017: Jan Feb Mar Apr May Jun Jul Aug Sep Oct Nov Dec
2016: Jan Feb Mar Apr May Jun Jul Aug Sep Oct Nov Dec
2015: Jan Feb Mar Apr May Jun Jul Aug Sep Oct Nov Dec
2014: Jan Feb Mar Apr May Jun Jul Aug Sep Oct Nov Dec
2013: Jan Feb Mar Apr May Jun Jul Aug Sep Oct Nov Dec
2012: Jan Feb Mar Apr May Jun Jul Aug Sep Oct Nov Dec
2011: Jan Feb Mar Apr May Jun Jul Aug Sep Oct Nov Dec
2010: Jan Feb Mar Apr May Jun Jul Aug Sep Oct Nov Dec
2009: Jan Feb Mar Apr May Jun Jul Aug Sep Oct Nov Dec
2008: Jan Feb Mar Apr May Jun Jul Aug Sep Oct Nov Dec
2007: Jan Feb Mar Apr May Jun Jul Aug Sep Oct Nov Dec
2006: Jan Feb Mar Apr May Jun Jul Aug Sep Oct Nov Dec
2005: Jan Feb Mar Apr May Jun Jul Aug Sep Oct Nov Dec
2004: Jan Feb Mar Apr May Jun Jul Aug Sep Oct Nov Dec

Report for 2004 June
                  MONTHLY CLIMATOLOGICAL SUMMARY FOR 6/2004
                                        HEAT  COOL        
     MEAN                               DEG   DEG       WIND SPEED       DOM MEAN  MEAN
DAY  TEMP  HIGH   TIME     LOW   TIME   DAYS  DAYS RAIN AVG  HI  TIME    DIR BAROM HUM
---------------------------------------------------------------------------------------
1    66.7  83.8   5:35pm  47.3   5:37am    5    7  0.00   1  14   4:07pm   N 29.81   55
2    63.9  77.6   2:38pm  49.1   6:03am    5    4  0.00   2  12   3:01pm  NE 29.81   63
3    60.7  71.8   1:07pm  50.7   2:25am    6    1  0.00   1  13   1:21pm   N 29.94   71
4    61.2  70.8  11:29am  48.5   2:35am    5    2  0.00   1  13  12:59pm   N 30.01   70
5    65.0  81.6   3:21pm  47.7   5:50am    5    5  0.00   2  16   3:34pm   N 29.96   64
6    65.8  82.4   2:14pm  49.1   5:43am    4    5  0.00   2  17   3:19pm   N 29.85   56
7    60.4  70.1  12:32pm  50.7   4:02am    6    1  0.00   3  28   4:01pm   N 29.81   55
8    56.9  67.3  11:35am  46.2   4:33am    8    0  0.00   3  27   4:33pm   W 29.84   63
9    60.8  76.5   2:31pm  48.3   5:45am    6    2  0.00   2  18   4:32pm   N 29.93   65
10   61.6  72.3   4:44pm  52.0  11:58pm    5    2  0.00   2  14   1:33pm WNW 30.02   63
11   61.3  77.0   4:46pm  45.2   5:46am    6    3  0.00   1  17   5:31pm   N 29.95   57
12   62.8  78.5   6:37pm  47.0   5:57am    6    4  0.00   1  12   1:11pm   N 29.95   58
13   64.5  80.3   3:51pm  48.3   5:24am    5    4  0.00   2  21   5:29pm   N 30.00   59
14   68.4  88.0   2:11pm  52.2   5:45am    3    7  0.00   1  12   2:36pm   N 29.87   60
15   74.8  96.8   2:54pm  55.7   6:28am    2   12  0.00   1  13   3:07pm   N 29.72   49
16   69.6  84.1   1:52pm  55.7   6:06am    2    6  0.00   1  13   8:15pm   N 29.73   57
17   66.0  78.8   2:35pm  52.5   6:12am    3    4  0.00   3  17   6:01pm SSE 29.86   61
18   63.9  76.1   2:23pm  52.8   3:56am    4    3  0.00   1  14   3:36pm   N 29.94   66
19   63.3  71.1  11:59am  58.7  11:33pm    3    1  0.00   1  13   2:04pm   N 30.02   69
20   61.7  69.4   5:08pm  53.5   6:07am    4    1  0.00   2  13   4:58pm   N 30.01   70
21   62.3  72.0   3:08pm  51.9   6:31am    5    2  0.00   1  14   3:31pm  NE 29.89   67
22   61.5  72.3   3:51pm  49.9   4:56am    5    2  0.00   2  14   2:35pm   N 29.86   68
23   61.1  71.8   4:35pm  48.5   5:42am    6    2  0.00   1  13   3:54pm   N 29.96   66
24   62.6  75.8   4:57pm  48.6   5:49am    5    3  0.00   2  16   2:07pm   N 30.05   63
25   67.4  84.0   4:59pm  49.8   3:49am    4    7  0.00   2  20   5:15pm NNE 30.05   53
26   67.3  82.8   2:43pm  53.5   5:30am    3    5  0.00   2  17   2:56pm   N 29.98   56
27   66.5  82.0   1:52pm  49.8   5:45am    4    6  0.00   1  13   2:51pm   N 29.83   62
28   66.0  82.2   2:18pm  51.6   4:46am    4    5  0.00   2  13   1:48pm   N 29.82   64
29   66.1  77.0   3:00pm  55.4   3:05am    3    4  0.00   1  13   2:41pm   N 29.88   62
30   66.6  81.8   1:35pm  53.5   6:15am    3    5  0.00   1  18  12:12pm SSE 29.93   61
---------------------------------------------------------------------------------------
TOT  64.2  96.8  6/15/04  45.2  6/11/04  135  112  0.00   2  28   6/7/04   N 29.91   62

HEAT BASE: 65.0
COOL BASE: 65.0