NOAA-Style Climate Reports

Select a Year or Month report
2021: Jan Feb Mar Apr May Jun Jul Aug Sep Oct Nov Dec
2020: Jan Feb Mar Apr May Jun Jul Aug Sep Oct Nov Dec
2019: Jan Feb Mar Apr May Jun Jul Aug Sep Oct Nov Dec
2018: Jan Feb Mar Apr May Jun Jul Aug Sep Oct Nov Dec
2017: Jan Feb Mar Apr May Jun Jul Aug Sep Oct Nov Dec
2016: Jan Feb Mar Apr May Jun Jul Aug Sep Oct Nov Dec
2015: Jan Feb Mar Apr May Jun Jul Aug Sep Oct Nov Dec
2014: Jan Feb Mar Apr May Jun Jul Aug Sep Oct Nov Dec
2013: Jan Feb Mar Apr May Jun Jul Aug Sep Oct Nov Dec
2012: Jan Feb Mar Apr May Jun Jul Aug Sep Oct Nov Dec
2011: Jan Feb Mar Apr May Jun Jul Aug Sep Oct Nov Dec
2010: Jan Feb Mar Apr May Jun Jul Aug Sep Oct Nov Dec
2009: Jan Feb Mar Apr May Jun Jul Aug Sep Oct Nov Dec
2008: Jan Feb Mar Apr May Jun Jul Aug Sep Oct Nov Dec
2007: Jan Feb Mar Apr May Jun Jul Aug Sep Oct Nov Dec
2006: Jan Feb Mar Apr May Jun Jul Aug Sep Oct Nov Dec
2005: Jan Feb Mar Apr May Jun Jul Aug Sep Oct Nov Dec
2004: Jan Feb Mar Apr May Jun Jul Aug Sep Oct Nov Dec

Report for 2004 September
                  MONTHLY CLIMATOLOGICAL SUMMARY FOR 9/2004
                                        HEAT  COOL        
     MEAN                               DEG   DEG       WIND SPEED       DOM MEAN  MEAN
DAY  TEMP  HIGH   TIME     LOW   TIME   DAYS  DAYS RAIN AVG  HI  TIME    DIR BAROM HUM
---------------------------------------------------------------------------------------
1    67.1  74.7   1:22pm  58.1  11:58pm    1    3  0.00   1  13  12:57pm   N 29.95   70
2    65.1  78.1   1:01pm  50.8   6:47am    4    5  0.00   1  13   5:18pm   N 29.79   62
3    69.2  85.3   4:55pm  52.0   6:24am    4    8  0.00   2  16   1:39pm WNW 29.71   40
4    77.7  92.3   5:40pm  61.8   1:17am    0   13  0.00   2  16   2:51pm  NW 29.76   26
5    71.0  96.1   4:50pm  65.6   4:22am    0    6  0.00   0  11   5:58pm   N 29.79   37
6    77.9  95.4   2:30pm  60.9   7:00am    1   13  0.00   1  14   4:30pm   N 29.85   34
7    76.3  94.9   2:30pm  58.9   7:00am    1   12  0.00   1  11   3:00pm   N 29.79   34
8    75.5  95.1   3:00pm  57.8   7:00am    1   11  0.00   1  11   4:00pm   N 29.76   42
9    68.9  85.3  12:46pm  54.1   6:52am    3    7  0.00   1  12   3:29pm   N 29.78   57
10   64.8  79.6   3:50pm  49.5   6:34am    5    4  0.00   1  11   1:44pm   N 29.86   62
11   66.8  84.0   3:25pm  51.7   6:21am    4    6  0.00   1  13   2:42pm   N 29.90   66
12   66.1  77.0   2:58pm  56.9  11:54pm    2    4  0.00   2  17   4:10pm   N 29.90   63
13   63.9  77.4   2:47pm  51.9   6:35am    5    4  0.00   2  17   5:15pm   N 29.87   63
14   68.2  86.1   5:38pm  52.8   2:50am    4    7  0.00   1  12  10:20am   N 29.80   52
15   72.3  90.5   4:11pm  55.4   6:32am    2   10  0.00   1  14  12:24pm   N 29.76   46
16   68.2  81.8   2:11pm  57.0   5:53am    2    5  0.00   1  11   3:38pm   N 29.77   59
17   64.5  79.8   2:27pm  52.9   4:09am    4    4  0.00   2  20   2:35pm WNW 29.78   55
18   59.9  65.0  12:00pm  51.9  10:39pm    5    0  0.00   3  16   8:15am WNW 29.81   53
19   56.9  65.5   1:54pm  49.1  11:58pm    8    0  0.00   2  21   2:17pm   W 29.82   65
20   57.9  69.9   4:47pm  44.3   7:08am    8    1  0.00   2  13   4:52pm   N 30.05   61
21   63.3  78.8   4:09pm  47.9   7:09am    6    5  0.00   1  14  12:47pm   N 30.08   42
22   67.9  83.4   4:00pm  52.6   7:24am    4    7  0.00   1  12   3:16pm   N 29.98   35
23   69.5  86.3   3:53pm  54.5   6:13am    3    7  0.00   1  10   3:38pm   N 29.94   37
24   69.2  88.0   4:26pm  56.5   6:55am    3    7  0.00   1  10   1:18pm   N 29.92   43
25   63.7  77.6   3:25pm  53.2   3:40am    4    3  0.00   1  10   4:05pm   N 29.94   68
26   64.2  82.0   2:21pm  48.0   6:13am    6    5  0.00   1  11   4:28pm   N 29.88   55
27   58.2  69.1   3:26pm  45.5   7:00am    7    1  0.00   1  13   1:39pm   N 29.91   70
28   62.9  70.9   5:09pm  55.3  11:44pm    4    2  0.00   1  13   1:49pm   N 29.91   62
29   59.4  70.3   2:00pm  49.4   6:39am    6    1  0.00   1  10   2:43pm   N 29.86   72
30   58.5  66.8   1:51pm  49.2  11:55pm    6    0  0.00   3  17  12:35pm SSE 29.82   68
---------------------------------------------------------------------------------------
TOT  66.5  96.1   9/5/04  44.3  9/20/04  114  159  0.00   1  21  9/19/04   N 29.86   53

HEAT BASE: 65.0
COOL BASE: 65.0