NOAA-Style Climate Reports

Select a Year or Month report
2021: Jan Feb Mar Apr May Jun Jul Aug Sep Oct Nov Dec
2020: Jan Feb Mar Apr May Jun Jul Aug Sep Oct Nov Dec
2019: Jan Feb Mar Apr May Jun Jul Aug Sep Oct Nov Dec
2018: Jan Feb Mar Apr May Jun Jul Aug Sep Oct Nov Dec
2017: Jan Feb Mar Apr May Jun Jul Aug Sep Oct Nov Dec
2016: Jan Feb Mar Apr May Jun Jul Aug Sep Oct Nov Dec
2015: Jan Feb Mar Apr May Jun Jul Aug Sep Oct Nov Dec
2014: Jan Feb Mar Apr May Jun Jul Aug Sep Oct Nov Dec
2013: Jan Feb Mar Apr May Jun Jul Aug Sep Oct Nov Dec
2012: Jan Feb Mar Apr May Jun Jul Aug Sep Oct Nov Dec
2011: Jan Feb Mar Apr May Jun Jul Aug Sep Oct Nov Dec
2010: Jan Feb Mar Apr May Jun Jul Aug Sep Oct Nov Dec
2009: Jan Feb Mar Apr May Jun Jul Aug Sep Oct Nov Dec
2008: Jan Feb Mar Apr May Jun Jul Aug Sep Oct Nov Dec
2007: Jan Feb Mar Apr May Jun Jul Aug Sep Oct Nov Dec
2006: Jan Feb Mar Apr May Jun Jul Aug Sep Oct Nov Dec
2005: Jan Feb Mar Apr May Jun Jul Aug Sep Oct Nov Dec
2004: Jan Feb Mar Apr May Jun Jul Aug Sep Oct Nov Dec

Report for 2004 November
                  MONTHLY CLIMATOLOGICAL SUMMARY FOR 11/2004
                                        HEAT  COOL        
     MEAN                               DEG   DEG       WIND SPEED       DOM MEAN  MEAN
DAY  TEMP  HIGH   TIME     LOW   TIME   DAYS  DAYS RAIN AVG  HI  TIME    DIR BAROM HUM
---------------------------------------------------------------------------------------
1    55.1  67.1   2:31pm  43.9   5:59am   10    0  0.00   1  13   1:14pm   N 30.25   43
2    54.9  67.8  12:31pm  43.1   6:59am   11    0  0.00   0   7   2:22pm   N 30.22   54
3    51.6  56.9  10:00am  44.9  11:25pm   13    0  0.07   2  20  11:41am   W 29.99   73
4    46.6  52.8   2:53pm  40.3   6:28am   18    0  0.01   0  11   3:27pm   N 29.96   83
5    52.4  63.7   2:15pm  43.8   6:33am   13    0  0.01   0  10   2:40pm   N 30.02   69
6    52.6  67.6   2:11pm  41.1   6:45am   12    0  0.00   0   6  11:53am   N 29.95   72
7    54.2  62.4   2:42pm  49.6   7:01am   11    0  0.00   1  12   2:12pm   N 29.94   76
8    54.0  60.1   1:34pm  47.9   3:22am   11    0  0.00   0   8   7:16am SSE 30.01   78
9    55.5  60.5  12:30pm  52.0   6:46am    9    0  0.00   1  14   9:38pm SSE 30.11   71
10   55.2  63.1   1:23pm  51.1   8:49pm   10    0  0.08   2  18  12:11pm SSE 30.06   80
11   54.4  60.5  12:19pm  47.3  11:54pm   11    0  0.22   1  11   9:23am SSE 30.05   90
12   55.1  62.0  12:47pm  47.0  12:14am   10    0  0.01   2  11   9:04am WNW 30.05   80
13   55.7  64.0   3:22pm  48.3   6:19am    9    0  0.00   1  16  10:29am WNW 30.01   76
14   54.7  64.7   3:09pm  45.1   6:51am   10    0  0.00   0   7  12:57pm   N 30.08   77
15   54.1  62.9   1:30pm  47.1   6:39am   11    0  0.00   0   5  11:47am  NW 30.05   82
16   51.6  61.0   2:46pm  44.9   6:19am   13    0  0.00   0  10  11:25am   N 30.12   87
17   53.4  65.6   2:45pm  43.9   6:51am   12    0  0.00   1  10  12:17pm   N 30.21   78
18   51.1  62.0   2:45pm  43.6   6:46am   14    0  0.01   1  10  12:58pm   N 30.24   84
19   51.2  59.5   2:26pm  43.6  11:49pm   14    0  0.00   1  13   9:01am WNW 30.09   74
20   52.2  63.1   3:15pm  39.3   4:29am   13    0  0.00   3  22   7:07pm   N 30.00   44
21   50.1  58.7   3:33pm  38.0   7:03am   15    0  0.00   2  20  12:57pm   N 30.00   36
22   50.2  62.9  12:31pm  38.5   5:34am   15    0  0.00   0  12   9:22am WNW 29.98   43
23   47.3  59.5   2:55pm  37.2   6:11am   18    0  0.00   1  11   1:52pm   N 30.08   66
24   49.6  62.0   2:39pm  39.9   5:22am   15    0  0.00   0   7  11:19am   N 30.18   72
25   52.4  58.3  12:51pm  45.1   2:11am   13    0  0.00   0   8   1:25pm   N 30.13   77
26   54.5  60.5   2:51pm  50.5   6:43am   10    0  0.00   1  10   2:14am   W 30.08   75
27   52.3  57.0   2:43pm  48.8  11:45pm   13    0  0.01   4  25   8:18am WNW 29.95   73
28   48.8  55.3   2:25pm  41.5   7:32pm   16    0  0.00   4  21  10:18am  NW 30.20   39
29   42.8  52.5   2:41pm  33.8   4:12am   22    0  0.00   1  10   8:20am   W 30.36   47
30   41.7  52.5   2:37pm  31.0   7:15am   23    0  0.00   1   8   1:53pm   N 30.35   60
---------------------------------------------------------------------------------------
TOT  51.8  67.8  11/2/04  31.0 11/30/04  394    1150.06   1  25 11/27/04   N 30.09   69

HEAT BASE: 65.0
COOL BASE: 65.0