NOAA-Style Climate Reports

Select a Year or Month report
2021: Jan Feb Mar Apr May Jun Jul Aug Sep Oct Nov Dec
2020: Jan Feb Mar Apr May Jun Jul Aug Sep Oct Nov Dec
2019: Jan Feb Mar Apr May Jun Jul Aug Sep Oct Nov Dec
2018: Jan Feb Mar Apr May Jun Jul Aug Sep Oct Nov Dec
2017: Jan Feb Mar Apr May Jun Jul Aug Sep Oct Nov Dec
2016: Jan Feb Mar Apr May Jun Jul Aug Sep Oct Nov Dec
2015: Jan Feb Mar Apr May Jun Jul Aug Sep Oct Nov Dec
2014: Jan Feb Mar Apr May Jun Jul Aug Sep Oct Nov Dec
2013: Jan Feb Mar Apr May Jun Jul Aug Sep Oct Nov Dec
2012: Jan Feb Mar Apr May Jun Jul Aug Sep Oct Nov Dec
2011: Jan Feb Mar Apr May Jun Jul Aug Sep Oct Nov Dec
2010: Jan Feb Mar Apr May Jun Jul Aug Sep Oct Nov Dec
2009: Jan Feb Mar Apr May Jun Jul Aug Sep Oct Nov Dec
2008: Jan Feb Mar Apr May Jun Jul Aug Sep Oct Nov Dec
2007: Jan Feb Mar Apr May Jun Jul Aug Sep Oct Nov Dec
2006: Jan Feb Mar Apr May Jun Jul Aug Sep Oct Nov Dec
2005: Jan Feb Mar Apr May Jun Jul Aug Sep Oct Nov Dec
2004: Jan Feb Mar Apr May Jun Jul Aug Sep Oct Nov Dec

Report for 2005 March
                  MONTHLY CLIMATOLOGICAL SUMMARY FOR 3/2005
                                        HEAT  COOL        
     MEAN                               DEG   DEG       WIND SPEED       DOM MEAN  MEAN
DAY  TEMP  HIGH   TIME     LOW   TIME   DAYS  DAYS RAIN AVG  HI  TIME    DIR BAROM HUM
---------------------------------------------------------------------------------------
1    52.7  64.2  12:05pm  44.5   1:13am   12    0  0.14   3  24   3:36pm SSE 30.02   68
2    53.2  61.0   1:50pm  45.5   6:46am   12    0  0.13   2  13  12:08am   N 30.02   78
3    53.0  65.8  12:52pm  42.3   6:41am   12    0  0.23   1  18  12:25pm SSE 30.00   75
4    52.1  54.4   3:41pm  47.6  11:56pm   13    0  0.36   1  14  11:10am WNW 30.01   90
5    54.5  68.3   2:37pm  44.3   6:55am   11    0  0.00   1  12  12:23pm SSE 30.07   76
6    56.7  71.5   4:33pm  45.1   6:51am    9    1  0.00   1  14   2:09pm   N 30.09   71
7    57.3  70.6   3:41pm  47.9  12:00am    9    1  0.00   1   8   2:22pm   N 30.12   74
8    58.5  71.8   4:31pm  48.8  12:56am    8    1  0.00   1  11   2:37pm   N 30.13   77
9    60.4  74.7   3:51pm  48.9   3:50am    7    2  0.00   1  11  12:25pm   N 30.14   78
10   64.3  78.1   4:28pm  50.8   6:43am    5    4  0.00   1  17   2:21pm   N 29.97   57
11   67.1  83.6   4:27pm  51.9   6:36am    4    6  0.00   1  10  10:51am   N 29.92   54
12   57.7  63.9   3:07pm  53.2   2:35am    7    0  0.00   0   8   4:30pm  NE 29.98   82
13   57.5  66.1  12:41pm  47.4  11:23pm    8    0  0.00   1  13   2:24pm   N 29.97   74
14   58.3  69.4   3:24pm  48.3   3:13am    8    1  0.00   3  20  12:49pm   N 29.98   44
15   58.5  72.8   2:21pm  45.1   4:14am    9    2  0.00   1  12   1:13pm   N 30.02   35
16   55.5  71.6  12:56pm  40.2   6:34am   10    1  0.00   1  13   2:56pm   N 30.06   44
17   56.3  67.9  11:43am  48.2  12:24am    9    0  0.00   1  10   2:14pm   N 29.97   49
18   53.8  55.7   4:15pm  51.0   5:14am   11    0  0.26   3  26   9:11pm SSE 29.77   78
19   55.6  62.6   2:21pm  51.3  11:53pm    9    0  0.16   2  16  12:24am SSE 29.77   78
20   54.2  62.1   9:58am  49.1  11:56pm   11    0  0.16   0  12   5:20am SSE 29.98   81
21   53.3  61.8  12:28pm  46.5   6:34am   11    0  0.19   4  27  10:00pm SSE 30.04   78
22   51.9  57.5  11:11am  48.3   7:04pm   13    0  0.42   2  18   1:30am WNW 29.70   88
23   50.5  55.6   2:44pm  47.1  10:06pm   14    0  0.03   1  25  12:26pm   W 29.86   75
24   50.4  58.9   2:35pm  41.5  11:57pm   15    0  0.00   1  13   2:27pm   N 30.02   69
25   49.5  60.2   1:34pm  38.6   6:09am   15    0  0.00   2  17   2:32pm   N 30.18   68
26   54.0  67.8   1:52pm  42.2   5:19am   11    0  0.00   0   8   2:56pm   N 30.16   63
27   54.3  64.2   1:20pm  44.3   4:53am   11    0  0.37   3  26  12:44pm SSE 29.91   68
28   50.9  57.5   1:56pm  43.9  10:01pm   14    0  0.11   3  26   1:43pm   W 29.98   73
29   51.6  59.8   2:28pm  45.2  12:00am   13    0  0.08   3  21   3:04pm WNW 30.08   75
30   53.8  65.8   4:43pm  41.1   6:26am   11    0  0.00   2  14   2:56pm WNW 30.22   57
31   56.9  72.5   3:54pm  41.2   6:09am   10    1  0.00   1  11   8:38am   N 30.22   52
---------------------------------------------------------------------------------------
TOT  55.3  83.6  3/11/05  38.6  3/25/05  322   22  2.69   1  27  3/21/05 SSE 30.01   69

HEAT BASE: 65.0
COOL BASE: 65.0