NOAA-Style Climate Reports

Select a Year or Month report
2021: Jan Feb Mar Apr May Jun Jul Aug Sep Oct Nov Dec
2020: Jan Feb Mar Apr May Jun Jul Aug Sep Oct Nov Dec
2019: Jan Feb Mar Apr May Jun Jul Aug Sep Oct Nov Dec
2018: Jan Feb Mar Apr May Jun Jul Aug Sep Oct Nov Dec
2017: Jan Feb Mar Apr May Jun Jul Aug Sep Oct Nov Dec
2016: Jan Feb Mar Apr May Jun Jul Aug Sep Oct Nov Dec
2015: Jan Feb Mar Apr May Jun Jul Aug Sep Oct Nov Dec
2014: Jan Feb Mar Apr May Jun Jul Aug Sep Oct Nov Dec
2013: Jan Feb Mar Apr May Jun Jul Aug Sep Oct Nov Dec
2012: Jan Feb Mar Apr May Jun Jul Aug Sep Oct Nov Dec
2011: Jan Feb Mar Apr May Jun Jul Aug Sep Oct Nov Dec
2010: Jan Feb Mar Apr May Jun Jul Aug Sep Oct Nov Dec
2009: Jan Feb Mar Apr May Jun Jul Aug Sep Oct Nov Dec
2008: Jan Feb Mar Apr May Jun Jul Aug Sep Oct Nov Dec
2007: Jan Feb Mar Apr May Jun Jul Aug Sep Oct Nov Dec
2006: Jan Feb Mar Apr May Jun Jul Aug Sep Oct Nov Dec
2005: Jan Feb Mar Apr May Jun Jul Aug Sep Oct Nov Dec
2004: Jan Feb Mar Apr May Jun Jul Aug Sep Oct Nov Dec

Report for 2005 August
                  MONTHLY CLIMATOLOGICAL SUMMARY FOR 8/2005
                                        HEAT  COOL        
     MEAN                               DEG   DEG       WIND SPEED       DOM MEAN  MEAN
DAY  TEMP  HIGH   TIME     LOW   TIME   DAYS  DAYS RAIN AVG  HI  TIME    DIR BAROM HUM
---------------------------------------------------------------------------------------
1    69.6  88.6   4:06pm  56.9   3:11am    2    7  0.00   1  11   3:19pm   N 29.87   66
2    66.6  81.4   3:50pm  53.1   6:07am    3    5  0.00   1  11   1:09pm   N 29.86   69
3    68.2  83.4   2:39pm  57.6   2:57am    2    6  0.00   1  11   4:16pm   N 29.87   70
4    70.6  84.7   4:24pm  60.1  12:15am    1    7  0.00   1  12   1:42pm   N 29.91   65
5    70.8  88.2   4:03pm  55.6   6:26am    2    8  0.00   1  11   4:34pm   N 29.91   61
6    71.1  86.3   4:39pm  56.3   6:20am    2    8  0.00   1  11   2:23pm   N 29.88   61
7    69.3  81.8  12:44pm  57.5   6:35am    2    6  0.00   1  11   1:39pm   N 29.83   67
8    66.1  76.8   4:31pm  58.7   2:50am    2    4  0.00   1  12   2:58pm   N 29.85   73
9    67.5  82.0   4:42pm  57.0   3:09am    2    5  0.00   1  10   2:30pm   N 29.88   71
10   66.7  79.9   4:05pm  53.6   5:16am    3    5  0.00   1  10   1:16pm   N 29.93   71
11   68.6  86.7   3:35pm  51.7   5:53am    3    7  0.00   1  10   3:08pm   N 29.89   64
12   67.5  84.7   2:45pm  53.3   6:26am    3    6  0.00   1  11   3:33pm   N 29.81   67
13   63.3  72.7   2:03pm  57.6   9:37am    3    2  0.00   2  12   5:06pm  NE 29.81   70
14   64.2  75.4   2:47pm  57.3   1:52am    3    2  0.00   1  11   2:56pm   N 29.80   70
15   64.5  77.9   2:11pm  58.4   5:44am    3    2  0.00   1  11  11:14am   N 29.89   71
16   67.6  78.6   5:39pm  59.2  11:53pm    2    4  0.00   1  11  12:29pm   N 29.90   70
17   65.1  78.3   1:29pm  57.5  11:58pm    3    3  0.00   1  12   1:33pm   N 29.84   73
18   62.9  73.3   1:30pm  54.7   4:03am    4    2  0.00   2  12  12:35pm   N 29.83   74
19   63.5  70.4  11:48am  58.1   6:47am    3    1  0.00   1  13   2:14pm   N 29.89   71
20   62.5  72.7   4:50pm  57.6   4:00am    4    1  0.00   1  11   2:00pm   N 29.95   74
21   64.7  69.9   4:32pm  55.1  11:56pm    1    1  0.00   2  12   3:25pm   N 29.64   70
22   64.8  80.3   5:22pm  52.3   1:21am    4    4  0.00   1  10   1:46pm   N 29.55   67
23   65.4  81.8   2:51pm  54.5   6:42am    4    5  0.00   1  12   3:25pm   N 29.44   72
24   64.0  78.8  12:56pm  51.6   6:44am    5    4  0.00   1  12   2:41pm   N 29.46   71
25   65.2  77.2   4:57pm  57.0   7:05am    3    3  0.00   1  13   1:37pm   N 29.58   67
26   64.8  81.6   4:58pm  50.1   6:20am    5    5  0.00   1  11   1:22pm   N 29.65   65
27   67.8  84.9   4:30pm  53.8   6:45am    3    6  0.00   1  11   1:30pm  NE 29.61   60
28   68.5  85.3   4:30pm  54.8   7:00am    3    6  0.00   1   8   2:30pm   N 29.52   61
29   65.8  79.8   5:01pm  51.6   6:36am    4    5  0.00   1  11   2:14pm   N 29.53   60
30   70.5  88.8   4:52pm  53.3   6:00am    3    9  0.00   2  13   9:37am   N 29.51   43
31   73.5  93.4   3:27pm  56.5   7:06am    2   10  0.00   1  12   3:07pm   N 29.49   41
---------------------------------------------------------------------------------------
TOT  66.9  93.4  8/31/05  50.1  8/26/05   93  149  0.00   1  13  8/25/05   N 29.54   61

HEAT BASE: 65.0
COOL BASE: 65.0