NOAA-Style Climate Reports

Select a Year or Month report
2021: Jan Feb Mar Apr May Jun Jul Aug Sep Oct Nov Dec
2020: Jan Feb Mar Apr May Jun Jul Aug Sep Oct Nov Dec
2019: Jan Feb Mar Apr May Jun Jul Aug Sep Oct Nov Dec
2018: Jan Feb Mar Apr May Jun Jul Aug Sep Oct Nov Dec
2017: Jan Feb Mar Apr May Jun Jul Aug Sep Oct Nov Dec
2016: Jan Feb Mar Apr May Jun Jul Aug Sep Oct Nov Dec
2015: Jan Feb Mar Apr May Jun Jul Aug Sep Oct Nov Dec
2014: Jan Feb Mar Apr May Jun Jul Aug Sep Oct Nov Dec
2013: Jan Feb Mar Apr May Jun Jul Aug Sep Oct Nov Dec
2012: Jan Feb Mar Apr May Jun Jul Aug Sep Oct Nov Dec
2011: Jan Feb Mar Apr May Jun Jul Aug Sep Oct Nov Dec
2010: Jan Feb Mar Apr May Jun Jul Aug Sep Oct Nov Dec
2009: Jan Feb Mar Apr May Jun Jul Aug Sep Oct Nov Dec
2008: Jan Feb Mar Apr May Jun Jul Aug Sep Oct Nov Dec
2007: Jan Feb Mar Apr May Jun Jul Aug Sep Oct Nov Dec
2006: Jan Feb Mar Apr May Jun Jul Aug Sep Oct Nov Dec
2005: Jan Feb Mar Apr May Jun Jul Aug Sep Oct Nov Dec
2004: Jan Feb Mar Apr May Jun Jul Aug Sep Oct Nov Dec

Report for 2006 January
                  MONTHLY CLIMATOLOGICAL SUMMARY FOR 1/2006
                                        HEAT  COOL        
     MEAN                               DEG   DEG       WIND SPEED       DOM MEAN  MEAN
DAY  TEMP  HIGH   TIME     LOW   TIME   DAYS  DAYS RAIN AVG  HI  TIME    DIR BAROM HUM
---------------------------------------------------------------------------------------
1    53.0  57.6  12:50pm  47.3   3:13am   12    0  0.13   6  40  10:49am SSE 29.33   78
2    50.8  52.5   2:44am  43.6  11:46pm   14    0  1.39   2  20   1:13pm WNW 29.32   89
3    49.9  54.2   8:10pm  41.8   4:26am   15    0  0.01   4  20   3:49pm SSE 29.83   80
4    54.9  62.7   1:28pm  47.1  11:54pm   10    0  0.00   1  17  12:10am SSE 29.96   76
5    51.1  61.3   2:34pm  43.6   6:09am   14    0  0.00   0   8   9:56am NNE 29.93   81
6    52.0  65.2   4:03pm  42.8   6:18am   13    0  0.00   0   7  11:23am  NW 29.70   79
7    52.0  59.6   1:32pm  44.9  11:22pm   13    0  0.08   1  13   3:53pm ESE 29.80   84
8    47.6  56.5   2:41pm  40.6   7:27am   17    0  0.00   1  14   1:16pm   E 29.91   79
9    47.1  58.9   3:23pm  37.8   7:23am   18    0  0.00   0   8  12:34pm   N 29.91   71
10   47.8  55.9   3:58pm  39.3   7:34am   17    0  0.00   0   7  12:46pm   N 29.85   80
11   52.2  60.4   1:05pm  42.9   9:49pm   13    0  0.01   1  12   4:30am  SE 29.75   78
12   48.2  57.3   3:12pm  40.3   7:04am   17    0  0.00   0   7  12:22pm   E 29.74   81
13   53.2  67.4  11:17am  40.6   7:04am   12    0  0.01   2  24   2:07pm   N 29.54   69
14   48.6  52.3  12:00am  46.5  11:14pm   16    0  0.38   2  17   2:21pm  SE 29.57   85
15   46.6  52.6   2:29pm  37.9  11:19pm   18    0  0.00   2  18   5:45am  NE 29.93   64
16   46.9  55.7   2:23pm  38.5  12:00am   18    0  0.00   0   7   2:26pm NNE 30.05   68
17   50.6  61.6   2:32pm  42.3   6:52am   14    0  0.09   1  14   3:31pm NNE 29.92   70
18   50.1  56.3  12:31pm  43.5  10:39pm   15    0  0.11   1  20  10:28am  SE 29.78   80
19   46.3  54.1   3:08pm  40.1   9:40pm   19    0  0.00   1  12  10:05am NNE 29.87   73
20   44.7  54.5   1:54pm  35.6   7:21am   20    0  0.00   0  10   3:03pm NNE 29.92   74
21   45.9  50.8  11:57am  42.2  12:00am   19    0  0.06   0   8  12:11pm  SE 29.90   89
22   48.8  58.4   3:19pm  40.5   6:40am   16    0  0.01   2  14  11:06am  NE 29.90   65
23   50.2  61.5   3:13pm  40.1   5:41am   15    0  0.00   1  18   8:15am NNE 29.83   51
24   50.4  64.7   2:26pm  39.9   5:33am   15    0  0.00   0   7   2:32pm NNE 29.67   65
25   49.6  60.1   2:47pm  38.8   6:40am   15    0  0.00   0  10   2:58pm   N 29.68   70
26   48.4  54.1  11:21am  40.1  11:46pm   17    0  0.03   1  16   6:50pm NNE 29.85   72
27   46.6  57.0   3:20pm  39.8  12:19am   18    0  0.00   1  12  11:44am SSE 29.92   76
28   50.5  58.3   3:31pm  43.1   2:01am   14    0  0.00   1  16  12:47pm   N 29.91   76
29   53.0  59.9  11:42am  46.1  11:53pm   12    0  0.02   0  10  12:17am ENE 29.87   81
30   50.6  59.3  12:11pm  44.1   3:52am   14    0  0.03   1  19  10:45pm ENE 29.78   81
31   48.4  57.2   3:09pm  38.5   6:08am   17    0  0.00   0   7  12:00am  SE 29.82   73
---------------------------------------------------------------------------------------
TOT  49.5  67.4  1/13/06  35.6  1/20/06  479    0  2.36   1  40   1/1/06  SE 29.80   75

HEAT BASE: 65.0
COOL BASE: 65.0