NOAA-Style Climate Reports

Select a Year or Month report
2021: Jan Feb Mar Apr May Jun Jul Aug Sep Oct Nov Dec
2020: Jan Feb Mar Apr May Jun Jul Aug Sep Oct Nov Dec
2019: Jan Feb Mar Apr May Jun Jul Aug Sep Oct Nov Dec
2018: Jan Feb Mar Apr May Jun Jul Aug Sep Oct Nov Dec
2017: Jan Feb Mar Apr May Jun Jul Aug Sep Oct Nov Dec
2016: Jan Feb Mar Apr May Jun Jul Aug Sep Oct Nov Dec
2015: Jan Feb Mar Apr May Jun Jul Aug Sep Oct Nov Dec
2014: Jan Feb Mar Apr May Jun Jul Aug Sep Oct Nov Dec
2013: Jan Feb Mar Apr May Jun Jul Aug Sep Oct Nov Dec
2012: Jan Feb Mar Apr May Jun Jul Aug Sep Oct Nov Dec
2011: Jan Feb Mar Apr May Jun Jul Aug Sep Oct Nov Dec
2010: Jan Feb Mar Apr May Jun Jul Aug Sep Oct Nov Dec
2009: Jan Feb Mar Apr May Jun Jul Aug Sep Oct Nov Dec
2008: Jan Feb Mar Apr May Jun Jul Aug Sep Oct Nov Dec
2007: Jan Feb Mar Apr May Jun Jul Aug Sep Oct Nov Dec
2006: Jan Feb Mar Apr May Jun Jul Aug Sep Oct Nov Dec
2005: Jan Feb Mar Apr May Jun Jul Aug Sep Oct Nov Dec
2004: Jan Feb Mar Apr May Jun Jul Aug Sep Oct Nov Dec

Report for 2006 February
                  MONTHLY CLIMATOLOGICAL SUMMARY FOR 2/2006
                                        HEAT  COOL        
     MEAN                               DEG   DEG       WIND SPEED       DOM MEAN  MEAN
DAY  TEMP  HIGH   TIME     LOW   TIME   DAYS  DAYS RAIN AVG  HI  TIME    DIR BAROM HUM
---------------------------------------------------------------------------------------
1    54.6  61.8  11:29am  46.4   5:49am   10    0  0.01   1  12   9:15pm ENE 29.80   72
2    57.2  65.2  12:26pm  50.2  11:26pm    8    0  0.00   1  10  12:06pm ENE 29.77   83
3    51.7  59.3   4:14pm  47.1   6:49am   13    0  0.00   0   8   3:08pm  SE 29.76   88
4    53.0  58.4   1:40pm  48.8  10:18pm   12    0  0.02   2  16   7:50am   E 29.81   72
5    51.9  61.6   3:36pm  43.5  11:13pm   13    0  0.00   4  21   1:33pm   E 29.75   44
6    51.6  64.2   3:41pm  40.8   4:29am   13    0  0.00   1  10   1:26pm ESE 29.77   62
7    55.5  70.8   2:27pm  42.5   7:15am   11    1  0.00   1  12  12:54pm ESE 29.80   54
8    56.1  72.3   4:08pm  41.5   6:59am   10    1  0.00   1  14  11:19am  SE 29.73   53
9    56.0  71.3   3:47pm  42.5   6:59am   10    1  0.00   1  13  10:18am ENE 29.65   55
10   55.9  70.9   3:22pm  42.3   6:57am   10    1  0.00   0  10  12:32pm ENE 29.78   61
11   54.9  67.1   3:08pm  45.4  12:24am   10    0  0.00   1  10   2:15pm  NE 29.97   75
12   55.7  69.3   3:20pm  45.1   6:10am   10    1  0.00   1  13  12:10pm NNE 29.93   67
13   58.2  68.3   3:11pm  47.9   5:18am    7    1  0.00   1  12   1:22pm NNE 29.77   49
14   53.4  67.6   1:38pm  44.1   1:49am   12    0  0.00   2  19  10:36pm NNE 29.59   53
15   45.6  52.6   1:02pm  35.3  11:54pm   19    0  0.00   2  17   8:48am NNE 29.70   57
16   41.8  53.3  11:24am  32.2   4:53am   23    0  0.04   0  11   5:19pm NNE 29.74   67
17   41.6  50.1  10:02am  35.9  11:58pm   23    0  0.27   1  16  12:38pm   N 29.59   82
18   40.8  50.1   1:47pm  33.1   7:10am   24    0  0.00   1  16   3:37pm   N 29.63   78
19   43.1  52.2   1:10pm  35.9  12:42am   22    0  0.00   1  14   3:00pm NNE 29.75   72
20   42.6  53.8   3:14pm  32.8   7:06am   22    0  0.00   1  11  12:53pm NNE 29.87   67
21   45.3  58.4   1:47pm  34.1   4:51am   20    0  0.00   0  11   1:53pm NNE 29.83   53
22   49.0  62.9   3:43pm  34.4   6:45am   16    0  0.00   1   8   2:33pm   N 29.80   52
23   51.1  65.5   4:13pm  37.8   6:46am   14    0  0.00   1  10   2:50pm NNE 29.73   58
24   53.8  67.6   3:45pm  39.9   7:15am   12    0  0.00   1  10   2:05pm NNE 29.70   55
25   51.9  63.9   1:45pm  40.8   6:58am   13    0  0.00   1  11  12:30pm NNE 29.71   69
26   51.5  59.6   1:29pm  43.9  12:35am   14    0  0.11   5  26  12:21pm   N 29.53   68
27   55.5  60.9   1:25pm  48.9   1:40am    9    0  1.10   6  36   7:06pm ENE 29.32   87
28   50.6  58.3  12:09pm  42.8  11:24pm   14    0  0.08   1  20   3:00am ENE 29.64   77
---------------------------------------------------------------------------------------
TOT  51.1  72.3   2/8/06  32.2  2/16/06  396    6  1.63   1  36  2/27/06 NNE 29.73   65

HEAT BASE: 65.0
COOL BASE: 65.0