NOAA-Style Climate Reports

Select a Year or Month report
2021: Jan Feb Mar Apr May Jun Jul Aug Sep Oct Nov Dec
2020: Jan Feb Mar Apr May Jun Jul Aug Sep Oct Nov Dec
2019: Jan Feb Mar Apr May Jun Jul Aug Sep Oct Nov Dec
2018: Jan Feb Mar Apr May Jun Jul Aug Sep Oct Nov Dec
2017: Jan Feb Mar Apr May Jun Jul Aug Sep Oct Nov Dec
2016: Jan Feb Mar Apr May Jun Jul Aug Sep Oct Nov Dec
2015: Jan Feb Mar Apr May Jun Jul Aug Sep Oct Nov Dec
2014: Jan Feb Mar Apr May Jun Jul Aug Sep Oct Nov Dec
2013: Jan Feb Mar Apr May Jun Jul Aug Sep Oct Nov Dec
2012: Jan Feb Mar Apr May Jun Jul Aug Sep Oct Nov Dec
2011: Jan Feb Mar Apr May Jun Jul Aug Sep Oct Nov Dec
2010: Jan Feb Mar Apr May Jun Jul Aug Sep Oct Nov Dec
2009: Jan Feb Mar Apr May Jun Jul Aug Sep Oct Nov Dec
2008: Jan Feb Mar Apr May Jun Jul Aug Sep Oct Nov Dec
2007: Jan Feb Mar Apr May Jun Jul Aug Sep Oct Nov Dec
2006: Jan Feb Mar Apr May Jun Jul Aug Sep Oct Nov Dec
2005: Jan Feb Mar Apr May Jun Jul Aug Sep Oct Nov Dec
2004: Jan Feb Mar Apr May Jun Jul Aug Sep Oct Nov Dec

Report for 2006 March
                  MONTHLY CLIMATOLOGICAL SUMMARY FOR 3/2006
                                        HEAT  COOL        
     MEAN                               DEG   DEG       WIND SPEED       DOM MEAN  MEAN
DAY  TEMP  HIGH   TIME     LOW   TIME   DAYS  DAYS RAIN AVG  HI  TIME    DIR BAROM HUM
---------------------------------------------------------------------------------------
1    50.1  60.2  12:54pm  40.3   4:32am   15    0  0.02   3  20   8:28pm NNE 29.73   69
2    49.7  57.3   1:30pm  43.5   7:00am   15    0  0.22   1  17  10:00pm   E 29.62   68
3    44.7  53.1   2:30pm  39.3  11:30pm   20    0  0.23   1  19   2:30pm ESE 29.56   79
4    49.1  56.9  12:06pm  35.9   5:51am   24    0  0.00   2  17   9:56pm ENE 29.72   57
5    51.1  55.7  12:31pm  47.1  10:50pm   14    0  0.56   8  29   8:43am  NE 29.63   66
6    50.3  60.1  12:15pm  43.1   7:07am   15    0  0.38   1  16  12:32am ENE 29.70   81
7    48.0  56.0   2:37pm  41.2  11:10pm   17    0  0.10   2  28   4:48pm ENE 29.80   78
8    48.0  58.6   3:02pm  37.6   6:18am   17    0  0.00   1  16   4:26pm   S 29.82   70
9    47.4  53.1   1:46pm  41.5   8:44pm   18    0  0.07   5  32   3:49pm   S 29.56   67
10   43.0  50.7  10:18am  36.5  11:55pm   22    0  0.07   1  20   2:23am WNW 29.31   75
11   41.8  50.1   3:11pm  36.2  12:14am   23    0  0.07   2  16   3:44pm NNE 29.34   74
12   43.8  52.8  12:27pm  37.3  11:47pm   21    0  0.05   2  19   3:31pm ESE 29.64   75
13   46.7  57.5  12:52pm  35.9   6:12am   18    0  0.06   2  21   7:48pm   N 29.80   68
14   47.8  56.2   1:58pm  42.9   3:09am   17    0  0.48   2  19  12:01am SSE 29.63   75
15   48.6  57.8   2:30pm  41.9   2:55am   16    0  0.02   1  13  11:47am  NE 29.75   74
16   51.1  60.5  12:53pm  43.6  12:38am   14    0  0.25   2  16   7:00pm ENE 29.70   71
17   47.8  55.1   2:35pm  40.1  11:22pm   17    0  0.12   1  20   3:36pm  SE 29.61   80
18   48.5  59.0   3:26pm  37.9   5:10am   16    0  0.00   2  17   3:51pm   E 29.54   68
19   52.2  60.4   3:04pm  44.6  10:25pm   13    0  0.00   3  16  12:14am   E 29.48   47
20   45.1  50.1   8:55am  41.5   9:55pm   20    0  0.44   1  24   9:27am  NE 29.46   82
21   47.4  55.4   3:51pm  41.3  12:44am   18    0  0.02   1  12  10:26am  SE 29.67   80
22   50.8  61.5   1:13pm  39.1   6:04am   14    0  0.01   1  11  12:48pm  NE 29.85   75
23   55.3  70.6  12:14pm  43.9   2:46am   11    1  0.00   1  19   1:32pm NNE 29.80   64
24   59.1  70.8  11:29am  49.5   5:28am    7    1  0.05   2  18  10:34pm NNE 29.69   66
25   53.4  58.6  11:20am  44.6  11:59pm   12    0  0.71   2  26   9:47am ESE 29.61   75
26   51.4  60.9   5:12pm  41.5   5:55am   14    0  0.00   1  11   1:34pm   N 29.70   67
27   49.7  62.9  10:02am  42.2   4:06am   15    0  0.19   4  27   2:59pm SSE 29.48   78
28   50.6  61.6  11:07am  43.3   8:59pm   14    0  0.09   2  19  10:54am SSE 29.38   77
29   49.8  59.6   3:10pm  43.9   5:31am   15    0  0.24   2  18   2:15am SSE 29.53   79
30   50.9  59.0  12:20pm  45.4   3:43am   14    0  0.01   1  14  11:07am SSE 29.64   75
31   50.4  57.8  12:00pm  43.8  11:30pm   15    0  0.20   2  20   1:30pm SSE 29.57   78
---------------------------------------------------------------------------------------
TOT  49.1  70.8  3/24/06  35.9   3/4/06  501    2125.45   2  32   3/9/06  NE 29.62   72

HEAT BASE: 65.0
COOL BASE: 65.0