NOAA-Style Climate Reports

Select a Year or Month report
2021: Jan Feb Mar Apr May Jun Jul Aug Sep Oct Nov Dec
2020: Jan Feb Mar Apr May Jun Jul Aug Sep Oct Nov Dec
2019: Jan Feb Mar Apr May Jun Jul Aug Sep Oct Nov Dec
2018: Jan Feb Mar Apr May Jun Jul Aug Sep Oct Nov Dec
2017: Jan Feb Mar Apr May Jun Jul Aug Sep Oct Nov Dec
2016: Jan Feb Mar Apr May Jun Jul Aug Sep Oct Nov Dec
2015: Jan Feb Mar Apr May Jun Jul Aug Sep Oct Nov Dec
2014: Jan Feb Mar Apr May Jun Jul Aug Sep Oct Nov Dec
2013: Jan Feb Mar Apr May Jun Jul Aug Sep Oct Nov Dec
2012: Jan Feb Mar Apr May Jun Jul Aug Sep Oct Nov Dec
2011: Jan Feb Mar Apr May Jun Jul Aug Sep Oct Nov Dec
2010: Jan Feb Mar Apr May Jun Jul Aug Sep Oct Nov Dec
2009: Jan Feb Mar Apr May Jun Jul Aug Sep Oct Nov Dec
2008: Jan Feb Mar Apr May Jun Jul Aug Sep Oct Nov Dec
2007: Jan Feb Mar Apr May Jun Jul Aug Sep Oct Nov Dec
2006: Jan Feb Mar Apr May Jun Jul Aug Sep Oct Nov Dec
2005: Jan Feb Mar Apr May Jun Jul Aug Sep Oct Nov Dec
2004: Jan Feb Mar Apr May Jun Jul Aug Sep Oct Nov Dec

Report for 2006 April
                  MONTHLY CLIMATOLOGICAL SUMMARY FOR 4/2006
                                        HEAT  COOL        
     MEAN                               DEG   DEG       WIND SPEED       DOM MEAN  MEAN
DAY  TEMP  HIGH   TIME     LOW   TIME   DAYS  DAYS RAIN AVG  HI  TIME    DIR BAROM HUM
---------------------------------------------------------------------------------------
1    50.8  62.0   1:00pm  40.2   4:30am   14    0  0.01   1  13  11:00am SSE 29.75   71
2    52.3  60.1   2:30pm  45.1   1:00am   12    0  0.40   2  14   9:30pm SSE 29.65   73
3    53.4  55.9   6:00am  51.4  11:30am   12    0  0.34   2  30   4:00am   N 29.52   90
4    49.9  52.0   6:35pm  46.2  11:54pm   15    0  0.56   2  17   6:00pm SSE 29.36   85
5    49.6  58.1   3:47pm  43.1  11:53pm   15    0  0.11   1  21   1:07pm   W 29.49   77
6    50.7  61.0   2:52pm  40.3   5:23am   14    0  0.00   1  17   3:54pm WNW 29.74   71
7    50.3  62.9  11:49am  42.2   5:00am   15    0  0.25   2  28   4:29pm SSE 29.56   77
8    53.1  66.4   1:51pm  43.1   5:01am   12    0  0.01   1  14   3:36pm SSE 29.73   70
9    52.2  60.5  11:34am  44.6   5:31am   13    0  0.04   0  11  12:52pm SSE 29.65   72
10   54.5  64.3   2:04pm  49.4   4:14am   11    0  0.03   0  12   3:26pm SSE 29.53   72
11   52.3  55.9  12:39pm  48.2   3:53am   13    0  0.43   7  30  11:52am SSE 29.47   82
12   54.9  60.7  12:34pm  51.1  11:42pm   10    0  0.16   2  18  12:00am SSE 29.59   79
13   59.6  71.5   5:56pm  49.5   2:22am    7    1  0.00   1  14  12:18pm   E 29.66   72
14   56.6  63.4   3:14pm  51.3   5:39am    8    0  0.06   1  19   6:16pm NNE 29.44   79
15   54.2  60.9   5:11pm  48.8   6:56am   11    0  0.00   0  12  11:47am NNE 29.63   74
16   51.7  59.9   1:40pm  43.1  11:55pm   13    0  0.38   1  25  10:26am  NE 29.61   78
17   50.2  59.8   5:20pm  39.6   6:48am   15    0  0.03   2  17   5:53pm   E 29.85   66
18   53.8  67.6   4:55pm  39.9   6:24am   11    0  0.00   1  16  12:11pm  NE 29.79   57
19   57.8  73.0   4:51pm  42.2   6:17am    9    2  0.01   1  12   3:15pm   N 29.64   56
20   56.0  68.1  12:41pm  44.5   4:38am    9    0  0.00   1  13   2:30pm   N 29.56   71
21   57.1  68.8   1:02pm  48.2   6:05am    8    0  0.01   1  11   3:52pm   N 29.49   68
22   55.7  66.3   4:45pm  46.7   6:41am    9    0  0.00   1  14   1:34pm   N 29.53   66
23   55.1  62.0  11:42am  46.5   6:52am   10    0  0.00   0  10   2:44pm   N 29.64   69
24   54.8  61.8   3:53pm  49.8   5:19am   10    0  0.00   1  14   4:27pm NNE 29.73   71
25   53.7  59.2   4:45pm  47.7  11:58pm   11    0  0.00   1   7   1:57pm   N 29.64   70
26   56.6  70.1  12:55pm  44.8   6:28am    9    1  0.00   1  11   3:30pm   N 29.57   72
27   64.4  80.5   3:44pm  50.7   1:49am    5    4  0.00   1  12  12:41pm   N 29.56   64
28   61.9  73.2   3:46pm  53.1   1:31am    5    2  0.00   1  11   4:08pm NNE 29.66   72
29   60.0  68.4   1:20pm  51.9  11:54pm    6    1  0.00   1  11   1:25pm   N 29.70   71
30   64.5  83.0   4:19pm  49.1   4:37am    6    5  0.00   1  12   2:35pm   N 29.62   63
---------------------------------------------------------------------------------------
TOT  54.9  83.0  4/30/06  39.6  4/17/06  319   17  2.83   1  30   4/3/06   N 29.61   72

HEAT BASE: 65.0
COOL BASE: 65.0