NOAA-Style Climate Reports

Select a Year or Month report
2021: Jan Feb Mar Apr May Jun Jul Aug Sep Oct Nov Dec
2020: Jan Feb Mar Apr May Jun Jul Aug Sep Oct Nov Dec
2019: Jan Feb Mar Apr May Jun Jul Aug Sep Oct Nov Dec
2018: Jan Feb Mar Apr May Jun Jul Aug Sep Oct Nov Dec
2017: Jan Feb Mar Apr May Jun Jul Aug Sep Oct Nov Dec
2016: Jan Feb Mar Apr May Jun Jul Aug Sep Oct Nov Dec
2015: Jan Feb Mar Apr May Jun Jul Aug Sep Oct Nov Dec
2014: Jan Feb Mar Apr May Jun Jul Aug Sep Oct Nov Dec
2013: Jan Feb Mar Apr May Jun Jul Aug Sep Oct Nov Dec
2012: Jan Feb Mar Apr May Jun Jul Aug Sep Oct Nov Dec
2011: Jan Feb Mar Apr May Jun Jul Aug Sep Oct Nov Dec
2010: Jan Feb Mar Apr May Jun Jul Aug Sep Oct Nov Dec
2009: Jan Feb Mar Apr May Jun Jul Aug Sep Oct Nov Dec
2008: Jan Feb Mar Apr May Jun Jul Aug Sep Oct Nov Dec
2007: Jan Feb Mar Apr May Jun Jul Aug Sep Oct Nov Dec
2006: Jan Feb Mar Apr May Jun Jul Aug Sep Oct Nov Dec
2005: Jan Feb Mar Apr May Jun Jul Aug Sep Oct Nov Dec
2004: Jan Feb Mar Apr May Jun Jul Aug Sep Oct Nov Dec

Report for 2006 July
                  MONTHLY CLIMATOLOGICAL SUMMARY FOR 7/2006
                                        HEAT  COOL        
     MEAN                               DEG   DEG       WIND SPEED       DOM MEAN  MEAN
DAY  TEMP  HIGH   TIME     LOW   TIME   DAYS  DAYS RAIN AVG  HI  TIME    DIR BAROM HUM
---------------------------------------------------------------------------------------
1    65.6  80.7   2:14pm  55.6   6:17am    3    4  0.00   1  10   2:31pm   N 29.65   67
2    62.2  73.0   4:01pm  53.1   5:41am    5    2  0.00   1  12   2:20pm   N 29.65   73
3    61.8  72.3   3:32pm  54.5   1:29am    5    2  0.00   1  11   1:27pm   N 29.70   72
4    61.8  73.0   2:56pm  50.8   4:23am    5    2  0.00   1  12   1:33pm   N 29.71   70
5    61.3  72.3   3:36pm  48.5   5:53am    6    2  0.00   1  13  12:57pm   N 29.68   67
6    62.1  72.7   3:20pm  49.1   6:02am    5    2  0.00   1  12  12:50pm   N 29.72   64
7    68.8  92.1   4:29pm  47.3   5:44am    5    9  0.00   1  12   3:47pm   N 29.69   52
8    72.8  93.8   4:20pm  53.8   5:11am    2   10  0.00   1  11   3:28pm   N 29.61   54
9    69.8  86.3   2:49pm  55.6   6:16am    2    7  0.00   1  11   4:24pm   N 29.51   63
10   65.9  77.9  12:04pm  56.7   6:30am    3    4  0.00   1  12   3:46pm   N 29.51   70
11   62.9  72.7   2:30pm  53.9   3:13am    4    2  0.00   2  12  12:15pm   N 29.58   67
12   63.2  75.6   4:32pm  48.5   6:09am    5    3  0.00   1  13   2:17pm   N 29.67   70
13   72.3  89.9   3:27pm  57.5   6:03am    2    9  0.00   1  11  12:08pm   N 29.63   64
14   66.8  80.3   4:33pm  58.3   3:13am    2    4  0.00   1  10   3:17pm   N 29.64   70
15   69.4  85.7   4:26pm  55.7   1:13am    2    7  0.00   1  12   3:35pm   N 29.63   63
16   73.8  93.4   4:03pm  55.9   6:01am    2   11  0.00   1  13   4:30pm   N 29.62   57
17   77.3  97.3   1:37pm  57.5   5:56am    1   13  0.00   0  10   2:05pm   N 29.55   49
18   75.6  92.7   4:12pm  60.7   6:30am    0   11  0.00   1  10   1:21pm   N 29.52   54
19   75.2  89.9   4:13pm  64.8   6:30am    0   10  0.00   1  14   1:14pm   N 29.53   58
20   76.7  93.2   3:37pm  61.8   5:59am    0   12  0.00   1  11   1:59pm NNE 29.58   54
21   80.1  95.1   3:12pm  64.7   6:18am    0   15  0.00   1  10   2:30pm   N 29.57   50
22   86.1 107.1   4:35pm  69.6   5:47am    0   19  0.00   1  13   3:28pm   N 29.50   46
23   87.5 104.6   2:33pm  72.7   6:31am    0   23  0.00   1  11   3:30pm   N 29.45   42
24   82.6  99.9   2:22pm  67.4   6:17am    0   18  0.00   1  10   2:38pm   N 29.38   51
25   80.4  98.0   3:38pm  64.5   6:29am    0   15  0.00   1  10   4:03pm   N 29.37   56
26   71.7  84.3   4:23pm  61.5   6:22am    0    7  0.00   1  11   1:31pm   N 29.47   68
27   69.8  80.5   3:58pm  61.6   1:54am    1    6  0.00   1  11   1:48pm   N 29.55   69
28   68.4  80.3  12:35pm  61.3  12:16am    1    5  0.00   1  13   2:02pm   N 29.57   70
29   67.7  80.9  12:10pm  57.5   6:22am    2    4  0.00   1  13   1:32pm   N 29.58   71
30   68.7  81.4   1:08pm  58.6   7:08am    2    5  0.00   1  12   3:03pm   N 29.59   63
31   65.9  78.6   3:08pm  53.3   6:03am    3    4  0.00   2  19   2:42pm NNE 29.54   49
---------------------------------------------------------------------------------------
TOT  70.7 107.1  7/22/06  47.3   7/7/06   71  248  0.00   1  19  7/31/06   N 29.58   61

HEAT BASE: 65.0
COOL BASE: 65.0