NOAA-Style Climate Reports

Select a Year or Month report
2021: Jan Feb Mar Apr May Jun Jul Aug Sep Oct Nov Dec
2020: Jan Feb Mar Apr May Jun Jul Aug Sep Oct Nov Dec
2019: Jan Feb Mar Apr May Jun Jul Aug Sep Oct Nov Dec
2018: Jan Feb Mar Apr May Jun Jul Aug Sep Oct Nov Dec
2017: Jan Feb Mar Apr May Jun Jul Aug Sep Oct Nov Dec
2016: Jan Feb Mar Apr May Jun Jul Aug Sep Oct Nov Dec
2015: Jan Feb Mar Apr May Jun Jul Aug Sep Oct Nov Dec
2014: Jan Feb Mar Apr May Jun Jul Aug Sep Oct Nov Dec
2013: Jan Feb Mar Apr May Jun Jul Aug Sep Oct Nov Dec
2012: Jan Feb Mar Apr May Jun Jul Aug Sep Oct Nov Dec
2011: Jan Feb Mar Apr May Jun Jul Aug Sep Oct Nov Dec
2010: Jan Feb Mar Apr May Jun Jul Aug Sep Oct Nov Dec
2009: Jan Feb Mar Apr May Jun Jul Aug Sep Oct Nov Dec
2008: Jan Feb Mar Apr May Jun Jul Aug Sep Oct Nov Dec
2007: Jan Feb Mar Apr May Jun Jul Aug Sep Oct Nov Dec
2006: Jan Feb Mar Apr May Jun Jul Aug Sep Oct Nov Dec
2005: Jan Feb Mar Apr May Jun Jul Aug Sep Oct Nov Dec
2004: Jan Feb Mar Apr May Jun Jul Aug Sep Oct Nov Dec

Report for 2006 September
                  MONTHLY CLIMATOLOGICAL SUMMARY FOR 9/2006
                                        HEAT  COOL        
     MEAN                               DEG   DEG       WIND SPEED       DOM MEAN  MEAN
DAY  TEMP  HIGH   TIME     LOW   TIME   DAYS  DAYS RAIN AVG  HI  TIME    DIR BAROM HUM
---------------------------------------------------------------------------------------
1    66.0  78.3   2:31pm  55.9   3:49am    3    4  0.00   0  10   1:15pm   N 29.53   70
2    62.6  71.5   1:19pm  57.0  12:00am    4    2  0.00   1  12   2:21pm   N 29.54   72
3    61.5  70.1   1:08pm  56.9   6:28am    4    1  0.00   1  11   1:47pm   N 29.53   71
4    62.1  72.3   5:05pm  54.5  11:56pm    5    2  0.00   1   8  12:15pm   N 29.59   70
5    65.8  82.4   2:50pm  51.1   3:16am    5    5  0.00   1   7  12:36pm   N 29.66   65
6    65.2  80.3   4:41pm  55.0   7:05am    4    4  0.00   0   7   9:47am   N 29.62   70
7    63.7  77.7   2:12pm  51.9   3:52am    5    4  0.00   1   8   2:54pm NNE 29.46   73
8    61.7  72.7   4:59pm  52.3  11:53pm    5    2  0.00   1  14   3:15pm ESE 29.49   69
9    59.6  72.3   1:26pm  48.0   6:33am    7    1  0.00   1  13   3:36pm   N 29.59   72
10   64.4  76.8   4:58pm  56.3   6:20am    4    3  0.00   1  10   3:59pm   N 29.61   66
11   68.3  87.8   4:07pm  52.2   4:57am    4    7  0.00   1   8   1:10pm   N 29.62   60
12   74.0  96.1   4:41pm  56.9   6:33am    1   10  0.00   0  14   4:26pm   N 29.58   45
13   66.6  81.1   1:46pm  54.4   7:08am    3    5  0.00   1   8  12:53pm NNE 29.48   66
14   62.2  73.5  12:50pm  51.4  11:57pm    5    2  0.00   0  12   3:52pm   N 29.37   62
15   57.4  67.3  12:56pm  45.1   6:35am    8    0  0.00   3  26  10:23am NNE 29.52   61
16   60.2  74.9   4:38pm  46.1   7:09am    7    3  0.00   1  13   2:16pm NNE 29.68   55
17   66.8  84.0   4:00pm  50.4   6:35am    5    7  0.00   1  13   4:12pm NNE 29.65   42
18   67.0  82.8   2:32pm  53.5   6:42am    3    5  0.00   0  11   2:57pm   N 29.56   57
19   62.6  75.4   1:03pm  52.6   7:00am    5    2  0.00   0  13   1:53pm   N 29.56   65
20   64.8  80.7   4:01pm  50.5   1:55am    5    5  0.00   1  17   1:53pm NNE 29.62   48
21   66.8  81.2   5:10pm  54.1   6:44am    3    5  0.00   1  14  11:36am NNE 29.51   54
22   65.6  77.6   5:00pm  51.9   7:16am    4    4  0.00   1  13  11:33am NNE 29.40   44
23   64.1  81.1   2:36pm  51.3   7:09am    5    4  0.00   1  12   1:22pm NNE 29.54   49
24   63.9  80.1   3:24pm  50.4   6:00am    5    4  0.00   1  11   2:01pm   N 29.62   61
25   68.0  89.0   5:10pm  50.8   6:32am    5    8  0.00   0   8   1:13pm NNE 29.60   49
26   62.3  73.0   1:22pm  51.7   6:34am    5    2  0.00   1  10   4:08pm NNE 29.66   66
27   61.8  71.3   2:53pm  56.3  10:02pm    4    1  0.00   1   8   2:37pm   N 29.72   74
28   60.7  69.3  12:40pm  54.7   9:54pm    5    1  0.00   0   8   1:56pm NNE 29.70   76
29   58.7  65.2   3:17pm  55.6   7:28am    6    0  0.00   1  10   3:26pm   N 29.66   78
30   58.9  64.3  12:54pm  55.4  11:55pm    6    0  0.00   0  11   3:18pm NNE 29.63   69
---------------------------------------------------------------------------------------
TOT  63.8  96.1  9/12/06  45.1  9/15/06  140  103  0.00   1  26  9/15/06 NNE 29.58   63

HEAT BASE: 65.0
COOL BASE: 65.0