NOAA-Style Climate Reports

Select a Year or Month report
2021: Jan Feb Mar Apr May Jun Jul Aug Sep Oct Nov Dec
2020: Jan Feb Mar Apr May Jun Jul Aug Sep Oct Nov Dec
2019: Jan Feb Mar Apr May Jun Jul Aug Sep Oct Nov Dec
2018: Jan Feb Mar Apr May Jun Jul Aug Sep Oct Nov Dec
2017: Jan Feb Mar Apr May Jun Jul Aug Sep Oct Nov Dec
2016: Jan Feb Mar Apr May Jun Jul Aug Sep Oct Nov Dec
2015: Jan Feb Mar Apr May Jun Jul Aug Sep Oct Nov Dec
2014: Jan Feb Mar Apr May Jun Jul Aug Sep Oct Nov Dec
2013: Jan Feb Mar Apr May Jun Jul Aug Sep Oct Nov Dec
2012: Jan Feb Mar Apr May Jun Jul Aug Sep Oct Nov Dec
2011: Jan Feb Mar Apr May Jun Jul Aug Sep Oct Nov Dec
2010: Jan Feb Mar Apr May Jun Jul Aug Sep Oct Nov Dec
2009: Jan Feb Mar Apr May Jun Jul Aug Sep Oct Nov Dec
2008: Jan Feb Mar Apr May Jun Jul Aug Sep Oct Nov Dec
2007: Jan Feb Mar Apr May Jun Jul Aug Sep Oct Nov Dec
2006: Jan Feb Mar Apr May Jun Jul Aug Sep Oct Nov Dec
2005: Jan Feb Mar Apr May Jun Jul Aug Sep Oct Nov Dec
2004: Jan Feb Mar Apr May Jun Jul Aug Sep Oct Nov Dec

Report for 2007 February
                  MONTHLY CLIMATOLOGICAL SUMMARY FOR 2/2007
                                        HEAT  COOL        
     MEAN                               DEG   DEG       WIND SPEED       DOM MEAN  MEAN
DAY  TEMP  HIGH   TIME     LOW   TIME   DAYS  DAYS RAIN AVG  HI  TIME    DIR BAROM HUM
---------------------------------------------------------------------------------------
1    47.8  51.6   1:16pm  41.8   5:56am   17    0  0.00   0  11   5:36pm WNW 29.68   71
2    47.6  54.2   3:20pm  40.1  11:54pm   17    0  0.00   0   8  11:01am NNE 29.81   66
3    47.1  59.5   2:48pm  37.0   6:47am   18    0  0.00   0   7  12:11pm NNE 29.92   72
4    51.5  66.9   3:28pm  40.2   5:34am   14    0  0.00   0   6   3:07pm   N 29.85   63
5    52.5  67.1   1:49pm  42.1   7:01am   13    0  0.00   0   7   4:18pm NNE 29.76   64
6    52.3  61.8   2:32pm  41.9   6:50am   13    0  0.00   1  11   9:35am   N 29.72   69
7    55.2  60.5  12:22pm  49.9  11:53pm   10    0  0.02   3  19  10:43am SSE 29.65   78
8    54.5  58.0  11:17am  49.8  12:04am   10    0  0.08   4  24   5:46pm SSE 29.67   84
9    56.8  60.5   1:30pm  54.5   3:52am    8    0  0.04   3  20  12:03am SSE 29.69   82
10   57.0  60.2   1:28pm  54.8  11:45pm    8    0  0.48   3  18   1:32pm SSE 29.53   86
11   53.0  59.9   2:25pm  44.1  11:57pm   12    0  0.23   1  14   3:45pm NNE 29.60   78
12   48.9  61.2   1:08pm  41.2   6:57am   16    0  0.24   0  13  12:13pm   N 29.70   77
13   47.9  54.8   3:28pm  42.1  10:31pm   17    0  0.01   2  16   3:05pm WNW 29.78   80
14   49.6  61.2   1:45pm  40.2   6:48am   15    0  0.00   1  12   2:24pm NNE 29.96   74
15   52.6  65.0   3:54pm  42.8   6:43am   12    0  0.00   1  14  11:45am NNE 30.07   76
16   58.2  72.1   3:17pm  43.2   5:30am    8    1  0.00   1  16   3:31pm NNE 30.00   63
17   61.5  72.1   2:47pm  48.3  11:58pm    5    2  0.00   1  13   6:04am NNE 29.77   54
18   50.0  58.4  12:34pm  41.8   7:10am   15    0  0.00   1  14   1:55pm NNE 29.55   76
19   51.2  61.5   3:17pm  41.6  12:12am   14    0  0.00   2  17  10:54am WNW 29.60   55
20   49.0  57.2   3:05pm  39.9   3:22am   16    0  0.00   0  11   1:56pm WNW 29.79   72
21   51.4  58.0   2:34pm  45.4  12:00am   14    0  0.00   2  18   8:50pm SSE 29.67   73
22   46.5  53.3   2:30pm  39.5  11:52pm   19    0  0.40   2  20   3:15am SSE 29.53   81
23   44.5  53.5   2:02pm  37.8   3:21am   20    0  0.01   3  26   8:51am WNW 29.79   66
24   47.5  58.4  12:28pm  38.0   6:08am   17    0  0.09   1  16   6:51pm SSE 29.82   72
25   50.2  54.8   1:01pm  46.8   4:47am   15    0  0.19   1  25   9:19am NNE 29.67   76
26   48.8  54.4  11:12am  41.2  11:58pm   16    0  0.30   1  19   1:10pm SSE 29.59   83
27   42.8  54.8  11:01am  36.8   6:23am   22    0  0.24   1  17   7:42pm SSE 29.57   81
28   42.1  50.4   3:05pm  35.0   5:46am   23    0  0.05   2  20  12:58pm   W 29.73   77
---------------------------------------------------------------------------------------
TOT  50.6  72.1  2/16/07  35.0  2/28/07  405    3  2.38   1  26  2/23/07 SSE 29.73   73

HEAT BASE: 65.0
COOL BASE: 65.0