NOAA-Style Climate Reports

Select a Year or Month report
2021: Jan Feb Mar Apr May Jun Jul Aug Sep Oct Nov Dec
2020: Jan Feb Mar Apr May Jun Jul Aug Sep Oct Nov Dec
2019: Jan Feb Mar Apr May Jun Jul Aug Sep Oct Nov Dec
2018: Jan Feb Mar Apr May Jun Jul Aug Sep Oct Nov Dec
2017: Jan Feb Mar Apr May Jun Jul Aug Sep Oct Nov Dec
2016: Jan Feb Mar Apr May Jun Jul Aug Sep Oct Nov Dec
2015: Jan Feb Mar Apr May Jun Jul Aug Sep Oct Nov Dec
2014: Jan Feb Mar Apr May Jun Jul Aug Sep Oct Nov Dec
2013: Jan Feb Mar Apr May Jun Jul Aug Sep Oct Nov Dec
2012: Jan Feb Mar Apr May Jun Jul Aug Sep Oct Nov Dec
2011: Jan Feb Mar Apr May Jun Jul Aug Sep Oct Nov Dec
2010: Jan Feb Mar Apr May Jun Jul Aug Sep Oct Nov Dec
2009: Jan Feb Mar Apr May Jun Jul Aug Sep Oct Nov Dec
2008: Jan Feb Mar Apr May Jun Jul Aug Sep Oct Nov Dec
2007: Jan Feb Mar Apr May Jun Jul Aug Sep Oct Nov Dec
2006: Jan Feb Mar Apr May Jun Jul Aug Sep Oct Nov Dec
2005: Jan Feb Mar Apr May Jun Jul Aug Sep Oct Nov Dec
2004: Jan Feb Mar Apr May Jun Jul Aug Sep Oct Nov Dec

Report for 2007 May
                  MONTHLY CLIMATOLOGICAL SUMMARY FOR 5/2007
                                        HEAT  COOL        
     MEAN                               DEG   DEG       WIND SPEED       DOM MEAN  MEAN
DAY  TEMP  HIGH   TIME     LOW   TIME   DAYS  DAYS RAIN AVG  HI  TIME    DIR BAROM HUM
---------------------------------------------------------------------------------------
1    57.3  70.6   1:37pm  43.2   5:35am    9    1  0.00   1  20   4:14pm NNE 29.59   54
2    56.7  63.9  12:48pm  47.7  11:27pm    8    0  0.04   3  22   2:31pm NNE 29.65   65
3    52.9  61.8   3:06pm  42.6   5:35am   12    0  0.02   2  18   2:38pm NNE 29.72   58
4    53.5  61.8   5:12pm  45.5  11:58pm   11    0  0.03   2  18  10:04am NNE 29.61   71
5    58.1  72.3   5:33pm  41.9   4:52am    9    2  0.00   3  24   2:25pm NNE 29.66   49
6    70.8  85.9   5:53pm  53.2   6:35am    2    8  0.00   1  16   2:19pm NNE 29.65   32
7    74.2  91.2   4:32pm  56.9   6:28am    1   10  0.00   1  14   5:39pm   N 29.60   38
8    72.4  86.3   1:54pm  56.2   6:30am    1    9  0.00   1  13   5:05pm   N 29.57   42
9    63.0  78.1   2:26pm  50.8   6:16am    5    3  0.00   1  12   2:04pm   N 29.57   63
10   58.4  66.0   4:10pm  49.6  11:56pm    7    0  0.00   1  13   3:32pm   N 29.67   69
11   55.7  67.1  12:35pm  45.7   1:57am    9    0  0.00   2  14   1:46pm   N 29.66   69
12   54.2  63.7   1:57pm  44.9   3:07am   11    0  0.00   2  22   4:24pm NNE 29.73   62
13   57.6  76.1   2:12pm  41.3   6:14am   10    2  0.00   1  12   2:34pm   N 29.68   62
14   57.5  71.8   2:50pm  44.2   6:05am    9    1  0.00   1  11   3:25pm   N 29.62   67
15   54.5  62.1   1:06pm  47.4  11:22pm   10    0  0.00   1  13   2:09pm   N 29.67   73
16   57.6  71.1   5:35pm  44.6   6:10am    8    1  0.00   1  12  12:55pm   N 29.65   61
17   58.2  68.8   5:16pm  46.1   6:17am    7    1  0.00   1  13   5:04pm   N 29.68   63
18   59.7  73.2   3:30pm  47.0   4:55am    7    2  0.00   2  17   2:36pm NNE 29.69   57
19   59.7  72.0   5:07pm  49.6   5:30am    6    1  0.00   1  18   5:33pm   N 29.69   60
20   59.9  74.2   3:44pm  46.7   5:01am    7    2  0.00   2  19   4:58pm   N 29.63   57
21   63.8  80.3   3:36pm  52.6  11:57pm    5    4  0.00   2  17   2:12pm NNE 29.53   57
22   64.5  82.6   4:07pm  46.7   6:19am    6    5  0.00   2  17   4:58pm NNE 29.51   42
23   70.0  85.1   4:55pm  52.5   2:00am    3    8  0.00   1  16   1:29pm NNE 29.56   31
24   64.6  83.2   1:12pm  50.8   5:03am    5    4  0.00   1  13   1:58pm   N 29.54   52
25   58.8  71.6   3:31pm  47.3   3:46am    7    1  0.00   1  11   3:12pm   N 29.57   71
26   60.4  72.7   2:00pm  54.4   1:05am    6    1  0.00   1  11   2:33pm   N 29.58   70
27   60.5  73.7  12:48pm  52.3  11:55pm    6    1  0.00   1  13   2:04pm   N 29.57   65
28   61.3  75.8   3:20pm  46.0   5:43am    7    3  0.00   1  11   3:26pm   N 29.53   66
29   60.1  71.1   2:00pm  51.1   4:14am    6    1  0.00   1  13   2:44pm   N 29.60   67
30   58.7  66.1  12:47pm  54.1   6:07am    6    0  0.00   1  13   2:07pm   N 29.68   67
31   58.3  65.5   4:16pm  52.6   5:58am    7    0  0.00   1  12   3:48pm   N 29.63   69
---------------------------------------------------------------------------------------
TOT  60.4  91.2   5/7/07  41.3  5/13/07  214   71  0.09   1  24   5/5/07   N 29.62   59

HEAT BASE: 65.0
COOL BASE: 65.0