NOAA-Style Climate Reports

Select a Year or Month report
2021: Jan Feb Mar Apr May Jun Jul Aug Sep Oct Nov Dec
2020: Jan Feb Mar Apr May Jun Jul Aug Sep Oct Nov Dec
2019: Jan Feb Mar Apr May Jun Jul Aug Sep Oct Nov Dec
2018: Jan Feb Mar Apr May Jun Jul Aug Sep Oct Nov Dec
2017: Jan Feb Mar Apr May Jun Jul Aug Sep Oct Nov Dec
2016: Jan Feb Mar Apr May Jun Jul Aug Sep Oct Nov Dec
2015: Jan Feb Mar Apr May Jun Jul Aug Sep Oct Nov Dec
2014: Jan Feb Mar Apr May Jun Jul Aug Sep Oct Nov Dec
2013: Jan Feb Mar Apr May Jun Jul Aug Sep Oct Nov Dec
2012: Jan Feb Mar Apr May Jun Jul Aug Sep Oct Nov Dec
2011: Jan Feb Mar Apr May Jun Jul Aug Sep Oct Nov Dec
2010: Jan Feb Mar Apr May Jun Jul Aug Sep Oct Nov Dec
2009: Jan Feb Mar Apr May Jun Jul Aug Sep Oct Nov Dec
2008: Jan Feb Mar Apr May Jun Jul Aug Sep Oct Nov Dec
2007: Jan Feb Mar Apr May Jun Jul Aug Sep Oct Nov Dec
2006: Jan Feb Mar Apr May Jun Jul Aug Sep Oct Nov Dec
2005: Jan Feb Mar Apr May Jun Jul Aug Sep Oct Nov Dec
2004: Jan Feb Mar Apr May Jun Jul Aug Sep Oct Nov Dec

Report for 2007 August
                  MONTHLY CLIMATOLOGICAL SUMMARY FOR 8/2007
                                        HEAT  COOL        
     MEAN                               DEG   DEG       WIND SPEED       DOM MEAN  MEAN
DAY  TEMP  HIGH   TIME     LOW   TIME   DAYS  DAYS RAIN AVG  HI  TIME    DIR BAROM HUM
---------------------------------------------------------------------------------------
1    65.8  79.4   4:47pm  57.0   1:21am    3    4  0.00   1  11   3:30pm   N 29.52   69
2    66.6  76.7  12:23pm  59.2  11:57pm    2    4  0.00   1  11   2:18pm   N 29.58   68
3    68.8  85.3   3:41pm  56.0   2:03am    3    7  0.00   0   8   2:41pm   N 29.57   64
4    68.0  83.4   2:11pm  53.9   6:28am    3    6  0.00   1  12   3:46pm   N 29.54   63
5    62.6  73.0  12:40pm  56.3   6:53am    4    2  0.00   2  17   4:26pm NNE 29.58   69
6    61.0  69.1   4:26pm  52.9  11:59pm    5    1  0.00   3  19   5:05pm NNE 29.63   64
7    61.7  72.5   4:33pm  51.3   2:16am    5    2  0.00   1  17   3:00pm NNE 29.64   64
8    60.6  72.3   1:30pm  47.6   6:33am    6    2  0.00   1  12   3:00pm   N 29.61   71
9    66.2  79.4   3:34pm  57.6   6:09am    3    4  0.00   1  11   3:59pm   N 29.59   67
10   65.2  81.1   2:24pm  49.8   6:09am    4    5  0.00   1  11   4:44pm   N 29.59   65
11   62.0  74.6   5:09pm  50.2   6:32am    5    2  0.00   1  14   2:15pm   N 29.61   68
12   61.9  73.2   3:22pm  49.9   5:35am    5    2  0.00   1  11   1:48pm   N 29.66   66
13   63.8  78.5   4:16pm  49.1   6:07am    5    4  0.00   1  12   4:29pm   N 29.66   58
14   64.1  78.3   1:41pm  48.6   5:13am    5    4  0.00   1  10   3:33pm   N 29.59   60
15   64.8  76.5   4:11pm  52.6   6:13am    4    3  0.00   1  12   3:50pm   N 29.56   67
16   65.3  78.3   3:43pm  53.2   6:23am    4    4  0.00   1  18   4:11pm NNE 29.60   58
17   65.9  81.1   4:22pm  50.2   4:29am    4    5  0.00   1  13   2:41pm   N 29.55   51
18   64.4  78.1   4:16pm  50.8   5:21am    4    4  0.00   1  16   6:17pm NNE 29.52   56
19   65.3  77.2   2:59pm  51.6   6:14am    4    4  0.00   1  12   1:50pm   N 29.57   63
20   69.7  82.0   1:57pm  57.8   6:12am    2    6  0.00   1  13   3:02pm   N 29.61   68
21   70.6  86.7   2:10pm  55.1   6:06am    2    8  0.00   1  11   2:05pm   N 29.55   65
22   69.8  84.3   3:47pm  59.2   3:52am    2    6  0.00   1  10   4:11pm   N 29.42   67
23   67.7  85.1   2:30pm  55.3   4:06am    3    5  0.00   1  13   4:26pm   N 29.35   65
24   67.0  79.0  12:59pm  56.0   5:04am    3    4  0.00   1  11   2:12pm   N 29.40   69
25   66.5  73.7   4:31pm  60.1   6:47am    1    3  0.00   2  12   1:34pm NNW 29.52   69
26   67.0  76.7   1:27pm  58.6  11:59pm    1    3  0.00   1  11   5:10pm NNW 29.51   68
27   67.1  80.9   3:22pm  53.2   3:38am    3    5  0.00   0  11   1:50pm   N 29.47   65
28   73.2  89.9   4:53pm  56.9   5:16am    2   10  0.00   1  10   4:01pm   N 29.48   55
29   76.4  92.7   1:38pm  62.9   6:15am    0   12  0.00   1  11   2:56pm   N 29.49   50
30   76.1  92.9   1:16pm  63.9   6:53am    0   11  0.00   1  11   2:59pm   N 29.54   50
31   74.4  86.5   1:46pm  63.7  11:59pm    0    9  0.00   0   8   2:00pm   N 29.55   55
---------------------------------------------------------------------------------------
TOT  66.8  92.9  8/30/07  47.6   8/8/07   98  152  0.00   1  19   8/6/07   N 29.55   63

HEAT BASE: 65.0
COOL BASE: 65.0