NOAA-Style Climate Reports

Select a Year or Month report
2021: Jan Feb Mar Apr May Jun Jul Aug Sep Oct Nov Dec
2020: Jan Feb Mar Apr May Jun Jul Aug Sep Oct Nov Dec
2019: Jan Feb Mar Apr May Jun Jul Aug Sep Oct Nov Dec
2018: Jan Feb Mar Apr May Jun Jul Aug Sep Oct Nov Dec
2017: Jan Feb Mar Apr May Jun Jul Aug Sep Oct Nov Dec
2016: Jan Feb Mar Apr May Jun Jul Aug Sep Oct Nov Dec
2015: Jan Feb Mar Apr May Jun Jul Aug Sep Oct Nov Dec
2014: Jan Feb Mar Apr May Jun Jul Aug Sep Oct Nov Dec
2013: Jan Feb Mar Apr May Jun Jul Aug Sep Oct Nov Dec
2012: Jan Feb Mar Apr May Jun Jul Aug Sep Oct Nov Dec
2011: Jan Feb Mar Apr May Jun Jul Aug Sep Oct Nov Dec
2010: Jan Feb Mar Apr May Jun Jul Aug Sep Oct Nov Dec
2009: Jan Feb Mar Apr May Jun Jul Aug Sep Oct Nov Dec
2008: Jan Feb Mar Apr May Jun Jul Aug Sep Oct Nov Dec
2007: Jan Feb Mar Apr May Jun Jul Aug Sep Oct Nov Dec
2006: Jan Feb Mar Apr May Jun Jul Aug Sep Oct Nov Dec
2005: Jan Feb Mar Apr May Jun Jul Aug Sep Oct Nov Dec
2004: Jan Feb Mar Apr May Jun Jul Aug Sep Oct Nov Dec

Report for 2007 November
                  MONTHLY CLIMATOLOGICAL SUMMARY FOR 11/2007
                                        HEAT  COOL        
     MEAN                               DEG   DEG       WIND SPEED       DOM MEAN  MEAN
DAY  TEMP  HIGH   TIME     LOW   TIME   DAYS  DAYS RAIN AVG  HI  TIME    DIR BAROM HUM
---------------------------------------------------------------------------------------
1    56.9  70.4   2:34pm  50.8   7:12am    9    1  0.00   0  10  12:07pm  NW 29.73   77
2    59.3  74.2   3:03pm  46.0   6:40am    8    2  0.00   1  13   1:44pm  NW 29.71   58
3    61.8  76.8   3:02pm  48.0   4:49am    6    3  0.00   1  11   2:37pm WNW 29.72   40
4    60.5  76.5   3:20pm  46.8   6:47am    7    2  0.00   0   8   1:03pm  NW 29.68   46
5    55.1  67.6   2:41pm  45.2   6:31am   10    0  0.00   0   6   2:12pm NNE 29.65   71
6    54.0  62.9   2:17pm  46.4  11:45pm   11    0  0.00   0   6  12:49pm   N 29.63   78
7    53.1  63.9   1:09pm  44.6   1:45am   12    0  0.00   1   7   1:00pm   N 29.66   82
8    53.8  58.4   1:32pm  51.3   5:50am   11    0  0.00   0   6   1:16pm ESE 29.66   80
9    54.3  64.3   2:15pm  46.2   6:45am   11    0  0.00   0   8  10:23am  NW 29.64   75
10   56.3  66.6  11:44am  46.8   1:54am    9    0  0.17   1  11   2:51pm SSE 29.63   79
11   55.3  62.6   2:51pm  45.7  11:51pm   10    0  0.13   2  20   2:17pm WNW 29.65   74
12   55.5  70.1   1:09pm  42.8   6:11am   10    1  0.00   0   6  12:22pm  NW 29.79   52
13   59.7  70.8   2:24pm  49.8   4:01am    6    1  0.00   1  13   1:02pm WNW 29.81   66
14   63.2  73.5   2:52pm  54.2  11:30pm    3    2  0.00   2  17   9:49am WNW 29.68   60
15   58.7  70.3  12:40pm  50.1   6:56am    7    1  0.00   0  10   3:00pm   N 29.65   74
16   56.3  63.1   1:56pm  51.4  11:59pm    9    0  0.00   0   8  12:12pm   N 29.72   81
17   55.6  65.6  12:08pm  47.7   6:20am    9    0  0.00   0  12  12:56pm   N 29.74   77
18    0.0  75.6   5:38pm  75.6   5:38pm    0    0  0.00   0   0   5:38pm ---  0.00    0
---------------------------------------------------------------------------------------
TOT   0.0  75.6   2/7/08  75.6   2/7/08  148   12  0.00   0   0   2/7/08 ---  0.00    0

HEAT BASE: 65.0
COOL BASE: 65.0