NOAA-Style Climate Reports

Select a Year or Month report
2021: Jan Feb Mar Apr May Jun Jul Aug Sep Oct Nov Dec
2020: Jan Feb Mar Apr May Jun Jul Aug Sep Oct Nov Dec
2019: Jan Feb Mar Apr May Jun Jul Aug Sep Oct Nov Dec
2018: Jan Feb Mar Apr May Jun Jul Aug Sep Oct Nov Dec
2017: Jan Feb Mar Apr May Jun Jul Aug Sep Oct Nov Dec
2016: Jan Feb Mar Apr May Jun Jul Aug Sep Oct Nov Dec
2015: Jan Feb Mar Apr May Jun Jul Aug Sep Oct Nov Dec
2014: Jan Feb Mar Apr May Jun Jul Aug Sep Oct Nov Dec
2013: Jan Feb Mar Apr May Jun Jul Aug Sep Oct Nov Dec
2012: Jan Feb Mar Apr May Jun Jul Aug Sep Oct Nov Dec
2011: Jan Feb Mar Apr May Jun Jul Aug Sep Oct Nov Dec
2010: Jan Feb Mar Apr May Jun Jul Aug Sep Oct Nov Dec
2009: Jan Feb Mar Apr May Jun Jul Aug Sep Oct Nov Dec
2008: Jan Feb Mar Apr May Jun Jul Aug Sep Oct Nov Dec
2007: Jan Feb Mar Apr May Jun Jul Aug Sep Oct Nov Dec
2006: Jan Feb Mar Apr May Jun Jul Aug Sep Oct Nov Dec
2005: Jan Feb Mar Apr May Jun Jul Aug Sep Oct Nov Dec
2004: Jan Feb Mar Apr May Jun Jul Aug Sep Oct Nov Dec

Report for 2008 May
                  MONTHLY CLIMATOLOGICAL SUMMARY FOR 5/2008
                                        HEAT  COOL        
     MEAN                               DEG   DEG       WIND SPEED       DOM MEAN  MEAN
DAY  TEMP  HIGH   TIME     LOW   TIME   DAYS  DAYS RAIN AVG  HI  TIME    DIR BAROM HUM
---------------------------------------------------------------------------------------
1    73.2  76.5   9:16am  70.9   2:38am    0    8  0.00   2  12  10:22am  NE 29.33   71
2    73.4  76.1   2:33pm  70.4   5:10am    0    8  0.00   1   8   9:10am ENE 29.33   72
3    72.8  76.5   9:22am  69.9   6:35pm    0    8  0.03   2  10   9:58am   S 29.34   73
4    72.7  79.4   2:57pm  67.9   4:32am    0    8  0.00   2  15   3:12pm  NE 29.29   70
5    73.0  77.2   1:27pm  68.9   5:17am    0    8  0.01   3  18   1:32pm  SW 29.27   72
6    74.0  76.7  10:37am  70.6   7:12am    0    9  0.01   1  11  12:16pm  NW 29.30   70
7    74.5  78.6   4:03pm  70.1  11:17pm    0    9  0.00   2  11   1:45pm  NW 29.32   69
8    71.9  76.5   3:33pm  68.4   5:09am    0    7  1.08   2  14   7:08pm  NE 29.31   72
9    71.3  74.6   2:23pm  68.9   3:51am    0    6  0.02   3  17  12:03pm ENE 29.32   74
10   72.1  77.9   2:56pm  68.1   4:08am    0    7  0.15   2  14  12:14pm ENE 29.33   71
11   73.0  77.7   2:28pm  68.4   2:19am    0    8  0.00   2  12   1:09pm  NE 29.34   67
12   74.1  77.9   2:04pm  70.1  11:35pm    0    9  0.00   2  15   3:17pm  SW 29.34   67
13   70.2  75.3  10:40am  65.2   2:33am    0    5  0.22   2  13   3:30pm  NE 29.33   74
14   72.2  77.9   3:18pm  67.8   4:30am    0    7  0.20   2  12  10:31am SSW 29.34   71
15   72.1  77.7   1:56pm  66.6   5:22am    0    7  0.00   2  10   1:42pm  NE 29.34   72
16   72.4  76.0   9:29am  68.3   6:12am    0    7  0.00   1  11   9:53am  NE 29.34   75
17   71.9  76.1   9:12am  68.8   5:21am    0    7  0.07   2  10   9:18am ENE 29.38   76
18   73.6  79.2  12:54pm  69.9   4:59am    0    9  0.00   2  13   9:38am  NE 29.40   71
19   73.8  77.7   5:05pm  69.9   1:14am    0    9  0.00   3  12  11:28am  SE 29.37   72
20   73.0  76.7  10:08am  68.9   4:46am    0    8  0.05   2  14  12:03pm   N 29.35   75
21   72.4  76.1  10:10am  69.1   5:58am    0    7  0.00   3  14  12:45pm  SW 29.37   77
22   58.0  76.3   9:40am  68.4   4:02am   12    5  0.82   1  13  10:42am  NE 29.37   63
23   55.3  74.6   9:11am  68.8  12:00am   15    5  0.05   1  12  11:07am ENE 29.35   61
24   72.7  79.9   2:37pm  67.3   3:06am    0    8  0.00   2  13   1:43pm  NE 29.34   70
25   73.5  77.6  10:20am  69.8   5:48am    0    8  0.05   2  13  11:43am ENE 29.33   69
26   72.5  75.1   9:33am  70.4   7:03pm    0    7  0.05   2   9  12:07pm ENE 29.33   77
27   72.9  75.3  10:33am  70.4   2:54am    0    8  0.00   1   8   9:19am  NE 29.33   75
28   73.8  78.8  12:27pm  68.8   5:51am    0    9  0.00   3  14  12:44pm  SW 29.36   72
29   73.1  77.0   2:22pm  68.9   4:58am    0    8  0.01   2  13  10:18am  SW 29.36   73
30   72.2  74.4   3:47pm  69.9   3:39am    0    7  0.00   2  11   2:59am  SE 29.35   72
31   72.8  76.7  11:30am  69.6   5:42am    0    8  0.01   2  12   9:47am  NE 29.37   72
---------------------------------------------------------------------------------------
TOT  71.7  79.9  5/24/08  65.2  5/13/08   27  235  2.83   2  18   5/5/08  NE 29.34   71

HEAT BASE: 65.0
COOL BASE: 65.0