NOAA-Style Climate Reports

Select a Year or Month report
2021: Jan Feb Mar Apr May Jun Jul Aug Sep Oct Nov Dec
2020: Jan Feb Mar Apr May Jun Jul Aug Sep Oct Nov Dec
2019: Jan Feb Mar Apr May Jun Jul Aug Sep Oct Nov Dec
2018: Jan Feb Mar Apr May Jun Jul Aug Sep Oct Nov Dec
2017: Jan Feb Mar Apr May Jun Jul Aug Sep Oct Nov Dec
2016: Jan Feb Mar Apr May Jun Jul Aug Sep Oct Nov Dec
2015: Jan Feb Mar Apr May Jun Jul Aug Sep Oct Nov Dec
2014: Jan Feb Mar Apr May Jun Jul Aug Sep Oct Nov Dec
2013: Jan Feb Mar Apr May Jun Jul Aug Sep Oct Nov Dec
2012: Jan Feb Mar Apr May Jun Jul Aug Sep Oct Nov Dec
2011: Jan Feb Mar Apr May Jun Jul Aug Sep Oct Nov Dec
2010: Jan Feb Mar Apr May Jun Jul Aug Sep Oct Nov Dec
2009: Jan Feb Mar Apr May Jun Jul Aug Sep Oct Nov Dec
2008: Jan Feb Mar Apr May Jun Jul Aug Sep Oct Nov Dec
2007: Jan Feb Mar Apr May Jun Jul Aug Sep Oct Nov Dec
2006: Jan Feb Mar Apr May Jun Jul Aug Sep Oct Nov Dec
2005: Jan Feb Mar Apr May Jun Jul Aug Sep Oct Nov Dec
2004: Jan Feb Mar Apr May Jun Jul Aug Sep Oct Nov Dec

Report for 2009 June
                  MONTHLY CLIMATOLOGICAL SUMMARY FOR 6/2009
                                        HEAT  COOL        
     MEAN                               DEG   DEG       WIND SPEED       DOM MEAN  MEAN
DAY  TEMP  HIGH   TIME     LOW   TIME   DAYS  DAYS RAIN AVG  HI  TIME    DIR BAROM HUM
---------------------------------------------------------------------------------------
1    77.0  82.8   3:30pm  72.3   5:30am    0   12  0.01   0   0  12:00am   N 29.26   72
2    76.1  81.6   1:00pm  71.8   3:30am    0   11  0.00   0   0  12:00am   N 29.26   72
3    76.3  84.1   1:30pm  71.1   5:00am    0   11  0.02   0   0  12:00am   N 29.28   69
4    76.5  83.6   2:00pm  72.0   5:00am    0   11  0.00   0   0  12:00am   N 29.27   70
5    76.3  80.3   9:00am  71.3   3:30am    0   11  0.10   0   0  12:00am   N 29.31   71
6    75.6  78.6   1:00pm  72.1   5:00am    0   11  0.03   0   0  12:00am   N 29.33   73
7    75.3  78.5   1:00pm  71.5   5:30am    0   10  0.02   0   0  12:00am   N 29.34   71
8    75.7  80.1   2:30pm  71.3   5:30am    0   11  0.03   0   0  12:00am   N 29.30   69
9    74.5  77.7   1:00pm  71.6   3:00pm    0    9  0.12   0   0  12:00am   N 29.26   76
10   73.3  76.3   8:30am  70.4   3:30am    0    8  0.29   0   0  12:00am   N 29.28   82
11   74.9  78.1  10:30am  70.6   3:30am    0   10  0.02   0   0  12:00am   N 29.31   78
12   74.3  79.8  11:00am  71.6   4:00am    0    9  0.19   0   0  12:00am   N 29.32   79
13   75.7  79.9  10:00am  71.8   5:30am    0   11  0.04   0   0  12:00am   N 29.32   72
14   76.2  80.3  11:00am  72.7   6:00am    0   11  0.01   0   0  12:00am   N 29.32   75
15   75.6  78.8   8:00am  73.2   6:00am    0   11  0.01   0   0  12:00am   N 29.33   77
16   76.0  81.6  12:00pm  72.5   2:30am    0   11  0.10   0   0  12:00am   N 29.31   73
17   76.6  81.2   4:00pm  72.8   5:00am    0   12  0.00   0   0  12:00am   N 29.31   75
18   75.4  79.4   3:30pm  69.8   6:00am    0   10  0.11   0   0  12:00am   N 29.29   80
19   75.4  81.4   4:30pm  72.3   6:00am    0   10  0.22   0   0  12:00am   N 29.28   78
20   74.9  80.1   1:00pm  70.8   5:00am    0   10  0.09   0   0  12:00am   N 29.29   76
21   75.5  78.8  10:30am  71.3   6:00am    0   11  0.01   0   0  12:00am   N 29.29   75
22   74.8  79.0  11:00am  71.1   5:00am    0   10  0.04   0   0  12:00am   N 29.31   74
23   75.6  79.6   9:51am  71.8   8:08pm    0    7  0.36   0   9   3:53pm ENE 29.29   75
24   74.9  80.7   1:28pm  70.8   5:30am    0    9  0.02   0   8   3:58pm SSE 29.27   71
25   75.0  80.7   3:19pm  70.1   3:30am    0   10  0.18   0  12  12:44pm SSW 29.27   70
26   75.4  81.8  11:59am  70.8   5:29am    0   10  0.09   0  13   3:49pm SSW 29.31   74
27   74.6  78.8   3:45pm  70.1   3:15am    0    9  0.00   1  15   2:31pm SSE 29.29   73
28   73.4  77.7   9:51am  70.9   6:25am    0    8  0.08   2  13  10:06am ENE 29.26   73
29   74.2  78.8   1:39pm  69.4   5:01am    0    9  0.03   1  13  10:54am ENE 29.23   71
30   74.9  81.6  11:46am  69.8   4:08am    0   10  0.05   1  13  11:37am ENE 29.20   67
---------------------------------------------------------------------------------------
TOT  75.3  84.1   6/3/09  69.4  6/29/09    0  305  2.27   0  15  6/27/09 ENE 29.29   74

HEAT BASE: 65.0
COOL BASE: 65.0