NOAA-Style Climate Reports

Select a Year or Month report
2021: Jan Feb Mar Apr May Jun Jul Aug Sep Oct Nov Dec
2020: Jan Feb Mar Apr May Jun Jul Aug Sep Oct Nov Dec
2019: Jan Feb Mar Apr May Jun Jul Aug Sep Oct Nov Dec
2018: Jan Feb Mar Apr May Jun Jul Aug Sep Oct Nov Dec
2017: Jan Feb Mar Apr May Jun Jul Aug Sep Oct Nov Dec
2016: Jan Feb Mar Apr May Jun Jul Aug Sep Oct Nov Dec
2015: Jan Feb Mar Apr May Jun Jul Aug Sep Oct Nov Dec
2014: Jan Feb Mar Apr May Jun Jul Aug Sep Oct Nov Dec
2013: Jan Feb Mar Apr May Jun Jul Aug Sep Oct Nov Dec
2012: Jan Feb Mar Apr May Jun Jul Aug Sep Oct Nov Dec
2011: Jan Feb Mar Apr May Jun Jul Aug Sep Oct Nov Dec
2010: Jan Feb Mar Apr May Jun Jul Aug Sep Oct Nov Dec
2009: Jan Feb Mar Apr May Jun Jul Aug Sep Oct Nov Dec
2008: Jan Feb Mar Apr May Jun Jul Aug Sep Oct Nov Dec
2007: Jan Feb Mar Apr May Jun Jul Aug Sep Oct Nov Dec
2006: Jan Feb Mar Apr May Jun Jul Aug Sep Oct Nov Dec
2005: Jan Feb Mar Apr May Jun Jul Aug Sep Oct Nov Dec
2004: Jan Feb Mar Apr May Jun Jul Aug Sep Oct Nov Dec

Report for 2009 July
                  MONTHLY CLIMATOLOGICAL SUMMARY FOR 7/2009
                                        HEAT  COOL        
     MEAN                               DEG   DEG       WIND SPEED       DOM MEAN  MEAN
DAY  TEMP  HIGH   TIME     LOW   TIME   DAYS  DAYS RAIN AVG  HI  TIME    DIR BAROM HUM
---------------------------------------------------------------------------------------
1    75.7  82.6   2:39pm  70.3   2:31am    0   11  0.01   2  18  10:42am  SW 29.23   67
2    77.2  84.1   2:28pm  71.5   3:14am    0   12  0.03   2  15  12:46pm  SW 29.29   64
3    77.0  84.0   1:32pm  71.6   5:11am    0   12  0.03   1  13   2:11pm SSW 29.33   69
4    76.3  83.6   2:20pm  71.3   5:59am    0   11  0.31   1  12  12:45pm SSW 29.31   70
5    74.7  78.8  12:58pm  70.9   5:59am    0    9  0.09   0   8   4:08am ENE 29.27   73
6    75.0  82.4   4:34pm  70.6  12:58am    0    9  0.34   0  11  12:28am ENE 29.28   72
7    74.1  77.2   1:03pm  70.9   4:56am    0    8  0.00   1  11   9:19am ENE 29.28   73
8    74.7  79.4   9:22am  71.6   5:38am    0   10  0.03   0  10  12:37pm ENE 29.27   75
9    75.1  80.5   2:00pm  70.6   5:30am    0   10  0.09   2  12   2:00pm ENE 29.26   71
10   75.0  80.7  11:30am  71.5   5:00am    0   10  0.00   1  16   1:30pm ENE 29.27   73
11   75.2  80.1  10:30am  72.1  11:30pm    0   10  0.09   2  14  12:30pm ENE 29.27   76
12   75.9  81.6   1:30pm  70.9   5:30am    0   11  0.00   1  16   1:00pm SSE 29.28   73
13   74.8  81.1   1:00pm  71.8   5:30am    0   10  0.04   1  13  12:00pm SSW 29.29   76
14   75.0  82.4   2:00pm  69.8   6:00am    0   10  0.01   2  16  12:30pm ENE 29.27   72
15   76.1  83.6   1:30pm  70.4   2:00am    0   11  0.04   2  14   1:00pm SSW 29.26   65
16   76.9  83.0   4:30pm  70.8   4:00am    0   12  0.02   2  14   5:30pm  NE 29.27   66
17   77.1  83.4   4:00pm  71.8   4:30am    0   12  0.02   1  10  11:00am SSW 29.28   72
18   76.1  82.0  12:00pm  71.8   5:00am    0   11  0.06   1  13  11:30am SSW 29.30   75
19   75.3  78.5   2:30pm  72.5   4:00am    0   10  0.69   0  10   3:00pm  SW 29.32   84
20   75.7  80.9  11:30am  70.8   5:30am    0   11  0.02   3  17   3:30pm ENE 29.29   73
21   76.2  82.4   5:30pm  71.3   5:30am    0   11  0.03   2  14  12:00am SSW 29.28   63
22   78.0  85.7   3:00pm  70.9   1:30am    0   13  0.00   1  13   8:00pm SSW 29.25   63
23   77.7  83.4   2:30pm  74.7   8:30pm    0   13  0.09   1  13   6:00pm ENE 29.24   80
24   75.9  78.3  10:30am  73.2   5:30am    0   11  0.02   0   7  11:00am   N 29.22   85
25   77.0  82.4  12:30pm  73.9   5:00am    0   12  0.05   0  12   1:30pm SSW 29.24   79
26   77.3  83.0   3:00pm  72.5   3:30am    0   12  0.02   1  13   2:30pm SSW 29.28   74
27   76.1  80.3  10:30am  72.7   2:30am    0   11  0.14   0  10  11:00am SSW 29.29   78
28   77.1  83.6   5:30pm  72.0   5:00am    0   12  0.06   0  11  11:00am   N 29.28   75
29   75.8  81.4  11:30am  71.5   6:30am    0   11  0.66   1  12   1:30pm ENE 29.26   78
30   77.1  83.2   1:30pm  72.3   5:30am    0   12  0.03   2  16   2:00pm ENE 29.25   72
31   78.0  84.1   4:30pm  73.7   4:00am    0   13  0.08   1  16   4:30pm  SW 29.27   70
---------------------------------------------------------------------------------------
TOT  76.1  85.7  7/22/09  69.8  7/14/09    0  341  3.10   1  18   7/1/09 SSW 29.27   73

HEAT BASE: 65.0
COOL BASE: 65.0