NOAA-Style Climate Reports

Select a Year or Month report
2021: Jan Feb Mar Apr May Jun Jul Aug Sep Oct Nov Dec
2020: Jan Feb Mar Apr May Jun Jul Aug Sep Oct Nov Dec
2019: Jan Feb Mar Apr May Jun Jul Aug Sep Oct Nov Dec
2018: Jan Feb Mar Apr May Jun Jul Aug Sep Oct Nov Dec
2017: Jan Feb Mar Apr May Jun Jul Aug Sep Oct Nov Dec
2016: Jan Feb Mar Apr May Jun Jul Aug Sep Oct Nov Dec
2015: Jan Feb Mar Apr May Jun Jul Aug Sep Oct Nov Dec
2014: Jan Feb Mar Apr May Jun Jul Aug Sep Oct Nov Dec
2013: Jan Feb Mar Apr May Jun Jul Aug Sep Oct Nov Dec
2012: Jan Feb Mar Apr May Jun Jul Aug Sep Oct Nov Dec
2011: Jan Feb Mar Apr May Jun Jul Aug Sep Oct Nov Dec
2010: Jan Feb Mar Apr May Jun Jul Aug Sep Oct Nov Dec
2009: Jan Feb Mar Apr May Jun Jul Aug Sep Oct Nov Dec
2008: Jan Feb Mar Apr May Jun Jul Aug Sep Oct Nov Dec
2007: Jan Feb Mar Apr May Jun Jul Aug Sep Oct Nov Dec
2006: Jan Feb Mar Apr May Jun Jul Aug Sep Oct Nov Dec
2005: Jan Feb Mar Apr May Jun Jul Aug Sep Oct Nov Dec
2004: Jan Feb Mar Apr May Jun Jul Aug Sep Oct Nov Dec

Report for 2009 December
                  MONTHLY CLIMATOLOGICAL SUMMARY FOR 12/2009
                                        HEAT  COOL        
     MEAN                               DEG   DEG       WIND SPEED       DOM MEAN  MEAN
DAY  TEMP  HIGH   TIME     LOW   TIME   DAYS  DAYS RAIN AVG  HI  TIME    DIR BAROM HUM
---------------------------------------------------------------------------------------
1    72.4  79.2   1:24pm  66.8   5:04am    0    7  0.00   1  11   1:51pm  NE 29.15   61
2    73.8  81.6  12:54pm  68.3   5:17am    0    9  0.00   2  25  11:46am  NE 29.14   59
3    74.1  81.8   1:06pm  68.6   1:55am    0    9  0.00   1  12   1:41pm  NE 29.11   63
4    75.1  83.6   1:33pm  68.9   7:34am    0   10  0.20   3  24   1:47pm WSW 29.15   68
5    74.8  81.2   2:13pm  69.4   1:24am    0   10  0.00   0  11   1:52pm SSE 29.20   69
6    72.5  78.3  10:48am  70.4  10:35pm    0    8  0.14   1  11  10:50am  NE 29.22   84
7    74.7  82.6   1:50pm  68.8   6:14am    0   10  0.00   1  14  12:59pm SSW 29.23   71
8    74.6  82.8  12:44pm  69.9   1:38am    0   10  0.00   1  10  11:16am  NE 29.26   65
9    73.9  80.9  12:34pm  68.9   6:30am    0    9  0.00   1  12   1:30pm SSW 29.25   60
10   73.2  80.7   1:53pm  68.1  11:41pm    0    8  0.00   3  12  10:57am  NE 29.24   61
11   73.0  80.3   1:38pm  67.6   5:25am    0    8  0.00   1  11  12:50pm  NE 29.23   62
12   72.9  81.1   1:08pm  66.4   7:08am    0    8  0.00   1  12   1:46pm  NE 29.24   61
13   73.3  82.0   1:18pm  67.1   4:03am    0    8  0.00   1  11   1:50pm  NE 29.24   61
14   73.0  78.8  11:19am  68.4   5:10am    0    8  0.00   1  10  12:00am  NE 29.24   64
15   72.6  80.3   1:18pm  67.1   6:39am    0    7  0.00   1  13   3:00pm  NE 29.23   62
16   74.2  81.1   1:13pm  70.3   1:33am    0    9  0.01   1  13  12:02pm SSE 29.25   62
17   73.5  81.8  12:13pm  68.1   5:44am    0    8  0.00   2  16   3:33pm  NE 29.26   58
18   73.3  80.5  12:22pm  67.8   2:59am    0    8  0.00   1  13  12:57pm  NE 29.28   55
19   73.5  80.3   1:30pm  68.6   7:00am    0    8  0.00   1  14   2:00pm  NE 29.27   67
20   70.2  76.0   1:30pm  61.8  10:30am    0    5  0.67   2  35  10:30am  NE 29.26   68
21   71.3  79.0   1:00pm  65.8   1:00am    0    6  0.00   1  12   3:00pm  NE 29.26   59
22   72.0  80.5  12:30pm  65.8   6:00am    0    7  0.00   1  10   4:00am  NE 29.22   56
23   72.5  79.2  12:30pm  67.9   5:00am    0    8  0.00   1  12   2:30pm  NE 29.23   64
24   71.5  77.2  11:00am  67.3   7:00am    0    7  0.00   2  16   4:00pm  NE 29.26   63
25   72.2  78.6   2:00pm  66.8   6:00am    0    7  0.00   1  12   1:30pm SSW 29.28   64
26   72.0  78.1  10:00am  67.8  12:00am    0    7  0.00   2  13   3:30pm  NE 29.30   65
27   72.9  80.5   2:30pm  67.1   5:30am    0    8  0.00   2  24   3:30pm  NE 29.32   60
28   74.3  80.7   3:30pm  69.8  12:30am    0    9  0.00   2  19   4:30pm  NE 29.29   58
29   73.7  81.1   2:00pm  68.6   5:00am    0    9  0.00   1  11  12:00pm  NE 29.24   62
30   74.5  82.8   1:30pm  69.1   6:30am    0   10  0.00   1  14   1:00pm  NE 29.26   59
31   73.4  81.2   1:49pm  68.4   4:59am    0    8  0.00   2  13  10:02am  NE 29.25   60
---------------------------------------------------------------------------------------
TOT  73.2  83.6  12/4/09  61.8 12/20/09    0  253  1.02   1  35 12/20/09  NE 29.24   63

HEAT BASE: 65.0
COOL BASE: 65.0