NOAA-Style Climate Reports

Select a Year or Month report
2021: Jan Feb Mar Apr May Jun Jul Aug Sep Oct Nov Dec
2020: Jan Feb Mar Apr May Jun Jul Aug Sep Oct Nov Dec
2019: Jan Feb Mar Apr May Jun Jul Aug Sep Oct Nov Dec
2018: Jan Feb Mar Apr May Jun Jul Aug Sep Oct Nov Dec
2017: Jan Feb Mar Apr May Jun Jul Aug Sep Oct Nov Dec
2016: Jan Feb Mar Apr May Jun Jul Aug Sep Oct Nov Dec
2015: Jan Feb Mar Apr May Jun Jul Aug Sep Oct Nov Dec
2014: Jan Feb Mar Apr May Jun Jul Aug Sep Oct Nov Dec
2013: Jan Feb Mar Apr May Jun Jul Aug Sep Oct Nov Dec
2012: Jan Feb Mar Apr May Jun Jul Aug Sep Oct Nov Dec
2011: Jan Feb Mar Apr May Jun Jul Aug Sep Oct Nov Dec
2010: Jan Feb Mar Apr May Jun Jul Aug Sep Oct Nov Dec
2009: Jan Feb Mar Apr May Jun Jul Aug Sep Oct Nov Dec
2008: Jan Feb Mar Apr May Jun Jul Aug Sep Oct Nov Dec
2007: Jan Feb Mar Apr May Jun Jul Aug Sep Oct Nov Dec
2006: Jan Feb Mar Apr May Jun Jul Aug Sep Oct Nov Dec
2005: Jan Feb Mar Apr May Jun Jul Aug Sep Oct Nov Dec
2004: Jan Feb Mar Apr May Jun Jul Aug Sep Oct Nov Dec

Report for 2010 February
                  MONTHLY CLIMATOLOGICAL SUMMARY FOR 2/2010
                                        HEAT  COOL        
     MEAN                               DEG   DEG       WIND SPEED       DOM MEAN  MEAN
DAY  TEMP  HIGH   TIME     LOW   TIME   DAYS  DAYS RAIN AVG  HI  TIME    DIR BAROM HUM
---------------------------------------------------------------------------------------
1    73.1  79.8   3:17pm  68.1   6:29am    0    8  0.00   1  13   1:17pm SSW 29.16   71
2    74.1  81.1   1:28pm  68.6   7:10am    0    9  0.00   2  17   2:32pm ENE 29.18   62
3    73.6  81.8   2:18pm  67.4  12:32am    0    9  0.00   3  22   2:48pm  SW 29.17   58
4    72.7  81.4   1:03pm  67.8   6:18am    0    8  0.00   3  17   3:04pm ENE 29.22   52
5    71.6  76.5  11:06am  67.6   1:01am    0    7  0.00   1  12  11:20am  SW 29.28   55
6    72.4  80.1   3:56pm  67.1   4:30am    0    7  0.00   2  13   2:14pm  NE 29.30   51
7    71.8  80.7   2:40pm  66.0   4:33am    0    7  0.00   1  12   1:04pm  NE 29.31   54
8    72.0  78.5   3:50pm  67.4  12:59am    0    7  0.00   2  13   2:25pm  NE 29.35   58
9    72.5  77.6  11:18am  67.4   4:54am    0    8  0.00   1  12  10:18am  NE 29.35   63
10   73.6  80.1   2:21pm  68.9  10:07pm    0    8  0.00   1  11   9:58am SSW 29.36   61
11   72.2  77.4   1:07pm  68.6   1:18am    0    7  0.00   1  11  10:11am  NE 29.33   64
12   73.2  80.3  12:39pm  68.4   6:39am    0    8  0.00   1  16   1:57pm ENE 29.31   65
13   72.5  80.7   3:12pm  66.1   5:26am    0    8  0.00   2  14   1:49pm  NE 29.28   58
14   73.0  80.7  12:52pm  67.4   4:15am    0    8  0.00   1  12  12:33pm  NE 29.30   62
15   72.6  81.1   3:20pm  66.9   6:34am    0    8  0.00   1  13  12:13pm  NE 29.31   63
16   72.3  83.0   3:13pm  66.0   5:25am    0    7  0.00   2  26   4:15pm  NE 29.28   55
17   71.7  80.5   2:27pm  65.5   6:00am    0    7  0.00   2  13  12:46pm  NE 29.27   58
18   71.2  77.4   3:50pm  67.6   2:00am    0    6  0.00   1  11   3:46pm SSW 29.30   58
19   69.7  76.8  12:15pm  64.8   6:36am    0    5  0.00   1  11  12:23pm  NE 29.33   58
20   71.6  79.6   2:07pm  64.2   4:57am    0    7  0.00   1  15   2:20pm  NE 29.38   57
21   71.8  80.3   1:39pm  66.6   5:02am    0    7  0.00   1  14  12:57pm  NE 29.36   62
22   71.0  78.3  11:48am  65.5   5:18am    0    6  0.00   1  12  11:25am SSW 29.34   63
23   72.4  79.9   1:54pm  66.3   6:14am    0    7  0.00   2  16  12:44pm  NE 29.32   55
24   72.9  79.9   3:09pm  67.1   2:54am    0    8  0.00   3  31   3:54pm WSW 29.32   61
25   72.4  79.4  11:44am  67.4   5:47am    0    7  0.00   0  11  12:28pm  NE 29.36   67
26   73.6  77.9  10:00am  69.4  11:40pm    0    9  0.00   0   8   9:49am SSW 29.38   66
27   73.1  80.3   2:43pm  67.1   3:08am    0    8  0.00   1  14   2:45pm  SW 29.37   61
28   73.4  82.0   1:08pm  66.6   3:53am    0    8  0.00   1  14   9:45am  NE 29.31   58
---------------------------------------------------------------------------------------
TOT  72.4  83.0  2/16/10  64.2  2/20/10    0  208  0.00   1  31  2/24/10  NE 29.30   60

HEAT BASE: 65.0
COOL BASE: 65.0