NOAA-Style Climate Reports

Select a Year or Month report
2021: Jan Feb Mar Apr May Jun Jul Aug Sep Oct Nov Dec
2020: Jan Feb Mar Apr May Jun Jul Aug Sep Oct Nov Dec
2019: Jan Feb Mar Apr May Jun Jul Aug Sep Oct Nov Dec
2018: Jan Feb Mar Apr May Jun Jul Aug Sep Oct Nov Dec
2017: Jan Feb Mar Apr May Jun Jul Aug Sep Oct Nov Dec
2016: Jan Feb Mar Apr May Jun Jul Aug Sep Oct Nov Dec
2015: Jan Feb Mar Apr May Jun Jul Aug Sep Oct Nov Dec
2014: Jan Feb Mar Apr May Jun Jul Aug Sep Oct Nov Dec
2013: Jan Feb Mar Apr May Jun Jul Aug Sep Oct Nov Dec
2012: Jan Feb Mar Apr May Jun Jul Aug Sep Oct Nov Dec
2011: Jan Feb Mar Apr May Jun Jul Aug Sep Oct Nov Dec
2010: Jan Feb Mar Apr May Jun Jul Aug Sep Oct Nov Dec
2009: Jan Feb Mar Apr May Jun Jul Aug Sep Oct Nov Dec
2008: Jan Feb Mar Apr May Jun Jul Aug Sep Oct Nov Dec
2007: Jan Feb Mar Apr May Jun Jul Aug Sep Oct Nov Dec
2006: Jan Feb Mar Apr May Jun Jul Aug Sep Oct Nov Dec
2005: Jan Feb Mar Apr May Jun Jul Aug Sep Oct Nov Dec
2004: Jan Feb Mar Apr May Jun Jul Aug Sep Oct Nov Dec

Report for 2013 February
                  MONTHLY CLIMATOLOGICAL SUMMARY FOR 2/2013
                                        HEAT  COOL        
     MEAN                               DEG   DEG       WIND SPEED       DOM MEAN  MEAN
DAY  TEMP  HIGH   TIME     LOW   TIME   DAYS  DAYS RAIN AVG  HI  TIME    DIR BAROM HUM
---------------------------------------------------------------------------------------
1    63.1  72.3   1:42pm  46.6   6:37am    3    1  0.00   0   0   6:36am   N 30.14   64
2    60.5  70.6  12:24pm  53.3   6:19am    5    1  0.00   0   0  12:00am   N 30.15   76
3    60.8  73.7  11:53am  50.3  11:55pm    6    1  0.00   0   7   3:09pm   W 30.07   78
4    53.6  60.1  11:28am  45.6   6:26am   11    0  0.00   0   5   1:49pm SSW 30.05   93
5    54.7  57.5   3:32pm  52.4   6:08am   10    0  0.00   0   6   3:33pm SSW 30.05   87
6    56.0  63.9   1:41pm  47.7  11:59pm    9    0  0.00   0   5  10:44am   W 30.06   79
7    52.5  60.9  10:21am  43.1   6:52am   12    0  0.00   0   7  12:46pm SSW 30.08   86
8    50.4  57.4  10:26am  41.8  11:55pm   14    0  0.17   1  15   2:49pm   W 29.96   78
9    47.5  58.9   1:36pm  37.0   6:43am   17    0  0.00   0   7  11:58am SSW 30.03   80
10   49.8  58.6   1:43pm  41.6   6:36am   14    0  0.00   0   5   3:30pm SSW 30.07   79
11   50.4  63.4   1:18pm  38.4   6:57am   14    0  0.00   1  10   2:42pm WNW 30.14   78
12   50.3  63.4   1:40pm  38.0   6:18am   15    0  0.00   0   8   1:53pm   W 30.28   78
13   51.5  65.1   2:13pm  38.4   6:37am   13    0  0.00   0   6  11:51am SSW 30.21   81
14   53.3  72.9   1:09pm  40.6   6:48am   12    1  0.00   0   6   9:55am   W 30.14   80
15   60.9  83.0   1:53pm  43.7   5:47am    8    4  0.00   1  14   2:00pm  NE 30.14   57
16   61.4  83.8  12:52pm  44.2   6:36am    8    5  0.00   1   9   1:46pm WNW 30.07   44
17   53.9  62.9  11:01am  44.4   5:12am   11    0  0.00   1  11  11:32am   S 29.98   82
18   55.9  63.2   1:03pm  52.7   6:51am    9    0  0.00   1   7   8:00am SSW 30.03   74
19   53.1  57.8   2:16pm  47.8  10:13pm   11    0  0.10   1  11   1:47pm   W 29.89   73
20   52.2  61.4   1:15pm  41.2   6:44am   13    0  0.00   2  15  12:05pm WNW 29.85   63
21   52.4  62.9   2:53pm  43.3   5:29am   12    0  0.00   1   7   2:09pm SSW 30.03   73
22   51.0  63.2   2:05pm  39.1   6:20am   14    0  0.00   0   7  12:02pm SSW 30.16   81
23   52.1  64.0   1:19pm  40.5   6:25am   13    0  0.00   1   9   3:42pm SSW 30.06   80
24   57.9  69.2   3:07pm  45.0   2:44am    7    1  0.00   4  25   3:47am  NE 30.08   32
25   52.9  68.1  11:42am  38.7   6:33am   12    0  0.00   0   6   1:12pm WNW 30.16   62
26   53.4  68.5  12:06pm  40.8   6:34am   12    0  0.00   0   8   2:09pm   W 30.04   77
27   57.5  75.6   2:15pm  40.7   6:12am   10    2  0.00   1  11   4:33pm   W 30.19   57
28   60.1  82.1  11:58am  41.1   6:38am    9    4  0.00   0  10   2:31pm   W 30.27   48
---------------------------------------------------------------------------------------
TOT  54.5  83.8  2/16/13  37.0   2/9/13  303   21  0.27   1  24  2/24/13   W 30.08   72

HEAT BASE: 65.0
COOL BASE: 65.0