NOAA-Style Climate Reports

Select a Year or Month report
2021: Jan Feb Mar Apr May Jun Jul Aug Sep Oct Nov Dec
2020: Jan Feb Mar Apr May Jun Jul Aug Sep Oct Nov Dec
2019: Jan Feb Mar Apr May Jun Jul Aug Sep Oct Nov Dec
2018: Jan Feb Mar Apr May Jun Jul Aug Sep Oct Nov Dec
2017: Jan Feb Mar Apr May Jun Jul Aug Sep Oct Nov Dec
2016: Jan Feb Mar Apr May Jun Jul Aug Sep Oct Nov Dec
2015: Jan Feb Mar Apr May Jun Jul Aug Sep Oct Nov Dec
2014: Jan Feb Mar Apr May Jun Jul Aug Sep Oct Nov Dec
2013: Jan Feb Mar Apr May Jun Jul Aug Sep Oct Nov Dec
2012: Jan Feb Mar Apr May Jun Jul Aug Sep Oct Nov Dec
2011: Jan Feb Mar Apr May Jun Jul Aug Sep Oct Nov Dec
2010: Jan Feb Mar Apr May Jun Jul Aug Sep Oct Nov Dec
2009: Jan Feb Mar Apr May Jun Jul Aug Sep Oct Nov Dec
2008: Jan Feb Mar Apr May Jun Jul Aug Sep Oct Nov Dec
2007: Jan Feb Mar Apr May Jun Jul Aug Sep Oct Nov Dec
2006: Jan Feb Mar Apr May Jun Jul Aug Sep Oct Nov Dec
2005: Jan Feb Mar Apr May Jun Jul Aug Sep Oct Nov Dec
2004: Jan Feb Mar Apr May Jun Jul Aug Sep Oct Nov Dec

Report for 2013 August
                  MONTHLY CLIMATOLOGICAL SUMMARY FOR 8/2013
                                        HEAT  COOL        
     MEAN                               DEG   DEG       WIND SPEED       DOM MEAN  MEAN
DAY  TEMP  HIGH   TIME     LOW   TIME   DAYS  DAYS RAIN AVG  HI  TIME    DIR BAROM HUM
---------------------------------------------------------------------------------------
1    66.3  74.0   2:46pm  61.2  12:40am    1    2  0.00   2  13   3:11pm WSW 29.98   80
2    67.4  73.7   2:20pm  62.9   5:41am    1    3  0.00   3  12   1:36pm  SW 29.94   80
3    67.2  74.1   3:16pm  63.2  10:39pm    0    2  0.00   2  15   1:02pm  SW 29.96   82
4    66.4  74.5   2:40pm  61.6  11:57pm    1    2  0.00   2  12   2:43pm WSW 29.98   83
5    65.2  73.4   2:38pm  59.6   2:33am    2    2  0.00   2  11  11:00am WSW 29.97   85
6    66.3  73.0   2:47pm  62.1  11:51pm    1    2  0.00   2  12   4:58pm  SW 30.00   82
7    65.5  73.0   3:02pm  59.8   2:06am    1    2  0.00   2  13   1:33pm   W 30.03   84
8    65.3  72.7   1:27pm  58.6   4:50am    2    2  0.00   2  12   2:35pm  SW 29.96   85
9    65.4  71.3   3:30pm  60.9   1:30am    1    2  0.00   2  12   2:30pm WSW 29.94   83
10   65.6  71.7   2:30pm  61.1  12:00am    1    2  0.00   2  11  12:00pm  SW 29.99   82
11   66.3  73.4   2:42pm  61.8  12:30am    1    2  0.00   2  13   2:00pm WSW 29.96   83
12   66.2  72.1   4:28pm  62.0  12:11am    1    2  0.00   2  11   2:27pm SSW 29.94   85
13   66.5  73.9   3:48pm  62.5   3:59am    1    2  0.00   2  11   1:57pm SSE 29.93   86
14   65.8  71.8   2:40pm  62.5   5:05am    1    2  0.00   2  11  11:44am   S 29.90   89
15   67.0  73.9   4:00pm  62.5   2:55am    1    3  0.00   2  12   2:37pm   S 29.91   88
16   68.7  77.1   3:03pm  62.6   5:05am    0    4  0.00   2  14   1:43pm  SW 29.93   86
17   67.6  76.2   4:06pm  62.8   7:03am    1    3  0.00   2  14   3:28pm  SW 29.90   86
18   66.1  70.6   3:52pm  62.3   4:13am    1    2  0.00   3  14   2:51pm SSE 29.86   89
19   67.4  74.2   2:37pm  64.1  10:37pm    0    2  0.00   3  10   3:52pm SSE 29.90   87
20   67.9  76.9   2:30pm  63.9   2:14am    0    3  0.00   2  12   2:44pm WSW 29.89   84
21   68.9  77.1   2:03pm  61.2   5:49am    1    5  0.00   2  14   2:43pm WSW 29.88   81
22   70.8  82.4   3:49pm  61.6   6:02am    1    6  0.00   2  13   4:33pm WSW 29.87   74
23   68.9  78.2   3:08pm  60.9   6:24am    1    5  0.00   2  14   3:31pm  SW 29.81   80
24   65.0  72.5   4:27pm  60.5   7:08am    1    1  0.00   2  11  12:47pm  SW 29.82   90
25   66.4  74.2   3:21pm  60.3   2:37am    1    2  0.00   2  10   1:58pm SSW 29.88   86
26   71.8  83.5   1:40pm  63.3   5:36am    0    6  0.00   2  12   3:09pm  SW 29.87   74
27   70.2  81.5   1:59pm  65.4   6:14am    0    4  0.00   2  11  12:35pm  SW 29.81   80
28   72.3  81.5   3:17pm  64.8   6:00am    0    6  0.00   2  12   1:59pm  SW 29.82   74
29   73.4  87.2  10:43am  64.7   6:26am    0    7  0.00   2  11   2:50pm  SW 29.89   73
30   79.4  89.0   2:47pm  70.0   6:38am    0   12  0.00   3  13  10:32am  SW 29.92   68
31   76.8  87.0   3:03pm  73.4   6:28am    0    9  0.00   2  11   5:20pm SSW 29.92   76
---------------------------------------------------------------------------------------
TOT  68.0  88.9  8/30/13  58.6   8/8/13   22  108  0.00   2  15   8/3/13  SW 29.92   82

HEAT BASE: 65.0
COOL BASE: 65.0