NOAA-Style Climate Reports

Select a Year or Month report
2021: Jan Feb Mar Apr May Jun Jul Aug Sep Oct Nov Dec
2020: Jan Feb Mar Apr May Jun Jul Aug Sep Oct Nov Dec
2019: Jan Feb Mar Apr May Jun Jul Aug Sep Oct Nov Dec
2018: Jan Feb Mar Apr May Jun Jul Aug Sep Oct Nov Dec
2017: Jan Feb Mar Apr May Jun Jul Aug Sep Oct Nov Dec
2016: Jan Feb Mar Apr May Jun Jul Aug Sep Oct Nov Dec
2015: Jan Feb Mar Apr May Jun Jul Aug Sep Oct Nov Dec
2014: Jan Feb Mar Apr May Jun Jul Aug Sep Oct Nov Dec
2013: Jan Feb Mar Apr May Jun Jul Aug Sep Oct Nov Dec
2012: Jan Feb Mar Apr May Jun Jul Aug Sep Oct Nov Dec
2011: Jan Feb Mar Apr May Jun Jul Aug Sep Oct Nov Dec
2010: Jan Feb Mar Apr May Jun Jul Aug Sep Oct Nov Dec
2009: Jan Feb Mar Apr May Jun Jul Aug Sep Oct Nov Dec
2008: Jan Feb Mar Apr May Jun Jul Aug Sep Oct Nov Dec
2007: Jan Feb Mar Apr May Jun Jul Aug Sep Oct Nov Dec
2006: Jan Feb Mar Apr May Jun Jul Aug Sep Oct Nov Dec
2005: Jan Feb Mar Apr May Jun Jul Aug Sep Oct Nov Dec
2004: Jan Feb Mar Apr May Jun Jul Aug Sep Oct Nov Dec

Report for 2013 December
                  MONTHLY CLIMATOLOGICAL SUMMARY FOR 12/2013
                                        HEAT  COOL        
     MEAN                               DEG   DEG       WIND SPEED       DOM MEAN  MEAN
DAY  TEMP  HIGH   TIME     LOW   TIME   DAYS  DAYS RAIN AVG  HI  TIME    DIR BAROM HUM
---------------------------------------------------------------------------------------
1    60.5  80.7  12:08pm  48.4   6:48am    7    3  0.01   1  12   3:13pm SSE 30.14   70
2    57.0  69.9   2:36pm  46.4   6:16am    9    1  0.00   1   8  11:25am WSW 30.01   75
3    56.5  63.9  12:30pm  47.2   4:25am    8    0  0.00   2  17   1:33pm SSE 29.82   84
4    53.9  61.1   1:21pm  46.6   9:01pm   11    0  0.00   3  14  12:21am   W 29.89   64
5    51.3  60.3  12:04pm  42.4   7:00am   13    0  0.00   1  11  11:27am ENE 30.01   69
6    51.9  59.7  12:31pm  46.1  12:04am   13    0  0.00   2  14  10:16am  SE 30.13   69
7    51.1  59.4  12:53pm  44.4  11:59pm   13    0  0.21   3  20  12:03pm   W 30.07   77
8    47.1  56.8  11:14am  37.0   6:13am   17    0  0.00   1  11  11:43am SSE 30.14   75
9    48.5  60.9   2:08pm  37.8   6:53am   16    0  0.00   2  23   1:20pm  NE 30.24   41
10   49.9  65.6   2:02pm  35.4   5:48am   15    0  0.00   1  13   2:19pm WSW 30.16   55
11   51.6  67.3   1:33pm  38.0   6:42am   13    0  0.00   1  12  11:41pm WNW 30.13   70
12   53.9  64.7  12:41pm  45.5   6:38am   11    0  0.00   1  12  12:00am   S 30.17   83
13   47.9  65.8  10:12am  42.1   6:17am    7    0  0.01   1   6   9:11am SSW 30.22   91
14   54.9  70.6   2:49pm  42.1   6:17am   10    1  0.01   1  11   1:19pm  SW 30.22   68
15   60.6  82.9   2:02pm  41.8   6:23am    8    4  0.00   2  10  12:58pm NNE 30.14   55
16   60.4  75.7  11:29am  47.0   6:43am    7    2  0.00   1   8  12:17pm WSW 30.08   61
17   61.1  77.0   1:42pm  47.9   6:46am    6    2  0.00   1   8  10:03am   E 30.05   67
18   59.8  69.9  12:04pm  55.4   5:44am    5    0  0.00   2  14  12:43pm SSE 29.93   84
19   53.4  57.8  11:36am  45.2  11:56pm   11    0  0.36   2  12  12:40pm SSE 29.78   86
20   50.9  59.8  12:48pm  41.6   6:06am   13    0  0.01   2  11  12:24pm SSE 29.85   88
21   52.4  61.3  12:39pm  43.3   7:04am   12    0  0.01   2  11  10:27am SSE 29.98   86
22   52.9  67.7  12:39pm  43.4   7:09am   11    0  0.00   1   9   2:46pm   W 30.18   86
23   58.1  75.1   2:27pm  43.7   6:27am    8    2  0.02   2  12   2:18pm   W 30.24   68
24   57.1  74.6   3:04pm  44.6   6:12am    9    2  0.00   1   8  12:10pm   E 30.14   70
25   66.7  81.7   1:32pm  49.1   1:42am    3    5  0.00   2  11   2:51am  NE 30.13   37
26   61.0  80.9  12:23pm  44.6   5:47am    8    4  0.00   1  11   4:12pm   W 30.11   49
27   56.9  79.5  12:13pm  41.6   7:05am   10    2  0.00   1   8  12:43pm WSW 30.09   55
28   56.2  69.3  10:38am  48.6   7:26am    9    0  0.00   3  15  12:34pm SSE 29.99   72
29   57.2  77.7   2:13pm  42.8   4:16am   10    3  0.02   2  26  12:01pm   E 30.05   57
30   55.1  73.9  12:30pm  41.7   6:39am   11    2  0.00   1   7   2:29pm SSW 30.20   54
31   52.0  66.6   1:13pm  40.2   6:09am   13    0  0.00   1  10   1:51pm SSW 30.14   77
---------------------------------------------------------------------------------------
TOT  55.2  82.9 12/15/13  35.4 12/10/13  319   32  0.66   2  26 12/29/13 SSE 30.08   69

HEAT BASE: 65.0
COOL BASE: 65.0