NOAA-Style Climate Reports

Select a Year or Month report
2021: Jan Feb Mar Apr May Jun Jul Aug Sep Oct Nov Dec
2020: Jan Feb Mar Apr May Jun Jul Aug Sep Oct Nov Dec
2019: Jan Feb Mar Apr May Jun Jul Aug Sep Oct Nov Dec
2018: Jan Feb Mar Apr May Jun Jul Aug Sep Oct Nov Dec
2017: Jan Feb Mar Apr May Jun Jul Aug Sep Oct Nov Dec
2016: Jan Feb Mar Apr May Jun Jul Aug Sep Oct Nov Dec
2015: Jan Feb Mar Apr May Jun Jul Aug Sep Oct Nov Dec
2014: Jan Feb Mar Apr May Jun Jul Aug Sep Oct Nov Dec
2013: Jan Feb Mar Apr May Jun Jul Aug Sep Oct Nov Dec
2012: Jan Feb Mar Apr May Jun Jul Aug Sep Oct Nov Dec
2011: Jan Feb Mar Apr May Jun Jul Aug Sep Oct Nov Dec
2010: Jan Feb Mar Apr May Jun Jul Aug Sep Oct Nov Dec
2009: Jan Feb Mar Apr May Jun Jul Aug Sep Oct Nov Dec
2008: Jan Feb Mar Apr May Jun Jul Aug Sep Oct Nov Dec
2007: Jan Feb Mar Apr May Jun Jul Aug Sep Oct Nov Dec
2006: Jan Feb Mar Apr May Jun Jul Aug Sep Oct Nov Dec
2005: Jan Feb Mar Apr May Jun Jul Aug Sep Oct Nov Dec
2004: Jan Feb Mar Apr May Jun Jul Aug Sep Oct Nov Dec

Report for 2014 March
                  MONTHLY CLIMATOLOGICAL SUMMARY FOR 3/2014
                                        HEAT  COOL        
     MEAN                               DEG   DEG       WIND SPEED       DOM MEAN  MEAN
DAY  TEMP  HIGH   TIME     LOW   TIME   DAYS  DAYS RAIN AVG  HI  TIME    DIR BAROM HUM
---------------------------------------------------------------------------------------
1    57.4  63.7  12:48pm  53.4  10:34pm    7    0  0.69   3  21   3:27pm SSE 29.84   91
2    57.2  64.1   2:50pm  53.4  11:45pm    8    0  0.04   1   9   1:40pm  NE 30.10   92
3    57.8  67.2  11:30am  50.2   4:19am    7    0  0.01   2  16   3:44pm   W 30.09   88
4    58.5  66.6   2:07pm  52.3   1:25am    6    0  0.01   1  10   2:18pm SSE 30.03   89
5    59.5  68.5   2:58pm  51.5   3:16am    6    1  0.00   2  15   1:39pm WSW 30.04   90
6    61.5  67.3  11:06am  56.3   4:01am    4    0  0.00   3  12  12:33pm SSE 30.03   90
7    61.9  69.0   3:02pm  55.7   5:31am    4    1  0.00   2  11   9:53am WSW 29.96   83
8    66.5  84.5  12:23pm  50.2   5:05am    4    6  0.01   3  17  10:52am   W 30.04   51
9    67.9  85.4  12:44pm  51.7   6:35am    3    6  0.00   2  13   4:16pm  SW 30.09   43
10   62.0  72.6   2:58pm  51.2   5:50am    5    2  0.00   2  10  11:39am   S 30.03   69
11   59.8  73.7   5:07pm  49.9   7:12am    6    1  0.01   2  12   7:53pm   S 29.97   81
12   59.9  72.9  11:36am  50.1   7:08am    6    1  0.01   3  18   4:46pm SSE 29.97   84
13   60.9  66.6   3:10pm  54.5  11:59pm    4    0  0.00   2  12   2:18pm SSE 29.96   77
14   59.4  69.3   2:44pm  49.7   6:17am    6    1  0.01   1  10   4:21pm  SW 30.06   84
15   62.7  75.3   5:45pm  50.4   6:50am    5    3  0.01   2  12   2:59pm  SW 30.15   79
16   66.1  87.4   1:48pm  50.8   7:11am    4    5  0.00   2  12   4:35pm WSW 30.15   62
17   61.7  70.3   3:03pm  53.8   7:04am    4    1  0.00   2  15  12:26pm   S 29.92   83
18   61.3  68.9   3:25pm  55.6   5:53am    4    0  0.00   2  10   2:16pm   S 29.85   81
19   60.5  70.7   2:52pm  50.7   6:23am    5    1  0.01   2  10   1:54pm SSE 30.01   85
20   60.1  67.7  12:01pm  53.3   2:08am    5    0  0.01   2  13   1:53pm   W 30.00   86
21   60.1  66.4   1:22pm  56.2  12:00am    5    0  0.00   2  12  11:35am   S 29.98   77
22   60.5  66.8   1:36pm  55.4  11:57pm    4    0  0.00   2  14   2:06pm   W 30.05   75
23   58.4  66.8   2:16pm  51.0   5:59am    6    0  0.00   2  13   4:59pm   W 30.09   84
24   59.8  65.7   4:21pm  58.0  12:00am    5    0  0.00   2  13   3:36pm   W 30.07   86
25   59.9  64.6   3:06pm  57.5   9:58pm    5    0  0.00   2  11   4:56pm WSW 29.98   85
26   60.2  65.1   1:21pm  56.9   6:54am    5    0  0.00   5  27   1:09pm   W 29.95   80
27   59.2  65.2   3:07pm  53.1   7:08am    6    0  0.00   3  18   1:36pm WSW 30.03   77
28   59.7  67.9   2:35pm  51.9   3:27am    5    0  0.00   2  12   4:24pm   W 30.12   79
29   60.6  71.2  11:36am  50.6   6:27am    5    1  0.01   2  14   2:54pm   W 30.06   81
30   61.1  69.4  12:56pm  55.8  11:59pm    4    1  0.00   4  21   4:49pm   W 30.01   74
31   57.3  65.0   3:02pm  49.6   6:31am    8    0  0.00   2  20   4:39pm SSW 30.02   80
---------------------------------------------------------------------------------------
TOT  60.6  87.4  3/16/14  49.6  3/31/14  163   31  0.83   2  23  3/26/14 WSW 30.02   80

HEAT BASE: 65.0
COOL BASE: 65.0