NOAA-Style Climate Reports

Select a Year or Month report
2021: Jan Feb Mar Apr May Jun Jul Aug Sep Oct Nov Dec
2020: Jan Feb Mar Apr May Jun Jul Aug Sep Oct Nov Dec
2019: Jan Feb Mar Apr May Jun Jul Aug Sep Oct Nov Dec
2018: Jan Feb Mar Apr May Jun Jul Aug Sep Oct Nov Dec
2017: Jan Feb Mar Apr May Jun Jul Aug Sep Oct Nov Dec
2016: Jan Feb Mar Apr May Jun Jul Aug Sep Oct Nov Dec
2015: Jan Feb Mar Apr May Jun Jul Aug Sep Oct Nov Dec
2014: Jan Feb Mar Apr May Jun Jul Aug Sep Oct Nov Dec
2013: Jan Feb Mar Apr May Jun Jul Aug Sep Oct Nov Dec
2012: Jan Feb Mar Apr May Jun Jul Aug Sep Oct Nov Dec
2011: Jan Feb Mar Apr May Jun Jul Aug Sep Oct Nov Dec
2010: Jan Feb Mar Apr May Jun Jul Aug Sep Oct Nov Dec
2009: Jan Feb Mar Apr May Jun Jul Aug Sep Oct Nov Dec
2008: Jan Feb Mar Apr May Jun Jul Aug Sep Oct Nov Dec
2007: Jan Feb Mar Apr May Jun Jul Aug Sep Oct Nov Dec
2006: Jan Feb Mar Apr May Jun Jul Aug Sep Oct Nov Dec
2005: Jan Feb Mar Apr May Jun Jul Aug Sep Oct Nov Dec
2004: Jan Feb Mar Apr May Jun Jul Aug Sep Oct Nov Dec

Report for 2014 June
                  MONTHLY CLIMATOLOGICAL SUMMARY FOR 6/2014
                                        HEAT  COOL        
     MEAN                               DEG   DEG       WIND SPEED       DOM MEAN  MEAN
DAY  TEMP  HIGH   TIME     LOW   TIME   DAYS  DAYS RAIN AVG  HI  TIME    DIR BAROM HUM
---------------------------------------------------------------------------------------
1    66.9  75.1   2:22pm  59.3   4:23am    1    3  0.00   2  11   4:15pm  SW 29.86   82
2    65.6  73.8   4:29pm  58.4   4:07am    2    2  0.00   2  12   2:46pm WSW 29.87   80
3    67.2  77.9   3:41pm  57.0   4:06am    2    4  0.00   2  12   3:09pm   W 29.86   75
4    66.4  75.3   3:32pm  58.0   5:53am    2    3  0.00   2  12   3:00pm  SW 29.84   80
5    66.1  73.5   2:50pm  60.1   2:24am    1    2  0.00   3  14   2:52pm  SW 29.83   82
6    65.1  72.3   3:29pm  60.1   3:04am    2    2  0.00   3  14   4:31pm WSW 29.83   82
7    65.3  71.1   3:08pm  62.0   3:37am    1    2  0.00   3  11   2:56pm  SW 29.82   79
8    66.7  72.5   3:49pm  62.8  11:31pm    1    2  0.00   3  11  12:30pm  SW 29.80   81
9    65.2  72.7   1:49pm  62.5   5:11am    1    1  0.00   2  14   6:12pm   S 29.80   88
10   65.3  69.2   2:47pm  63.2   8:28pm    1    1  0.00   3  13   2:35pm   S 29.83   84
11   67.1  73.5   2:04pm  62.7  11:59pm    0    2  0.00   3  12   2:07pm  SW 29.89   75
12   66.8  73.2   3:22pm  61.5  11:31pm    1    2  0.00   2  15   5:04pm  SW 29.93   77
13   66.2  71.5   1:52pm  61.9  12:00am    1    2  0.00   2  13   6:21pm  SW 29.92   77
14   67.0  73.0   4:33pm  63.0   5:11am    1    3  0.00   3  13   3:57pm  SW 29.87   77
15   66.7  71.2  12:37pm  62.4   6:16am    0    2  0.00   3  12   2:30pm   S 29.86   79
16   66.9  72.7   3:25pm  62.5  11:59pm    0    2  0.00   3  13   4:40pm   W 29.89   77
17   65.3  71.0   3:44pm  59.5   3:01am    1    2  0.00   3  14   9:42am   W 29.91   80
18   64.9  70.0  11:44am  59.2   5:38am    1    1  0.00   3  14   3:28pm   S 29.92   77
19   66.7  74.1   1:13pm  57.6   5:31am    2    3  0.00   2  12   4:37pm   S 29.93   80
20   66.7  74.3   2:30pm  59.2   5:54am    1    3  0.00   3  15   5:00pm  SW 29.90   85
21   66.3  71.0   2:00pm  60.6   5:00am    1    2  0.00   3  17   1:30pm   S 29.87   87
22   67.3  72.5  12:09pm  64.1  11:32pm    0    2  0.00   3  15   1:30pm SSE 29.90   80
23   67.6  71.7   2:31pm  64.1  12:00am    0    3  0.00   3  12  12:43pm SSW 29.92   79
24   67.8  73.6   2:29pm  64.2   6:39am    0    3  0.00   2  11   1:55pm  SW 29.93   81
25   67.9  73.7   2:46pm  65.4   3:20am    0    3  0.00   2  15  12:58pm   S 29.89   82
26   68.7  73.6  12:52pm  65.8   3:45am    0    3  0.00   2  11   3:21pm   S 29.89   82
27   68.6  73.8   2:38pm  63.5   6:00am    0    4  0.00   3  14  12:59pm SSE 29.86   83
28   68.0  73.4  12:23pm  65.7   1:24am    0    3  0.00   3  14   2:48pm   S 29.85   84
29   68.7  73.9   1:43pm  65.5  11:59pm    0    4  0.00   3  14   2:45pm SSE 29.87   85
30   67.4  73.0   1:55pm  64.7  11:59pm    0    2  0.00   2  12   3:08pm   S 29.88   86
---------------------------------------------------------------------------------------
TOT  66.7  77.9   6/3/14  57.0   6/3/14   23   73  0.00   3  17  6/21/14   S 29.87   81

HEAT BASE: 65.0
COOL BASE: 65.0