NOAA-Style Climate Reports

Select a Year or Month report
2021: Jan Feb Mar Apr May Jun Jul Aug Sep Oct Nov Dec
2020: Jan Feb Mar Apr May Jun Jul Aug Sep Oct Nov Dec
2019: Jan Feb Mar Apr May Jun Jul Aug Sep Oct Nov Dec
2018: Jan Feb Mar Apr May Jun Jul Aug Sep Oct Nov Dec
2017: Jan Feb Mar Apr May Jun Jul Aug Sep Oct Nov Dec
2016: Jan Feb Mar Apr May Jun Jul Aug Sep Oct Nov Dec
2015: Jan Feb Mar Apr May Jun Jul Aug Sep Oct Nov Dec
2014: Jan Feb Mar Apr May Jun Jul Aug Sep Oct Nov Dec
2013: Jan Feb Mar Apr May Jun Jul Aug Sep Oct Nov Dec
2012: Jan Feb Mar Apr May Jun Jul Aug Sep Oct Nov Dec
2011: Jan Feb Mar Apr May Jun Jul Aug Sep Oct Nov Dec
2010: Jan Feb Mar Apr May Jun Jul Aug Sep Oct Nov Dec
2009: Jan Feb Mar Apr May Jun Jul Aug Sep Oct Nov Dec
2008: Jan Feb Mar Apr May Jun Jul Aug Sep Oct Nov Dec
2007: Jan Feb Mar Apr May Jun Jul Aug Sep Oct Nov Dec
2006: Jan Feb Mar Apr May Jun Jul Aug Sep Oct Nov Dec
2005: Jan Feb Mar Apr May Jun Jul Aug Sep Oct Nov Dec
2004: Jan Feb Mar Apr May Jun Jul Aug Sep Oct Nov Dec

Report for 2014 July
                  MONTHLY CLIMATOLOGICAL SUMMARY FOR 7/2014
                                        HEAT  COOL        
     MEAN                               DEG   DEG       WIND SPEED       DOM MEAN  MEAN
DAY  TEMP  HIGH   TIME     LOW   TIME   DAYS  DAYS RAIN AVG  HI  TIME    DIR BAROM HUM
---------------------------------------------------------------------------------------
1    68.9  75.7   3:05pm  64.0   1:17am    0    4  0.00   2  11   2:04pm  SW 29.85   86
2    68.5  75.2   4:13pm  64.4   1:11am    0    4  0.00   2  10   2:32pm  SW 29.87   86
3    70.5  77.9   3:24pm  65.7  12:00am    0    6  0.00   2  11   2:00pm   S 29.89   84
4    70.3  76.9   2:03pm  65.3   3:39am    0    5  0.00   2  12   3:15pm   S 29.96   86
5    73.4  82.7   2:49pm  66.4   6:12am    0    8  0.00   3  12   1:18pm  SW 30.01   77
6    73.8  82.7   2:27pm  67.2   5:51am    0    9  0.00   2  12   3:27pm  SW 29.96   77
7    71.6  78.5   1:07pm  65.8   6:01am    0    6  0.00   2  12  11:45am  SW 29.89   83
8    71.4  77.7   2:05pm  66.6   6:08am    0    6  0.00   3  12  12:33pm  SW 29.92   83
9    71.5  77.7   2:26pm  67.0   4:02am    0    6  0.00   2  12   3:28pm  SW 29.94   79
10   71.5  77.3   2:17pm  66.9  11:49pm    0    6  0.00   3  13   5:52pm   W 29.93   78
11   70.4  76.9   3:33pm  66.2   1:45am    0    5  0.00   3  15   5:32pm   W 29.97   80
12   69.6  75.8   4:36pm  63.8   6:17am    0    5  0.00   2  11   2:42pm  SW 29.97   84
13   70.0  74.8  12:46pm  64.9   5:49am    0    4  0.00   3  16   6:33pm   S 29.90   86
14   70.0  74.7   3:33pm  67.9   3:56am    0    5  0.00   3  17   4:52pm SSE 29.95   87
15   69.4  72.0   1:04pm  67.7   2:39am    0    4  0.00   2  11   1:25pm SSE 30.02   87
16   71.1  77.7   2:50pm  66.5  11:59pm    0    6  0.00   2  13   3:30pm   S 30.01   77
17   69.8  76.6   1:29pm  63.2   3:36am    0    5  0.00   3  16   3:43pm WSW 30.00   78
18   69.2  76.6   1:56pm  61.9   6:11am    0    4  0.00   3  15   5:36pm   W 29.99   78
19   68.5  73.5   4:46pm  64.7   6:07am    0    3  0.00   2  11   5:24pm   W 29.96   84
20   71.0  77.6   1:46pm  67.0   5:39am    0    5  0.00   3  15   3:56pm   W 29.97   80
21   70.7  77.8   2:08pm  64.3   5:10am    0    5  0.00   3  16   3:55pm   W 30.02   80
22   71.9  80.9   4:28pm  63.6   5:43am    0    7  0.00   3  15   4:11pm WSW 30.01   78
23   72.7  83.1   2:59pm  63.5   5:43am    0    8  0.00   2  13   3:02pm  SW 29.95   74
24   73.9  83.8   4:10pm  65.0   5:51am    0    8  0.00   2  11   2:28pm  SW 29.82   79
25   72.2  76.9   3:00pm  69.0  11:56pm    0    7  0.00   4  17  12:50pm   S 29.88   85
26   71.1  78.3   2:55pm  66.4   6:15am    0    6  0.00   2  11   1:03pm   S 29.94   88
27   72.9  83.9   4:53pm  67.7   6:11am    0    8  0.00   3  11   7:58pm  SW 29.96   81
28   75.7  88.1  12:38pm  69.3   3:13am    0   10  0.00   3  15   6:58pm   W 30.01   69
29   72.6  81.2   3:32pm  66.1   5:51am    0    7  0.00   2  11   4:26pm  SW 29.99   79
30   72.8  81.1   3:32pm  66.5   5:34am    0    8  0.00   2  11   6:38pm  SW 29.93   82
31   72.5  80.1  12:45pm  66.6   5:52am    0    8  0.00   2  12   1:59pm  SW 29.90   81
---------------------------------------------------------------------------------------
TOT  71.3  88.1  7/28/14  61.9  7/18/14    1  188  0.00   2  17  7/14/14  SW 29.95   81

HEAT BASE: 65.0
COOL BASE: 65.0