NOAA-Style Climate Reports

Select a Year or Month report
2021: Jan Feb Mar Apr May Jun Jul Aug Sep Oct Nov Dec
2020: Jan Feb Mar Apr May Jun Jul Aug Sep Oct Nov Dec
2019: Jan Feb Mar Apr May Jun Jul Aug Sep Oct Nov Dec
2018: Jan Feb Mar Apr May Jun Jul Aug Sep Oct Nov Dec
2017: Jan Feb Mar Apr May Jun Jul Aug Sep Oct Nov Dec
2016: Jan Feb Mar Apr May Jun Jul Aug Sep Oct Nov Dec
2015: Jan Feb Mar Apr May Jun Jul Aug Sep Oct Nov Dec
2014: Jan Feb Mar Apr May Jun Jul Aug Sep Oct Nov Dec
2013: Jan Feb Mar Apr May Jun Jul Aug Sep Oct Nov Dec
2012: Jan Feb Mar Apr May Jun Jul Aug Sep Oct Nov Dec
2011: Jan Feb Mar Apr May Jun Jul Aug Sep Oct Nov Dec
2010: Jan Feb Mar Apr May Jun Jul Aug Sep Oct Nov Dec
2009: Jan Feb Mar Apr May Jun Jul Aug Sep Oct Nov Dec
2008: Jan Feb Mar Apr May Jun Jul Aug Sep Oct Nov Dec
2007: Jan Feb Mar Apr May Jun Jul Aug Sep Oct Nov Dec
2006: Jan Feb Mar Apr May Jun Jul Aug Sep Oct Nov Dec
2005: Jan Feb Mar Apr May Jun Jul Aug Sep Oct Nov Dec
2004: Jan Feb Mar Apr May Jun Jul Aug Sep Oct Nov Dec

Report for 2014 November
                  MONTHLY CLIMATOLOGICAL SUMMARY FOR 11/2014
                                        HEAT  COOL        
     MEAN                               DEG   DEG       WIND SPEED       DOM MEAN  MEAN
DAY  TEMP  HIGH   TIME     LOW   TIME   DAYS  DAYS RAIN AVG  HI  TIME    DIR BAROM HUM
---------------------------------------------------------------------------------------
1    62.0  67.5  12:42pm  56.3  11:59pm    3    0  0.35   3  21   8:46am   W 29.93   79
2    59.6  68.4   1:34pm  52.8   6:30am    5    0  0.03   2  12  11:57am  SW 30.02   82
3    61.4  76.0   1:01pm  49.4   5:58am    6    3  0.01   2  16   1:13pm   W 30.10   68
4    63.3  78.7   1:07pm  50.2   4:25am    5    4  0.00   2  17   4:04pm WNW 30.12   58
5    66.2  84.8   3:49pm  49.0   5:20am    5    6  0.01   1  11   2:54pm WNW 30.05   52
6    69.2  89.6   1:36pm  52.5   6:07am    3    7  0.00   1  10  12:58pm   W 30.09   44
7    68.8  87.0  11:33am  52.8   6:17am    3    7  0.00   1  10   3:02pm   W 30.03   48
8    67.3  86.4  12:47pm  52.3   5:42am    3    5  0.01   1  10   1:57pm  SW 29.99   64
9    64.6  71.0   1:32pm  61.4   3:35am    1    1  0.00   1   9   1:54pm  SW 29.90   91
10   63.7  69.0  12:07pm  59.2   9:05pm    2    1  0.00   2  14  11:05am SSW 29.86   81
11   65.0  69.7   2:04pm  62.5   1:51am    1    1  0.00   2  12   1:13pm   W 29.92   74
12   63.3  69.3  12:10pm  56.0  11:23pm    2    1  0.00   1  13   2:47pm   W 29.98   79
13   62.4  69.3   1:36pm  54.7   2:09am    3    1  0.00   1  11   1:33pm  SW 30.03   83
14   63.6  70.3   1:39pm  58.2  11:41pm    2    1  0.01   2  12   2:15pm   S 30.00   91
15   62.6  69.9  11:06am  56.2   5:13am    3    1  0.01   2  13   1:17pm  SW 30.03   89
16   65.0  74.9   1:51pm  54.5   5:20am    3    3  0.01   5  27  11:42am  NE 30.11   35
17   62.7  75.9  11:20am  51.4  11:49pm    5    3  0.00   1  13   3:41pm WSW 30.10   36
18   59.2  75.3  10:35am  46.3   6:36am    8    2  0.00   1  10   1:08pm WSW 30.11   58
19   59.2  71.2  12:34pm  49.1   6:21am    7    1  0.00   1   9  11:44am SSW 30.11   76
20   59.9  69.8  12:29pm  50.0   5:59am    6    1  0.02   1  12  12:11pm   W 30.05   88
21
22   60.0  69.7  11:32am  50.5   6:30am    6    1  0.01   1  11   3:29pm   W 30.05   87
23   63.1  80.8   2:24pm  51.2  11:58pm    6    4  0.01   2  23  10:39am WNW 30.08   55
24   63.5  78.0   3:40pm  46.5   5:53am    6    4  0.00   2  17   4:30pm WNW 30.19   39
25   61.7  80.0   1:46pm  46.0   6:37am    6    3  0.00   1  11   2:00pm   S 30.30   41
26   60.9  79.3  12:09pm  46.6   6:09am    7    3  0.00   1   9   1:17pm WSW 30.17   60
27   63.3  85.7   1:15pm  48.2   5:40am    7    5  0.00   1   6  12:28pm WSW 30.05   60
28   60.9  75.5  11:14am  47.2   6:51am    6    3  0.00   1   8  12:18pm  SW 29.94   65
29   58.3  68.4  12:06pm  47.3   6:46am    7    0  0.00   2  13   5:41pm   E 29.88   81
30   63.7  67.7   9:15am  58.7  12:44am    1    0  0.08   3  16  11:01am SSE 29.99   87
---------------------------------------------------------------------------------------
TOT  62.9  89.6  11/6/14  46.0 11/25/14  128   70  0.56   2  27 11/16/14  SW 30.04   68

HEAT BASE: 65.0
COOL BASE: 65.0