NOAA-Style Climate Reports

Select a Year or Month report
2021: Jan Feb Mar Apr May Jun Jul Aug Sep Oct Nov Dec
2020: Jan Feb Mar Apr May Jun Jul Aug Sep Oct Nov Dec
2019: Jan Feb Mar Apr May Jun Jul Aug Sep Oct Nov Dec
2018: Jan Feb Mar Apr May Jun Jul Aug Sep Oct Nov Dec
2017: Jan Feb Mar Apr May Jun Jul Aug Sep Oct Nov Dec
2016: Jan Feb Mar Apr May Jun Jul Aug Sep Oct Nov Dec
2015: Jan Feb Mar Apr May Jun Jul Aug Sep Oct Nov Dec
2014: Jan Feb Mar Apr May Jun Jul Aug Sep Oct Nov Dec
2013: Jan Feb Mar Apr May Jun Jul Aug Sep Oct Nov Dec
2012: Jan Feb Mar Apr May Jun Jul Aug Sep Oct Nov Dec
2011: Jan Feb Mar Apr May Jun Jul Aug Sep Oct Nov Dec
2010: Jan Feb Mar Apr May Jun Jul Aug Sep Oct Nov Dec
2009: Jan Feb Mar Apr May Jun Jul Aug Sep Oct Nov Dec
2008: Jan Feb Mar Apr May Jun Jul Aug Sep Oct Nov Dec
2007: Jan Feb Mar Apr May Jun Jul Aug Sep Oct Nov Dec
2006: Jan Feb Mar Apr May Jun Jul Aug Sep Oct Nov Dec
2005: Jan Feb Mar Apr May Jun Jul Aug Sep Oct Nov Dec
2004: Jan Feb Mar Apr May Jun Jul Aug Sep Oct Nov Dec

Report for 2014 December
                  MONTHLY CLIMATOLOGICAL SUMMARY FOR 12/2014
                                        HEAT  COOL        
     MEAN                               DEG   DEG       WIND SPEED       DOM MEAN  MEAN
DAY  TEMP  HIGH   TIME     LOW   TIME   DAYS  DAYS RAIN AVG  HI  TIME    DIR BAROM HUM
---------------------------------------------------------------------------------------
1    62.1  70.9   1:31pm  55.2   6:31am    4    1  0.01   1   7   1:43pm WNW 30.08   90
2    59.8  64.1   7:01am  57.7   5:01pm    5    0  0.87   2  11   5:03pm  NE 29.94   95
3    64.2  66.3  11:49am  61.6   6:16am    1    0  0.77   2  10  12:01pm   S 29.94   99
4    63.5  69.1   2:22pm  57.1  11:59pm    2    1  0.01   1   9  10:26am WSW 29.99   93
5    60.3  69.0  12:23pm  54.4   6:40am    5    0  0.01   1   8   4:14pm WSW 30.09   93
6    61.8  70.3  11:24am  55.0   6:44am    4    1  0.01   1  10   1:19pm WSW 30.17   92
7    61.3  74.3   2:19pm  52.3   6:23am    5    1  0.02   1   8  12:06pm   W 30.13   89
8    62.4  74.8  12:28pm  54.5   6:18am    4    2  0.01   1  11   3:21pm  SW 30.06   85
9    60.6  71.4  12:50pm  51.5   4:48am    5    1  0.01   1  11   1:55pm WSW 30.04   89
10   59.6  67.1   2:30pm  52.3   4:00am    6    0  0.01   1   7  12:00pm   S 29.98   92
11   62.1  66.0  12:30pm  58.2   7:00am    3    0  0.01   2  16  10:00pm SSE 29.95   88
12   59.0  64.3   1:00am  52.5  11:55pm    6    0  2.15   3  25   4:30am  SW 29.96   90
13   55.5  64.7  12:49pm  48.7   7:02am    9    0  0.02   1  13   1:04pm  SW 30.10   82
14   54.6  65.2   1:22pm  45.6   5:53am   10    0  0.00   1   8   1:01pm WSW 30.09   84
15   54.9  64.2   2:10pm  45.6   6:43am   10    0  0.01   1   8   2:38pm SSW 30.03   86
16   58.0  63.4   2:59pm  53.9  10:45pm    7    0  0.01   2  15   1:35pm ENE 29.99   84
17   58.1  64.6  11:43am  50.2  11:57pm    7    0  0.14   2  19   2:16pm   W 30.04   83
18   55.6  64.1   2:07pm  47.8   6:35am    9    0  0.00   1  10  12:16pm  SW 30.16   84
19   56.5  66.9  11:25am  47.7   6:29am    8    0  0.01   1  11  12:36pm   W 30.19   85
20   56.8  63.5  11:04am  48.9   5:16am    8    0  0.01   0   8  12:22pm   W 30.16   90
21   58.7  67.4  12:50pm  51.3   6:52am    6    0  0.00   1   8  12:55pm WSW 30.09   91
22   58.5  72.6  12:21pm  49.2   6:34am    7    1  0.02   1   8   1:41pm SSW 30.01   90
23   61.2  74.8   2:33pm  52.7   7:46am    6    2  0.01   1   8   1:55pm WSW 30.03   88
24   60.3  71.8  11:20am  48.8   7:14am    6    1  0.01   1   8   9:47pm   S 29.98   77
25   58.3  67.2   1:33pm  46.3  11:26pm    6    0  0.01   2  15   2:24am WNW 29.84   55
26   56.0  64.6   2:54pm  47.2  12:00am    8    0  0.00   3  19   9:28pm NNE 30.06   28
27   55.8  64.8   1:25pm  45.0  11:26pm    9    0  0.00   3  22   9:33am  NE 30.28   32
28   49.8  62.3  12:18pm  39.1   6:35am   15    0  0.00   1  13   1:47pm   W 30.23   66
29   50.9  62.1   2:48pm  40.7   5:28am   14    0  0.00   1   9   3:54pm  SW 30.10   82
30   51.7  58.6   1:37pm  44.5   9:15pm   13    0  0.13   3  30  11:49pm  SW 29.95   77
31   48.4  56.6   2:40pm  39.9  10:39pm   16    0  0.00   5  31   1:18am  NE 30.01   40
---------------------------------------------------------------------------------------
TOT  57.9  74.8  12/8/14  39.1 12/28/14  223   12  4.27   1  31 12/31/14  SW 30.05   81

HEAT BASE: 65.0
COOL BASE: 65.0