NOAA-Style Climate Reports

Select a Year or Month report
2021: Jan Feb Mar Apr May Jun Jul Aug Sep Oct Nov Dec
2020: Jan Feb Mar Apr May Jun Jul Aug Sep Oct Nov Dec
2019: Jan Feb Mar Apr May Jun Jul Aug Sep Oct Nov Dec
2018: Jan Feb Mar Apr May Jun Jul Aug Sep Oct Nov Dec
2017: Jan Feb Mar Apr May Jun Jul Aug Sep Oct Nov Dec
2016: Jan Feb Mar Apr May Jun Jul Aug Sep Oct Nov Dec
2015: Jan Feb Mar Apr May Jun Jul Aug Sep Oct Nov Dec
2014: Jan Feb Mar Apr May Jun Jul Aug Sep Oct Nov Dec
2013: Jan Feb Mar Apr May Jun Jul Aug Sep Oct Nov Dec
2012: Jan Feb Mar Apr May Jun Jul Aug Sep Oct Nov Dec
2011: Jan Feb Mar Apr May Jun Jul Aug Sep Oct Nov Dec
2010: Jan Feb Mar Apr May Jun Jul Aug Sep Oct Nov Dec
2009: Jan Feb Mar Apr May Jun Jul Aug Sep Oct Nov Dec
2008: Jan Feb Mar Apr May Jun Jul Aug Sep Oct Nov Dec
2007: Jan Feb Mar Apr May Jun Jul Aug Sep Oct Nov Dec
2006: Jan Feb Mar Apr May Jun Jul Aug Sep Oct Nov Dec
2005: Jan Feb Mar Apr May Jun Jul Aug Sep Oct Nov Dec
2004: Jan Feb Mar Apr May Jun Jul Aug Sep Oct Nov Dec

Report for 2015 February
                  MONTHLY CLIMATOLOGICAL SUMMARY FOR 2/2015
                                        HEAT  COOL        
     MEAN                               DEG   DEG       WIND SPEED       DOM MEAN  MEAN
DAY  TEMP  HIGH   TIME     LOW   TIME   DAYS  DAYS RAIN AVG  HI  TIME    DIR BAROM HUM
---------------------------------------------------------------------------------------
1    59.4  72.3  12:30pm  51.0   6:54am    6    1  0.02   1  10   4:31am  SW 30.06   88
2    59.0  69.9   2:38pm  47.8   6:27am    7    1  0.01   1   9   3:26pm  SW 30.05   86
3    59.8  67.6  12:07pm  55.2   2:13am    5    0  0.01   1   9  12:49pm  SW 30.06   91
4    59.3  68.6  12:36pm  53.0  11:51pm    6    0  0.00   1  10   1:58pm  SW 30.09   89
5    58.0  71.6   1:29pm  50.3   4:59am    7    0  0.02   1  15   3:31pm  SW 30.05   93
6    60.7  70.9  12:45pm  53.3  11:54pm    5    1  0.00   1  10   1:25pm WSW 30.10   88
7    60.9  69.9   2:04pm  51.6   1:51am    4    1  0.01   1   9  12:54pm WSW 30.14   87
8    64.1  74.9  12:50pm  56.4   7:05am    3    2  0.00   1  15   1:27pm   W 30.11   87
9    62.4  70.5  11:48am  55.3  11:43pm    3    1  0.00   2  17   1:53pm WSW 30.09   89
10   59.6  71.9   1:52pm  49.6   6:28am    7    1  0.02   1   8   1:56pm  SW 29.96   86
11   68.5  87.1   1:16pm  49.9   6:45am    5    8  0.01   2  13  10:30am  SW 29.99   49
12   67.5  86.2   1:12pm  52.8   5:27am    4    6  0.00   2  12  12:40pm   S 30.05   42
13   66.6  85.3   1:19pm  50.5   6:17am    4    6  0.00   2  14   4:24pm   W 30.01   47
14   66.2  82.4   2:41pm  51.7   6:27am    4    5  0.00   1   9  12:56pm SSW 30.01   51
15   61.5  72.5  12:40pm  50.4   6:37am    5    2  0.00   1  10  11:26am  SW 29.96   73
16   59.7  65.6  11:51am  54.1   7:00am    5    0  0.00   2  11   1:00pm SSW 29.99   89
17   60.7  67.9   2:40pm  53.6  11:58pm    5    0  0.00   2  10   1:22pm  NE 30.08   82
18   59.9  67.5  12:59pm  51.3   2:32am    5    0  0.00   1  11   1:15pm  SW 30.11   88
19   60.4  68.7   2:17pm  55.8  12:43am    5    0  0.01   1  10   2:54pm  SW 30.07   87
20   60.6  66.5   1:14pm  57.1   9:17pm    4    0  0.00   2  11   1:49pm SSE 29.98   83
21   61.0  65.3  11:41am  57.7  12:00am    4    0  0.00   2  13   2:10pm   S 29.94   76
22   58.8  64.4  11:29am  55.4   8:13pm    6    0  0.26   2  15   3:48pm   S 29.87   83
23   57.3  64.9   1:29pm  50.5  11:59pm    7    0  0.28   3  17   4:06pm  SW 30.01   79
24   57.7  72.4   2:34pm  45.5   6:06am    8    1  0.00   2  18   3:42pm   W 30.18   68
25   58.3  67.9   2:07pm  47.4   6:31am    7    0  0.01   1  10   1:05pm SSW 30.11   81
26   56.9  65.6  11:11am  47.9   5:53am    8    0  0.01   2  14  12:58pm   S 29.91   87
27   58.9  66.0  12:08pm  51.5   2:41am    6    0  0.01   3  16  12:23pm ENE 29.81   84
28   59.0  63.7   3:13pm  54.8  11:36pm    5    0  0.00   4  16  10:24am WSW 29.84   72
---------------------------------------------------------------------------------------
TOT  60.8  86.2  2/12/15  45.5  2/24/15  150   37  0.68   2  18  2/24/15  SW 30.02   79

HEAT BASE: 65.0
COOL BASE: 65.0