NOAA-Style Climate Reports

Select a Year or Month report
2021: Jan Feb Mar Apr May Jun Jul Aug Sep Oct Nov Dec
2020: Jan Feb Mar Apr May Jun Jul Aug Sep Oct Nov Dec
2019: Jan Feb Mar Apr May Jun Jul Aug Sep Oct Nov Dec
2018: Jan Feb Mar Apr May Jun Jul Aug Sep Oct Nov Dec
2017: Jan Feb Mar Apr May Jun Jul Aug Sep Oct Nov Dec
2016: Jan Feb Mar Apr May Jun Jul Aug Sep Oct Nov Dec
2015: Jan Feb Mar Apr May Jun Jul Aug Sep Oct Nov Dec
2014: Jan Feb Mar Apr May Jun Jul Aug Sep Oct Nov Dec
2013: Jan Feb Mar Apr May Jun Jul Aug Sep Oct Nov Dec
2012: Jan Feb Mar Apr May Jun Jul Aug Sep Oct Nov Dec
2011: Jan Feb Mar Apr May Jun Jul Aug Sep Oct Nov Dec
2010: Jan Feb Mar Apr May Jun Jul Aug Sep Oct Nov Dec
2009: Jan Feb Mar Apr May Jun Jul Aug Sep Oct Nov Dec
2008: Jan Feb Mar Apr May Jun Jul Aug Sep Oct Nov Dec
2007: Jan Feb Mar Apr May Jun Jul Aug Sep Oct Nov Dec
2006: Jan Feb Mar Apr May Jun Jul Aug Sep Oct Nov Dec
2005: Jan Feb Mar Apr May Jun Jul Aug Sep Oct Nov Dec
2004: Jan Feb Mar Apr May Jun Jul Aug Sep Oct Nov Dec

Report for 2015 June
                  MONTHLY CLIMATOLOGICAL SUMMARY FOR 6/2015
                                        HEAT  COOL        
     MEAN                               DEG   DEG       WIND SPEED       DOM MEAN  MEAN
DAY  TEMP  HIGH   TIME     LOW   TIME   DAYS  DAYS RAIN AVG  HI  TIME    DIR BAROM HUM
---------------------------------------------------------------------------------------
1    65.5  71.0   2:11pm  61.6  12:10am    1    2  0.00   3  13   2:31pm  SW 29.98   78
2    64.0  70.0   3:19pm  57.7   4:25am    2    1  0.00   3  13  12:57pm  SW 29.97   86
3    64.6  70.6   2:10pm  61.5   6:56am    1    1  0.00   3  11   3:17pm SSE 29.92   82
4    63.3  67.7   3:54pm  60.8   7:11am    2    0  0.03   3  13  12:48pm   S 29.86   82
5    64.3  69.7   3:28pm  60.7  11:38pm    1    1  0.00   3  16  10:07am SSE 29.86   76
6    64.9  71.2   2:54pm  60.8  12:00am    1    1  0.00   3  16   2:32pm   W 29.90   79
7    65.8  73.1  12:38pm  60.4   2:43am    2    2  0.00   2  12   2:27pm  SW 29.86   82
8    67.9  78.5  11:44am  62.7  12:17am    1    4  0.00   2  14   5:30pm WNW 29.84   84
9    72.2  83.7   4:03pm  64.0   2:16am    0    7  0.00   3  19   9:47pm WNW 29.81   76
10   66.5  71.1  12:22pm  63.3  11:04pm    0    2  0.00   3  13  12:13am SSE 29.90   90
11   65.9  71.5   1:58pm  62.1   6:25am    1    2  0.02   2  11   1:26pm   S 29.87   88
12   65.1  68.5   3:42pm  63.5   6:34am    1    1  0.00   2  11  10:45pm  SW 29.83   90
13   65.2  68.8   3:31pm  62.4   6:24am    1    1  0.00   2  11   3:45pm   S 29.82   89
14   66.8  73.9   1:54pm  64.1  11:43pm    0    2  0.00   1  12   4:40pm  SW 29.80   87
15   66.6  73.5   1:38pm  63.3  11:54pm    0    2  0.00   2  13   2:09pm  SW 29.83   89
16   66.1  73.0   2:46pm  62.8   1:54am    1    2  0.00   3  12  10:30am   S 29.88   89
17   66.3  71.2   1:59pm  62.5   3:02am    1    2  0.00   2  12  12:52pm   S 29.90   87
18   67.0  72.2   1:02pm  62.0  11:54pm    1    2  0.00   2  13   2:03pm  SW 29.91   87
19   67.2  75.3   2:58pm  61.3   2:48am    1    3  0.00   2  11   3:31pm  SW 29.85   86
20   67.2  74.6   3:49pm  62.1   5:49am    1    2  0.01   3  13   1:06pm   S 29.83   88
---------------------------------------------------------------------------------------
TOT  66.1  83.7   6/9/15  57.7   6/2/15   18   40  0.06   2  19   6/9/15  SW 29.87   85

HEAT BASE: 65.0
COOL BASE: 65.0