NOAA-Style Climate Reports

Select a Year or Month report
2021: Jan Feb Mar Apr May Jun Jul Aug Sep Oct Nov Dec
2020: Jan Feb Mar Apr May Jun Jul Aug Sep Oct Nov Dec
2019: Jan Feb Mar Apr May Jun Jul Aug Sep Oct Nov Dec
2018: Jan Feb Mar Apr May Jun Jul Aug Sep Oct Nov Dec
2017: Jan Feb Mar Apr May Jun Jul Aug Sep Oct Nov Dec
2016: Jan Feb Mar Apr May Jun Jul Aug Sep Oct Nov Dec
2015: Jan Feb Mar Apr May Jun Jul Aug Sep Oct Nov Dec
2014: Jan Feb Mar Apr May Jun Jul Aug Sep Oct Nov Dec
2013: Jan Feb Mar Apr May Jun Jul Aug Sep Oct Nov Dec
2012: Jan Feb Mar Apr May Jun Jul Aug Sep Oct Nov Dec
2011: Jan Feb Mar Apr May Jun Jul Aug Sep Oct Nov Dec
2010: Jan Feb Mar Apr May Jun Jul Aug Sep Oct Nov Dec
2009: Jan Feb Mar Apr May Jun Jul Aug Sep Oct Nov Dec
2008: Jan Feb Mar Apr May Jun Jul Aug Sep Oct Nov Dec
2007: Jan Feb Mar Apr May Jun Jul Aug Sep Oct Nov Dec
2006: Jan Feb Mar Apr May Jun Jul Aug Sep Oct Nov Dec
2005: Jan Feb Mar Apr May Jun Jul Aug Sep Oct Nov Dec
2004: Jan Feb Mar Apr May Jun Jul Aug Sep Oct Nov Dec

Report for 2015 July
                  MONTHLY CLIMATOLOGICAL SUMMARY FOR 7/2015
                                        HEAT  COOL        
     MEAN                               DEG   DEG       WIND SPEED       DOM MEAN  MEAN
DAY  TEMP  HIGH   TIME     LOW   TIME   DAYS  DAYS RAIN AVG  HI  TIME    DIR BAROM HUM
---------------------------------------------------------------------------------------
1    71.1  79.3  11:28am  67.3   1:41am    0    6  0.00   2  11   3:12am  SW 29.90   87
2    70.8  78.1   2:25pm  66.3  11:32pm    0    5  0.00   2  12   3:59pm  SW 29.95   86
3    68.3  75.5   4:46pm  63.4   4:46am    0    3  0.00   2  13   4:47pm  SW 29.92   86
4    67.4  73.4  12:34pm  64.3   1:36am    0    2  0.00   2  13   6:19pm  SW 29.89   85
5    67.3  72.9   3:51pm  64.8  11:59pm    0    2  0.00   2  12   2:09pm  SW 29.97   84
6    67.0  73.2   4:13pm  63.6   1:48am    0    2  0.00   2  12   2:09pm  SW 30.01   85
7    66.3  72.2   4:33pm  63.5   2:45am    0    2  0.01   2  12   5:14pm  SW 29.95   90
8    68.1  72.6   3:28pm  64.3  12:06am    0    3  0.00   3  14  12:55pm   S 29.87   83
9    67.8  73.6   4:23pm  64.1   6:04am    0    3  0.00   2  12   2:00pm   W 29.89   80
10   68.0  74.9   1:53pm  61.2   5:45am    1    4  0.00   3  15   1:30pm   W 29.92   76
11   68.4  75.2   3:42pm  60.5   5:49am    1    4  0.00   2  14   2:49pm  SW 29.96   83
12
13   70.3  78.8   3:24pm  61.8   5:41am    0    5  0.01   3  13  12:06pm  SW 29.93   83
14   68.2  73.0  12:25pm  66.1   3:16am    0    2  0.00   2  12  12:14pm   S 29.90   80
15   69.4  74.8   2:41pm  66.1   3:16am    0    4  0.00   3  12  12:14pm   S 29.90   79
16   69.7  74.8   2:28pm  65.0  11:52pm    0    4  0.00   2  11   1:04pm  SW 29.92   79
17   69.7  77.1   2:50pm  64.9  12:04am    0    4  0.00   2  13   3:58pm  SW 29.86   82
18   69.4  82.5  11:19am  64.2   4:53am    0    4  0.24   1  14  12:49pm   S 29.92   88
19   75.2  84.0   3:08pm  69.0   4:57am    0   10  0.39   2  14  11:53am   S 29.98   88
20   73.8  78.8  12:02pm  69.8  11:07pm    0    8  0.00   2  14   2:50pm   S 29.98   91
21   72.6  78.9   2:38pm  69.3   7:01am    0    7  0.03   2  10   1:24pm  SW 29.91   91
22   73.7  80.0   2:30pm  68.9  11:59pm    0    9  0.00   2  15   4:04pm   W 29.87   84
23   73.0  79.9   2:19pm  68.9  12:00am    0    8  0.00   2  13   4:31pm WSW 29.95   83
24   73.4  81.3   4:10pm  68.2   4:24am    0    8  0.00   2  11   2:26pm  SW 30.02   85
25   74.3  82.4   3:26pm  67.9   6:58am    0    9  0.00   2  10   1:50pm  SW 29.97   81
26   71.4  76.9   2:30pm  66.3   5:30am    0    6  0.00   2  12   4:30pm  SW 29.91   85
27   70.3  74.2   3:34pm  66.4   5:44am    0    5  0.00   2  11  11:00am   S 29.90   80
28   70.9  76.2   1:04pm  65.2   6:02am    0    6  0.00   2  11   2:46pm  SW 29.88   83
29   72.1  77.4   2:19pm  68.5  12:00am    0    7  0.00   2  13   3:07pm  SW 29.93   84
30   73.1  79.3  12:18pm  68.3   5:09am    0    8  0.00   2  12   3:00pm   W 29.98   85
31   72.9  80.3   3:11pm  69.2   7:05am    0    8  0.00   2  11   4:29pm   S 29.99   85
---------------------------------------------------------------------------------------
TOT  70.4  84.0  7/19/15  60.5  7/11/15    3  158  0.68   2  16  7/14/15  SW 29.93   84

HEAT BASE: 65.0
COOL BASE: 65.0