NOAA-Style Climate Reports

Select a Year or Month report
2021: Jan Feb Mar Apr May Jun Jul Aug Sep Oct Nov Dec
2020: Jan Feb Mar Apr May Jun Jul Aug Sep Oct Nov Dec
2019: Jan Feb Mar Apr May Jun Jul Aug Sep Oct Nov Dec
2018: Jan Feb Mar Apr May Jun Jul Aug Sep Oct Nov Dec
2017: Jan Feb Mar Apr May Jun Jul Aug Sep Oct Nov Dec
2016: Jan Feb Mar Apr May Jun Jul Aug Sep Oct Nov Dec
2015: Jan Feb Mar Apr May Jun Jul Aug Sep Oct Nov Dec
2014: Jan Feb Mar Apr May Jun Jul Aug Sep Oct Nov Dec
2013: Jan Feb Mar Apr May Jun Jul Aug Sep Oct Nov Dec
2012: Jan Feb Mar Apr May Jun Jul Aug Sep Oct Nov Dec
2011: Jan Feb Mar Apr May Jun Jul Aug Sep Oct Nov Dec
2010: Jan Feb Mar Apr May Jun Jul Aug Sep Oct Nov Dec
2009: Jan Feb Mar Apr May Jun Jul Aug Sep Oct Nov Dec
2008: Jan Feb Mar Apr May Jun Jul Aug Sep Oct Nov Dec
2007: Jan Feb Mar Apr May Jun Jul Aug Sep Oct Nov Dec
2006: Jan Feb Mar Apr May Jun Jul Aug Sep Oct Nov Dec
2005: Jan Feb Mar Apr May Jun Jul Aug Sep Oct Nov Dec
2004: Jan Feb Mar Apr May Jun Jul Aug Sep Oct Nov Dec

Report for 2015 August
                  MONTHLY CLIMATOLOGICAL SUMMARY FOR 8/2015
                                        HEAT  COOL        
     MEAN                               DEG   DEG       WIND SPEED       DOM MEAN  MEAN
DAY  TEMP  HIGH   TIME     LOW   TIME   DAYS  DAYS RAIN AVG  HI  TIME    DIR BAROM HUM
---------------------------------------------------------------------------------------
1    71.9  77.3   3:25pm  68.1   6:54am    0    7  0.00   2  11   2:39pm  SW 29.94   84
2    71.7  78.1   1:42pm  67.6   3:04am    0    7  0.00   1  11   2:15pm  SW 29.88   86
3    72.0  78.3   4:14pm  67.1   1:59am    0    7  0.00   2  13   4:57pm  SW 29.88   84
4    73.8  83.8   5:04pm  65.0   6:00am    0    9  0.00   2  13   3:14pm   W 29.89   78
5    73.8  85.8   3:02pm  65.5   5:34am    0    9  0.00   2  12  11:47am  SW 29.89   76
6    71.1  79.4   2:46pm  65.9   5:59am    0    6  0.00   1  10   3:48pm  SW 29.86   87
7    70.5  75.5   4:27pm  67.4   7:15am    0    5  0.00   3  13  11:11am SSE 29.89   80
8    70.5  76.5   3:12pm  65.8  11:56pm    0    5  0.00   2  14   5:26pm  SW 29.93   73
9    68.9  75.4   3:10pm  63.9   2:54am    0    4  0.00   2  12   1:43pm   W 29.95   80
10   69.8  75.9   3:20pm  64.2  12:37am    0    5  0.00   2  12   2:42pm   W 29.93   77
11   69.1  76.0   2:47pm  61.8   4:32am    0    4  0.00   2  12   1:26pm  SW 29.91   82
12   71.7  82.8   3:51pm  61.3   6:31am    1    7  0.01   2  14   2:08pm WSW 29.94   80
13   74.8  85.6   3:30pm  65.9   6:23am    0    9  0.00   2  11   1:21pm  SW 29.91   76
14   76.5  89.4   3:38pm  65.6   5:31am    0   11  0.00   2  11   5:06pm WSW 29.89   73
15   75.9  86.2   5:02pm  66.9   6:00am    0   10  0.00   2  12   1:44pm  SW 29.86   77
16   75.6  86.8   2:38pm  66.6   5:45am    0   11  0.00   2  11  11:55am  SW 29.84   81
17   73.0  77.8   9:09am  69.9   5:58am    0    8  0.00   4  19   4:44pm SSE 29.89   86
18   71.9  77.2   3:01pm  68.0   3:37am    0    7  0.00   2  14   3:36pm   S 29.91   85
19   70.9  76.6   1:30pm  67.0   5:30am    0    6  0.00   2  14   2:30pm  SW 29.89   82
20   71.6  76.7   1:30pm  68.8  12:30am    0    7  0.00   2  12   4:00pm   S 29.86   80
21   71.5  76.8  12:44pm  69.0   4:30am    0    6  0.00   2  12   1:30pm SSE 29.87   81
22   72.3  77.7   2:00pm  68.5  11:50pm    0    7  0.00   2  13  12:15pm   W 29.89   81
23   71.3  78.1  12:40pm  66.1   2:32am    0    6  0.00   2  11   4:09pm   S 29.93   87
24   72.7  79.1   3:25pm  69.3   3:30am    0    7  0.00   2  11   2:36pm  SW 29.93   85
25   74.0  82.1   5:11pm  69.5   2:47am    0    9  0.00   2  14   2:09pm SSE 29.92   86
26   76.7  84.6   4:36pm  71.0   5:45am    0   11  0.00   2  11   3:33pm   S 29.93   80
27   76.8  87.8   3:33pm  67.8   6:37am    0   11  0.00   2   9  12:58pm   S 29.93   79
28   78.9  89.9  12:16pm  68.7   6:16am    0   12  0.00   1  11   2:40pm SSW 29.86   68
29   77.2  87.5   2:52pm  68.8   6:15am    0   11  0.00   1  12   3:39pm SSW 29.86   77
30   74.7  81.8   3:03pm  69.4  11:54pm    0    9  0.00   2  12   6:01pm  SW 29.86   86
31   71.9  76.0   4:22pm  69.2  12:30am    0    6  0.00   3  15  12:40pm   S 29.86   83
---------------------------------------------------------------------------------------
TOT  73.0  89.9  8/28/15  61.3  8/12/15    1  237  0.01   2  18  8/17/15  SW 29.90   81

HEAT BASE: 65.0
COOL BASE: 65.0