NOAA-Style Climate Reports

Select a Year or Month report
2021: Jan Feb Mar Apr May Jun Jul Aug Sep Oct Nov Dec
2020: Jan Feb Mar Apr May Jun Jul Aug Sep Oct Nov Dec
2019: Jan Feb Mar Apr May Jun Jul Aug Sep Oct Nov Dec
2018: Jan Feb Mar Apr May Jun Jul Aug Sep Oct Nov Dec
2017: Jan Feb Mar Apr May Jun Jul Aug Sep Oct Nov Dec
2016: Jan Feb Mar Apr May Jun Jul Aug Sep Oct Nov Dec
2015: Jan Feb Mar Apr May Jun Jul Aug Sep Oct Nov Dec
2014: Jan Feb Mar Apr May Jun Jul Aug Sep Oct Nov Dec
2013: Jan Feb Mar Apr May Jun Jul Aug Sep Oct Nov Dec
2012: Jan Feb Mar Apr May Jun Jul Aug Sep Oct Nov Dec
2011: Jan Feb Mar Apr May Jun Jul Aug Sep Oct Nov Dec
2010: Jan Feb Mar Apr May Jun Jul Aug Sep Oct Nov Dec
2009: Jan Feb Mar Apr May Jun Jul Aug Sep Oct Nov Dec
2008: Jan Feb Mar Apr May Jun Jul Aug Sep Oct Nov Dec
2007: Jan Feb Mar Apr May Jun Jul Aug Sep Oct Nov Dec
2006: Jan Feb Mar Apr May Jun Jul Aug Sep Oct Nov Dec
2005: Jan Feb Mar Apr May Jun Jul Aug Sep Oct Nov Dec
2004: Jan Feb Mar Apr May Jun Jul Aug Sep Oct Nov Dec

Report for 2015 September
                  MONTHLY CLIMATOLOGICAL SUMMARY FOR 9/2015
                                        HEAT  COOL        
     MEAN                               DEG   DEG       WIND SPEED       DOM MEAN  MEAN
DAY  TEMP  HIGH   TIME     LOW   TIME   DAYS  DAYS RAIN AVG  HI  TIME    DIR BAROM HUM
---------------------------------------------------------------------------------------
1    71.7  76.4   2:12pm  69.5  10:00pm    0    6  0.00   3  13   2:08pm   S 29.91   78
2    71.6  76.6   3:25pm  66.8  11:56pm    0    5  0.00   2  12   2:59pm SSW 29.93   77
3    69.6  75.2   2:07pm  65.1   2:53am    0    4  0.00   2  12   2:08pm   S 29.89   76
4    70.3  75.8   2:59pm  64.5  11:49pm    0    5  0.00   2  12   1:00pm SSE 29.86   72
5    70.1  77.5   2:16pm  62.5   4:45am    0    5  0.00   2  12   2:04pm  SW 29.89   80
6    71.9  83.6  12:35pm  61.7   6:43am    0    6  0.00   2  11   2:09pm WSW 29.89   80
7    76.8  87.6   3:56pm  67.3   6:24am    0   11  0.00   2  14   5:00pm  SW 29.85   72
8    79.2  92.3   2:36pm  69.8   6:22am    0   12  0.00   2  12   3:29pm  SW 29.81   71
9    81.7  94.5   3:15pm  72.9   6:03am    0   15  0.23   2  24   3:58pm SSW 29.79   67
10   81.7  92.4   1:56pm  74.4   5:41am    0   16  0.00   2  13   2:22am   S 29.83   68
11   79.6  87.8   2:13pm  72.2   6:49am    0   14  0.00   2  13  12:24pm   S 29.87   63
12   79.0  91.0   2:19pm  72.2   5:17am    0   14  0.00   1  14   4:10pm   S 29.89   65
13   76.9  85.4   3:19pm  70.6   6:44am    0   11  0.00   2  13   4:55pm  SW 29.82   77
14   74.5  81.8   1:02pm  69.0   3:35am    0    9  0.00   3  13   1:25pm   S 29.81   84
15   73.6  79.3   2:15pm  69.5  10:46pm    0    8  1.56   3  15   4:30pm   S 29.85   90
16   71.2  76.5  10:58am  68.0  11:30pm    0    5  0.00   2  13   1:41pm   W 29.95   77
17   70.8  79.2   2:15pm  63.4   6:26am    0    5  0.00   1  12   4:34pm WSW 29.92   80
18   71.8  82.5   1:47pm  60.9   6:46am    1    7  0.00   1  11   1:49pm WSW 29.82   77
19   73.5  83.2   1:36pm  64.5   6:19am    0    8  0.00   2  10  12:54pm   S 29.77   79
20   79.4  95.6   2:11pm  66.9   6:42am    0   14  0.00   2  13   3:30pm   W 29.77   69
21   74.0  79.2  11:04am  70.3   6:22am    0    8  0.00   3  22   9:49am SSE 29.78   86
22   73.0  80.0   2:15pm  68.1   5:39am    0    8  0.00   2  13  11:42am WSW 29.88   85
23   73.2  81.9  12:33pm  65.6   7:00am    0    8  0.00   1  11   1:11pm WSW 29.88   85
24   74.7  84.9   3:38pm  66.1   6:55am    0    9  0.01   1  11   4:39pm   S 29.85   85
25   76.1  87.4   2:31pm  66.5   6:01am    0   11  0.01   1  11   2:46pm  SW 29.84   81
26   74.6  82.7   1:38pm  69.7   3:07am    0    8  0.00   1  10   2:29pm  SW 29.80   88
27   74.1  81.6   3:00pm  68.8   7:00am    0    9  0.01   1  10   1:00pm  SW 29.79   88
28   73.5  82.1   2:51pm  67.6  11:15pm    0    8  0.01   1  13   1:52pm   W 29.85   87
29   71.7  81.2   3:57pm  62.4   6:53am    0    7  0.01   1  12   2:48pm  SW 29.87   83
30   72.5  81.8   3:24pm  63.3   5:39am    0    8  0.01   1   9   1:48pm  SW 29.82   84
---------------------------------------------------------------------------------------
TOT  74.5  95.5  9/20/15  60.9  9/18/15    2  264  1.85   2  24   9/9/15  SW 29.85   78

HEAT BASE: 65.0
COOL BASE: 65.0